Vremenska postaja Sladki Vrh

46.691233 N| 15.767722 E| 326 meters | Prikaži na zemljevidu

Vreme na kratko
18.8°C 82% 1007.9 mbar 0 km/h 0 km/h 0.5 mm
-1.0°C/h 2%/h -0.0 mbar/h N/A ( N/A) N/A ( N/A) 0.0 mm/h

02/07/20 23:15:00 CEST

Vremenska statistika za 02-2013

Vremenska postaja:LaCrosse WS-2355
Programska oprema:weewx v4.0.0
WeeWX aktiven:17 days, 4 hours, 26 minutes
Strežnik aktiven:17 days, 13 hours, 3 minutes
                   MONTHLY CLIMATOLOGICAL SUMMARY for Feb 2013


NAME: Zgornja Velka, Šentilj                  
ELEV: 326 meters    LAT: 46-41.47 N    LONG: 015-46.07 E


                   TEMPERATURE (°C), RAIN (mm), WIND SPEED (km/h)

                                         HEAT   COOL         AVG
      MEAN                               DEG    DEG          WIND                   DOM
DAY   TEMP   HIGH   TIME    LOW   TIME   DAYS   DAYS   RAIN  SPEED   HIGH   TIME    DIR
---------------------------------------------------------------------------------------
 01
 02
 03
 04
 05   -0.6    0.3  21:05   -1.2  23:30   18.9    0.0    0.0    0.0    0.0  21:00    N/A
 06    0.8    2.1  14:45   -1.2  00:45   17.6    0.0    5.7    0.0    0.0  00:05    N/A
 07    0.8   10.3  14:10   -2.7  00:00   17.6    0.0    0.5    0.0    0.0  00:05    N/A
 08   -0.6    4.9  12:35   -4.5  06:40   19.0    0.0    0.0    0.0    0.0  00:05    N/A
 09   -1.1    0.7  12:35   -2.4  02:35   19.4    0.0    0.0    0.0    0.0  00:05    N/A
 10   -1.0    5.2  13:35   -4.7  21:30   19.3    0.0    1.6    0.0    0.0  00:05    N/A
 11   -2.1    0.7  14:35   -4.7  06:00   20.4    0.0    0.0    0.0    0.0  00:05    N/A
 12   -0.8    0.8  14:40   -1.9  01:20   19.2    0.0    0.5    0.0    0.0  00:05    N/A
 13   -0.2    1.1  11:50   -0.9  02:40   18.5    0.0    1.0    0.0    0.0  00:05    N/A
 14    0.7    1.9  13:10   -0.1  00:05   17.6    0.0    3.1    0.0    0.0  00:05    N/A
 15    1.5    4.8  14:40   -0.1  06:45   16.9    0.0    3.6    0.0    0.0  00:05    N/A
 16    1.8    5.6  14:45    0.3  22:00   16.5    0.0    0.0    0.0    0.0  00:05    N/A
 17    1.7    6.3  14:35   -0.7  03:35   16.6    0.0    0.0    0.0    0.0  00:05    N/A
 18    1.7    4.8  14:40   -1.5  22:35   16.7    0.0    0.0    0.0    0.0  00:05    N/A
 19    1.8    8.1  12:40   -3.7  07:35   16.5    0.0    0.0    0.0    0.0  00:05    N/A
 20    0.2    2.8  15:00   -3.1  23:20   18.1    0.0    1.0    0.0    0.0  00:05    N/A
 21   -1.0    4.3  12:20   -4.7  07:05   19.3    0.0    0.0    0.0    0.0  00:05    N/A
 22   -2.1    0.1  15:25   -3.9  06:55   20.5    0.0    0.5    0.0    0.0  00:05    N/A
 23    0.4    6.7  12:40   -2.6  01:00   17.9    0.0    7.2    0.0    0.0  00:05    N/A
 24    1.3    2.2  13:15    0.1  00:05   17.1    0.0    8.8    0.0    0.0  00:05    N/A
 25    2.7    5.9  14:05    1.3  01:20   15.7    0.0    0.5    0.0    0.0  00:05    N/A
 26    2.4    3.5  13:40    1.2  03:05   15.9    0.0   23.8    0.0    3.2  03:45    324
 27    2.8    5.2  15:20    1.6  07:25   15.5    0.0    1.0    0.0    0.0  00:05    N/A
 28    3.6   11.6  14:50   -0.4  23:10   14.8    0.0    0.0    0.0    0.0  00:05    N/A
---------------------------------------------------------------------------------------
       0.6   11.6     28   -4.7     10  425.5    0.0   59.1    0.0    3.2     26    324
    
Tropske noči (Tmin >= 20): 0
Vroči dnevi (Tmax >= 30): 0
Topli dnevi (Tmax >= 25): 0
Hladni dnevi (Tmin < 0): 0
Ledeni dnevi (Tmax < 0): 19