Vremenska postaja Sladki Vrh

46.691233 N| 15.767722 E| 326 meters | Prikaži na zemljevidu

Vreme na kratko
18.9°C 83% 1008.0 mbar 0 km/h 0 km/h 0.0 mm
0.3°C/h 0%/h -0.0 mbar/h N/A ( N/A) N/A ( N/A) 0.0 mm/h

03/07/20 00:30:00 CEST

Vremenska statistika za 03-2013

Vremenska postaja:LaCrosse WS-2355
Programska oprema:weewx v4.0.0
WeeWX aktiven:17 days, 5 hours, 41 minutes
Strežnik aktiven:17 days, 14 hours, 18 minutes
                   MONTHLY CLIMATOLOGICAL SUMMARY for Mar 2013


NAME: Zgornja Velka, Šentilj                  
ELEV: 326 meters    LAT: 46-41.47 N    LONG: 015-46.07 E


                   TEMPERATURE (°C), RAIN (mm), WIND SPEED (km/h)

                                         HEAT   COOL         AVG
      MEAN                               DEG    DEG          WIND                   DOM
DAY   TEMP   HIGH   TIME    LOW   TIME   DAYS   DAYS   RAIN  SPEED   HIGH   TIME    DIR
---------------------------------------------------------------------------------------
 01    1.5    7.9  14:45   -1.9  05:20   16.8    0.0    0.0    0.0    0.0  00:05    N/A
 02    4.4   12.1  13:50   -1.3  00:00   14.0    0.0    0.0    0.0    0.0  00:05    N/A
 03    3.0   13.1  15:10   -3.8  06:45   15.3    0.0    0.0    0.0    0.0  00:05    N/A
 04    2.4   11.5  14:00   -4.1  06:55   15.9    0.0    0.0    0.0    0.0  00:05    N/A
 05    3.7   13.5  13:35   -3.5  06:50   14.7    0.0    0.0    0.1    9.7  15:35     35
 06    8.0   13.8  13:35    3.2  03:50   10.3    0.0    0.0    0.2   12.9  11:45    347
 07   12.4   20.4  14:05    6.8  00:50    5.9    0.0    0.0    0.4   12.9  15:15    331
 08   12.2   22.6  13:05    6.0  07:40    6.1    0.0    0.0    0.3   12.9  15:40    337
 09    9.4   16.2  12:35    3.9  04:55    9.0    0.0    1.0    0.0    1.6  14:10     36
 10    8.0    9.5  00:10    3.3  00:00   10.4    0.0    7.8    0.0    0.0  00:05    N/A
 11    7.3   17.6  14:35    1.5  06:05   11.1    0.0    0.0    0.0    0.0  00:05    N/A
 12    5.5    6.9  15:50    3.5  02:30   12.8    0.0    0.0    0.0    0.0  00:05    N/A
 13    5.3    7.8  14:50    2.9  01:50   13.0    0.0    5.7    0.0    0.0  00:05    N/A
 14    0.6    4.4  00:05   -1.1  17:40   17.8    0.0    2.1    0.0    0.0  00:05    N/A
 15    1.1    5.1  15:10   -2.5  00:00   17.3    0.0    1.0    0.0    0.0  00:05    N/A
 16    0.8    7.7  13:40   -5.4  06:40   17.6    0.0    0.0    0.0    4.8  13:50     79
 17    2.7    9.6  12:15   -3.9  04:50   15.7    0.0    0.0    0.1    9.7  13:45    356
 18    2.5    4.8  03:20    0.9  22:50   15.9    0.0   11.9    0.0    3.2  00:10    343
 19    6.1   17.2  14:00    0.8  01:20   12.2    0.0    2.1    0.2   12.9  02:40    328
 20    7.4   15.4  13:15   -0.6  06:00   11.0    0.0    0.0    0.0    0.0  00:05    N/A
 21    8.7   15.3  14:30    1.8  00:00    9.6    0.0    0.0    0.1    8.0  13:45    315
 22    5.2   14.4  15:10   -1.1  06:05   13.2    0.0    0.0    0.2    9.7  17:10     65
 23    0.9    2.5  12:20   -0.9  02:30   17.5    0.0    0.0    0.0    0.0  00:05    N/A
 24   -1.4    1.2  00:05   -3.3  00:00   19.7    0.0    0.0    0.0    0.0  00:05    N/A
 25   -2.6   -1.1  10:45   -3.6  00:55   20.9    0.0    0.0    0.0    0.0  00:05    N/A
 26   -1.8    0.1  11:45   -2.8  23:40   20.1    0.0    0.0    0.0    0.0  00:05    N/A
 27   -0.3    4.4  12:45   -4.2  05:50   18.7    0.0    6.7    0.0    0.0  00:05    N/A
 28    1.8   10.9  14:55   -6.4  06:10   16.6    0.0    2.6    0.0    3.2  14:00      7
 29    3.0    5.1  12:25    1.8  23:40   15.3    0.0    2.6    0.0    0.0  00:05    N/A
 30    3.6    6.2  13:25    1.8  00:05   14.7    0.0    9.3    0.0    0.0  00:05    N/A
 31    3.9    6.1  15:25    2.6  06:05   14.4    0.0    4.7    0.0    6.4  13:05    324
---------------------------------------------------------------------------------------
       4.0   22.6     08   -6.4     28  443.4    0.0   57.5    0.0   12.9     06    346
    
Tropske noči (Tmin >= 20): 0
Vroči dnevi (Tmax >= 30): 0
Topli dnevi (Tmax >= 25): 0
Hladni dnevi (Tmin < 0): 1
Ledeni dnevi (Tmax < 0): 17