Vremenska postaja Sladki Vrh

46.691233 N| 15.767722 E| 326 meters | Prikaži na zemljevidu

Vreme na kratko
18.4°C 83% 1008.0 mbar 0 km/h 0 km/h 0.5 mm
-0.7°C/h 2%/h 0.2 mbar/h N/A ( N/A) N/A ( N/A) 0.0 mm/h

02/07/20 23:45:00 CEST

Vremenska statistika za 04-2013

Vremenska postaja:LaCrosse WS-2355
Programska oprema:weewx v4.0.0
WeeWX aktiven:17 days, 4 hours, 56 minutes
Strežnik aktiven:17 days, 13 hours, 33 minutes
                   MONTHLY CLIMATOLOGICAL SUMMARY for Apr 2013


NAME: Zgornja Velka, Šentilj                  
ELEV: 326 meters    LAT: 46-41.47 N    LONG: 015-46.07 E


                   TEMPERATURE (°C), RAIN (mm), WIND SPEED (km/h)

                                         HEAT   COOL         AVG
      MEAN                               DEG    DEG          WIND                   DOM
DAY   TEMP   HIGH   TIME    LOW   TIME   DAYS   DAYS   RAIN  SPEED   HIGH   TIME    DIR
---------------------------------------------------------------------------------------
 01    2.6    4.5  16:55    0.8  09:05   15.8    0.0    1.0    0.0    6.4  16:05     74
 02    1.8    2.7  14:55    0.8  23:00   16.6    0.0    6.2    0.0    0.0  00:05    N/A
 03    2.3    3.6  14:05    0.8  02:00   16.0    0.0    5.7    0.0    0.0  00:05    N/A
 04    3.9    9.8  15:10   -0.1  05:25   14.4    0.0    0.0    0.0    0.0  00:05    N/A
 05    5.2    6.6  16:45    3.8  06:45   13.1    0.0    3.1    0.0    0.0  00:05    N/A
 06    5.8    7.1  16:45    4.9  08:45   12.6    0.0    1.0    0.0    9.7  00:35     25
 07    5.8    8.3  16:10    4.3  07:40   12.6    0.0    0.0    0.4    9.7  13:25     66
 08    7.4   12.9  14:05    1.5  07:05   10.9    0.0    0.0    0.2   11.3  15:25      4
 09    9.8   18.7  14:35    2.0  06:50    8.5    0.0    0.0    0.3   11.3  14:35    341
 10   11.1   18.8  12:30    6.1  00:00    7.2    0.0    2.1    0.1    8.0  00:05    356
 11   11.2   19.3  16:00    3.2  06:50    7.2    0.0    0.0    0.2    9.7  17:30    354
 12   14.1   22.2  12:30    9.2  22:45    4.2    0.0    2.1    1.4   29.0  13:10    333
 13   12.9   21.3  14:55    7.1  06:45    5.5    0.0    0.5    0.1   11.3  14:45    339
 14   13.9   22.9  16:50    4.9  06:25    4.4    0.0    0.0    0.0    0.0  00:05    N/A
 15   14.3   22.3  13:35    7.9  06:30    4.0    0.0    0.0    0.4   11.3  13:45     66
 16   14.5   22.5  16:00    7.1  06:35    3.9    0.0    0.0    0.2    9.7  13:05     24
 17   16.1   25.7  14:55    7.6  03:20    2.2    0.0    0.0    0.1    6.4  16:55    335
 18   18.6   28.4  15:15    9.9  06:35    0.0    0.3    0.0    0.0    4.8  16:20     76
 19   16.8   23.9  15:45   10.8  05:55    1.5    0.0    0.0    0.0    4.8  17:20    332
 20   14.6   20.3  15:45   10.1  05:05    3.7    0.0    0.0    0.0    3.2  18:15     52
 21   15.2   22.9  14:45    8.1  06:20    3.2    0.0    0.0    0.0    0.0  00:05    N/A
 22   15.8   22.4  14:55   11.2  06:50    2.5    0.0    1.0    0.1   14.5  17:10    331
 23   15.4   22.5  16:30   10.8  00:00    2.9    0.0    0.0    0.0    0.0  00:05    N/A
 24   16.8   27.1  16:15    6.9  06:25    1.5    0.0    0.0    0.1   11.3  17:05    348
 25   18.3   28.8  16:15    8.5  06:30    0.0    0.0    0.0    0.0    3.2  16:15    324
 26   20.5   30.7  15:10    9.9  06:15    0.0    2.2    0.0    0.7   17.7  20:40    328
 27   20.3   22.8  13:00   15.9  04:30    0.0    2.0    0.0    0.7   16.1  09:40    332
 28
 29
 30
---------------------------------------------------------------------------------------
      12.0   30.7     26   -0.1     04  174.4    4.5   22.8    0.2   29.0     12    349
    
Tropske noči (Tmin >= 20): 0
Vroči dnevi (Tmax >= 30): 1
Topli dnevi (Tmax >= 25): 5
Hladni dnevi (Tmin < 0): 0
Ledeni dnevi (Tmax < 0): 1