Vremenska postaja Sladki Vrh

46.691233 N| 15.767722 E| 326 meters | Prikaži na zemljevidu

Vreme na kratko
19.1°C 83% 1007.8 mbar 0 km/h 0 km/h 0.0 mm
0.7°C/h 0%/h -0.2 mbar/h N/A ( N/A) N/A ( N/A) 0.0 mm/h

03/07/20 00:45:00 CEST

Vremenska statistika za 05-2013

Vremenska postaja:LaCrosse WS-2355
Programska oprema:weewx v4.0.0
WeeWX aktiven:17 days, 5 hours, 56 minutes
Strežnik aktiven:17 days, 14 hours, 33 minutes
                   MONTHLY CLIMATOLOGICAL SUMMARY for May 2013


NAME: Zgornja Velka, Šentilj                  
ELEV: 326 meters    LAT: 46-41.47 N    LONG: 015-46.07 E


                   TEMPERATURE (°C), RAIN (mm), WIND SPEED (km/h)

                                         HEAT   COOL         AVG
      MEAN                               DEG    DEG          WIND                   DOM
DAY   TEMP   HIGH   TIME    LOW   TIME   DAYS   DAYS   RAIN  SPEED   HIGH   TIME    DIR
---------------------------------------------------------------------------------------
 01
 02
 03
 04   15.8   18.9  17:00   14.4  23:50    2.5    0.0    2.1    0.1    9.7  18:50    320
 05   14.0   15.7  16:05   12.8  08:05    4.3    0.0   16.1    0.0    0.0  00:05    N/A
 06   14.9   18.1  17:00   12.8  03:45    3.4    0.0   20.2    0.0    0.0  00:05    N/A
 07   17.1   22.7  15:50   14.4  00:00    1.2    0.0    5.7    0.0    0.0  00:05    N/A
 08   16.8   24.7  15:15   13.2  03:00    1.6    0.0    0.5    0.0    0.0  00:05    N/A
 09   18.8   26.4  15:55   12.2  06:20    0.0    0.4    0.0    0.0    0.0  00:05    N/A
 10   17.6   26.6  14:30   11.3  05:55    0.8    0.0    8.8    0.1    9.7  16:55    327
 11   13.7   14.9  00:05   12.8  08:50    4.6    0.0    1.6    0.0    0.0  00:05    N/A
 12   15.8   18.9  18:00   12.6  00:00    2.5    0.0    0.0    0.0    0.0  17:55    N/A
 13   15.1   22.2  15:00    7.8  06:05    3.3    0.0    0.0    0.0   12.9  13:20     76
 14   16.5   24.6  15:35    8.9  04:50    1.9    0.0    0.0    0.1    6.4  17:45     58
 15   18.4   26.6  15:25    9.4  05:45    0.0    0.0    0.0    0.4   22.5  14:30      6
 16   17.2   24.7  12:55   11.8  05:55    1.1    0.0    0.0    0.2   12.9  15:35    356
 17   15.5   19.9  11:45   12.7  00:00    2.8    0.0    5.2    0.1   11.3  12:45     75
 18   18.0   25.3  14:35   11.1  05:40    0.3    0.0    0.0    1.0   17.7  15:55    334
 19   19.0   27.9  14:35   11.3  05:50    0.0    0.7    0.0    0.8   12.9  14:35    330
 20   17.8   24.6  15:15   11.8  03:50    0.5    0.0    0.0    0.8   14.5  10:20    331
 21   17.5   24.3  14:45   10.4  06:00    0.9    0.0    0.0    0.2    9.7  18:45    358
 22   15.9   22.6  16:00    9.5  05:20    2.5    0.0    0.0    0.0    9.7  13:15      5
 23   13.9   18.1  15:45   10.7  07:00    4.4    0.0    0.0    0.1   16.1  14:40     73
 24   12.1   15.7  11:30    9.5  00:00    6.2    0.0    1.0    0.0    4.8  09:55     66
 25   10.6   15.8  14:50    8.3  05:25    7.7    0.0    1.6    0.0    0.0  00:05    N/A
 26   12.2   18.3  12:30    8.9  04:30    6.1    0.0    2.6    0.1    9.7  17:30    327
 27   13.4   18.1  13:40    9.6  05:50    4.9    0.0    0.0    0.0    3.2  15:00     72
 28   16.4   24.0  15:00   11.2  03:50    1.9    0.0    0.0    0.4   16.1  16:55    340
 29   17.2   25.4  14:30   10.5  05:35    1.2    0.0    0.0    0.4   12.9  14:55    334
 30   11.9   14.3  00:05    9.3  22:50    6.4    0.0   21.2    0.0    0.0  00:05    N/A
 31   11.0   13.5  16:25    8.9  05:35    7.3    0.0    5.7    0.0    0.0  00:05    N/A
---------------------------------------------------------------------------------------
      15.5   27.9     19    7.8     13   80.5    1.2   92.2    0.2   22.5     15    342
    
Tropske noči (Tmin >= 20): 0
Vroči dnevi (Tmax >= 30): 0
Topli dnevi (Tmax >= 25): 6
Hladni dnevi (Tmin < 0): 0
Ledeni dnevi (Tmax < 0): 0