Vremenska postaja Sladki Vrh

46.691233 N| 15.767722 E| 326 meters | Prikaži na zemljevidu

Vreme na kratko
18.5°C 83% 1008.0 mbar 0 km/h 0 km/h 0.0 mm
-0.4°C/h 1%/h 0.1 mbar/h N/A ( N/A) N/A ( N/A) 0.0 mm/h

03/07/20 00:05:00 CEST

Vremenska statistika za 06-2013

Vremenska postaja:LaCrosse WS-2355
Programska oprema:weewx v4.0.0
WeeWX aktiven:17 days, 5 hours, 14 minutes
Strežnik aktiven:17 days, 13 hours, 52 minutes
                   MONTHLY CLIMATOLOGICAL SUMMARY for Jun 2013


NAME: Zgornja Velka, Šentilj                  
ELEV: 326 meters    LAT: 46-41.47 N    LONG: 015-46.07 E


                   TEMPERATURE (°C), RAIN (mm), WIND SPEED (km/h)

                                         HEAT   COOL         AVG
      MEAN                               DEG    DEG          WIND                   DOM
DAY   TEMP   HIGH   TIME    LOW   TIME   DAYS   DAYS   RAIN  SPEED   HIGH   TIME    DIR
---------------------------------------------------------------------------------------
 01   13.0   16.9  13:50    9.5  04:45    5.3    0.0    0.0    0.0    0.0  00:05    N/A
 02   14.0   17.8  13:10   11.1  06:30    4.3    0.0    1.6    0.0    0.0  00:05    N/A
 03   15.4   21.9  14:15    9.8  05:50    2.9    0.0    0.0    0.0    0.0  00:05    N/A
 04   14.9   19.1  17:00   12.7  04:40    3.5    0.0    0.0    0.0    0.0  00:05    N/A
 05   16.5   23.0  13:50   13.0  06:15    1.8    0.0    1.0    0.0    0.0  00:05    N/A
 06   17.2   24.3  13:55   11.4  05:05    1.1    0.0    0.0    0.0   11.3  16:25     72
 07   18.6   27.4  15:15   13.2  05:50    0.0    0.3    6.7    0.0    0.0  00:05    N/A
 08   20.1   29.4  15:00   12.8  05:30    0.0    1.8    0.0    0.0    0.0  00:05    N/A
 09   21.9   30.9  15:00   13.8  05:20    0.0    3.6    0.0    0.4   14.5  22:10    327
 10   20.2   26.9  14:15   15.8  03:00    0.0    1.9    0.0    0.1    6.4  11:35    355
 11   17.0   22.1  15:45   13.3  23:45    1.4    0.0    6.7    0.0    0.0  00:05    N/A
 12   18.4   26.6  15:40   10.4  05:15    0.0    0.0    0.0    0.0    3.2  10:55     19
 13   19.9   29.0  15:40   11.3  05:40    0.0    1.6    0.0    0.0    0.0  00:05    N/A
 14   21.2   29.6  14:25   13.0  05:30    0.0    2.9    0.0    0.1   11.3  17:45     42
 15   22.7   31.1  15:20   14.9  05:15    0.0    4.4    0.0    0.0    8.0  15:40     14
 16   24.3   31.3  15:35   18.9  05:05    0.0    6.0    0.0    0.0    3.2  14:35    324
 17   25.9   34.1  15:20   18.6  05:30    0.0    7.6    0.0    0.1   12.9  14:50     54
 18   26.9   35.4  15:20   19.9  05:10    0.0    8.6    0.0    0.0    3.2  13:45     63
 19   27.8   36.1  15:25   20.4  05:40    0.0    9.5    0.0    0.0    3.2  16:30     15
 20   28.1   36.1  13:35   20.9  05:35    0.0    9.8    0.0    0.0    3.2  12:35    344
 21   27.3   35.2  14:40   20.4  01:45    0.0    9.0    0.0    0.2   11.3  16:10    336
 22   24.6   32.3  15:40   17.1  05:25    0.0    6.3    0.0    0.0    8.0  14:15     55
 23   24.1   32.4  15:10   19.2  04:55    0.0    5.7    0.0    0.0    3.2  19:50     71
 24   15.4   20.9  00:05   13.0  23:45    3.0    0.0   17.1    0.0    3.2  17:15    324
 25   16.8   22.5  13:20   12.6  05:00    1.6    0.0    0.0    0.0    0.0  00:05    N/A
 26   17.0   23.8  13:40   10.8  05:45    1.3    0.0    0.0    0.0    0.0  00:05    N/A
 27   16.4   23.1  15:10   10.2  05:35    2.0    0.0    0.0    0.0    1.6  12:15     72
 28   16.2   23.5  14:40    9.5  04:35    2.1    0.0    0.0    0.0    0.0  00:05    N/A
 29   18.1   25.2  13:05   10.9  05:40    0.2    0.0    0.0    0.0    0.0  00:05    N/A
 30   19.1   26.3  14:30   14.2  01:05    0.0    0.8    0.0    0.0    6.4  11:55    333
---------------------------------------------------------------------------------------
      20.0   36.1     19    9.5     28   30.4   79.5   33.2    0.0   14.5     09    350
    
Tropske noči (Tmin >= 20): 3
Vroči dnevi (Tmax >= 30): 10
Topli dnevi (Tmax >= 25): 18
Hladni dnevi (Tmin < 0): 0
Ledeni dnevi (Tmax < 0): 0