Vremenska postaja Sladki Vrh

46.691233 N| 15.767722 E| 326 meters | Prikaži na zemljevidu

Vreme na kratko
19.3°C 81% 1007.8 mbar 0 km/h 0 km/h 0.0 mm
0.9°C/h -2%/h -0.2 mbar/h N/A ( N/A) N/A ( N/A) 0.0 mm/h

03/07/20 01:00:00 CEST

Vremenska statistika za 07-2013

Vremenska postaja:LaCrosse WS-2355
Programska oprema:weewx v4.0.0
WeeWX aktiven:17 days, 6 hours, 13 minutes
Strežnik aktiven:17 days, 14 hours, 51 minutes
                   MONTHLY CLIMATOLOGICAL SUMMARY for Jul 2013


NAME: Zgornja Velka, Šentilj                  
ELEV: 326 meters    LAT: 46-41.47 N    LONG: 015-46.07 E


                   TEMPERATURE (°C), RAIN (mm), WIND SPEED (km/h)

                                         HEAT   COOL         AVG
      MEAN                               DEG    DEG          WIND                   DOM
DAY   TEMP   HIGH   TIME    LOW   TIME   DAYS   DAYS   RAIN  SPEED   HIGH   TIME    DIR
---------------------------------------------------------------------------------------
 01   19.0   27.5  15:15   10.4  05:45    0.0    0.6    0.0    0.0    6.4  10:50     46
 02   21.3   30.3  15:15   13.3  05:25    0.0    3.0    0.0    0.0    8.0  15:25     24
 03   21.0   29.9  15:05   14.4  05:40    0.0    2.7    7.8    0.2   14.5  15:25     12
 04   22.6   30.8  15:40   15.9  05:30    0.0    4.2    0.0    0.0    0.0  00:05    N/A
 05   22.0   29.8  13:30   15.5  05:50    0.0    3.7    0.5    0.0    0.0  00:05    N/A
 06   21.9   27.3  16:40   16.4  06:15    0.0    3.6    0.5    0.0    0.0  00:05    N/A
 07   22.7   29.6  16:05   18.2  05:40    0.0    4.4   14.5    0.0    0.0  00:05    N/A
 08   23.4   30.6  15:15   17.5  05:55    0.0    5.1    0.0    0.0    0.0  00:05    N/A
 09   23.1   30.2  16:05   16.1  05:35    0.0    4.7    0.0    0.0    0.0  00:05    N/A
 10   23.3   31.3  13:40   16.8  05:25    0.0    5.0    0.0    0.0    0.0  00:05    N/A
 11   20.4   26.5  15:55   17.2  06:05    0.0    2.0    0.5    0.0    0.0  00:05    N/A
 12   19.7   26.9  15:55   12.9  05:30    0.0    1.4    0.0    0.0    0.0  00:05    N/A
 13   20.8   28.4  15:15   14.9  03:25    0.0    2.5    3.1    0.0    0.0  00:05    N/A
 14   20.8   29.3  15:35   14.3  05:30    0.0    2.4    0.0    0.0    0.0  00:05    N/A
 15   21.1   29.6  14:30   14.9  03:35    0.0    2.7    0.0    0.0    0.0  00:05    N/A
 16   21.2   28.9  15:10   13.9  05:45    0.0    2.8    0.0    0.0    0.0  00:05    N/A
 17   21.9   31.1  15:00   13.8  05:45    0.0    3.6    0.0    0.0    0.0  00:05    N/A
 18   22.8   31.6  15:55   14.6  05:45    0.0    4.4    0.0    0.0    0.0  00:05    N/A
 19   23.6   32.9  15:00   15.5  05:50    0.0    5.2    0.0    0.0    0.0  00:05    N/A
 20   24.6   33.4  15:10   16.8  06:10    0.0    6.3    0.0    0.0    0.0  00:05    N/A
 21   24.4   31.2  15:50   18.2  00:00    0.0    6.0    0.0    0.0    0.0  00:05    N/A
 22   23.0   32.2  16:15   14.3  05:40    0.0    4.6    0.0    0.0    0.0  00:05    N/A
 23   24.7   34.5  15:40   15.5  05:55    0.0    6.3    0.0    0.0    0.0  00:05    N/A
 24   23.7   32.8  16:15   17.6  05:35    0.0    5.4    0.0    0.0    0.0  00:05    N/A
 25   24.3   33.1  16:20   17.9  05:10    0.0    6.0    0.0    0.0    0.0  00:05    N/A
 26   26.4   35.1  15:15   18.1  06:05    0.0    8.1    0.0    0.0    0.0  00:05    N/A
 27   28.0   37.2  15:35   19.9  05:50    0.0    9.6    0.0    0.0    0.0  00:05    N/A
 28   29.0   38.4  15:25   20.6  06:10    0.0   10.7    0.0    0.0    0.0  00:05    N/A
 29   29.3   39.8  13:05   21.3  05:25    0.0   10.9    0.0    1.0   22.5  18:10    325
 30   24.7   31.3  16:20   18.6  00:00    0.0    6.4    0.0    0.1    8.0  12:35    340
 31   23.1   31.2  16:10   14.9  05:15    0.0    4.7    0.0    0.0    0.0  00:05    N/A
---------------------------------------------------------------------------------------
      23.2   39.8     29   10.4     01    0.0  149.4   26.9    0.0   22.5     29    335
    
Tropske noči (Tmin >= 20): 2
Vroči dnevi (Tmax >= 30): 20
Topli dnevi (Tmax >= 25): 31
Hladni dnevi (Tmin < 0): 0
Ledeni dnevi (Tmax < 0): 0