Vremenska postaja Sladki Vrh

46.691233 N| 15.767722 E| 326 meters | Prikaži na zemljevidu

Vreme na kratko
18.8°C 84% 1008.0 mbar 0 km/h 0 km/h 0.0 mm
-0.0°C/h 2%/h 0.1 mbar/h N/A ( N/A) N/A ( N/A) 0.0 mm/h

03/07/20 00:15:00 CEST

Vremenska statistika za 08-2013

Vremenska postaja:LaCrosse WS-2355
Programska oprema:weewx v4.0.0
WeeWX aktiven:17 days, 5 hours, 28 minutes
Strežnik aktiven:17 days, 14 hours, 5 minutes
                   MONTHLY CLIMATOLOGICAL SUMMARY for Aug 2013


NAME: Zgornja Velka, Šentilj                  
ELEV: 326 meters    LAT: 46-41.47 N    LONG: 015-46.07 E


                   TEMPERATURE (°C), RAIN (mm), WIND SPEED (km/h)

                                         HEAT   COOL         AVG
      MEAN                               DEG    DEG          WIND                   DOM
DAY   TEMP   HIGH   TIME    LOW   TIME   DAYS   DAYS   RAIN  SPEED   HIGH   TIME    DIR
---------------------------------------------------------------------------------------
 01   24.3   33.3  15:50   15.9  05:55    0.0    6.0    0.0    0.0    3.2  12:50     52
 02   26.5   36.9  15:30   16.8  06:00    0.0    8.2    0.0    0.1    9.7  14:05      6
 03   27.7   38.3  15:25   18.4  06:00    0.0    9.4    0.0    0.0    4.8  14:25     51
 04   28.5   37.5  15:00   20.3  05:45    0.0   10.2    0.0    0.1    6.4  14:10     19
 05   26.7   35.1  15:50   18.9  06:00    0.0    8.3    0.0    0.1   11.3  16:45     38
 06   28.5   37.7  15:50   20.2  06:15    0.0   10.2    0.0    0.1    6.4  17:35     35
 07   28.6   37.0  16:05   20.1  06:05    0.0   10.2    0.0    0.1   12.9  15:05     51
 08   29.3   40.3  14:40   19.9  06:30    0.0   11.0    0.0    0.0    4.8  13:50    324
 09   27.0   36.0  15:10   20.6  00:00    0.0    8.7    0.5    0.3    9.7  13:25    325
 10   21.7   29.5  15:10   16.8  00:00    0.0    3.3    4.2    0.0    0.0  00:05    N/A
 11   22.0   31.2  14:50   13.5  06:20    0.0    3.7    0.0    0.0    4.8  13:05     58
 12   23.8   35.2  11:25   16.5  06:15    0.0    5.5    0.0    0.2   11.3  12:35     30
 13   22.2   32.8  14:45   16.5  04:35    0.0    3.8   10.9    0.1   11.3  11:40     59
 14   17.4   18.6  00:10   15.8  00:00    1.0    0.0    3.6    0.0    0.0  00:05    N/A
 15   19.4   27.8  15:50   12.8  06:15    0.0    1.0    0.0    0.0    0.0  00:05    N/A
 16   19.7   29.3  15:40   11.8  06:15    0.0    1.4    0.0    0.0    0.0  00:05    N/A
 17   21.6   31.9  16:10   12.5  06:20    0.0    3.2    0.0    0.0    0.0  00:05    N/A
 18   23.8   33.9  15:50   14.9  06:20    0.0    5.5    0.0    0.0    0.0  00:05    N/A
 19   24.1   33.8  16:25   16.1  06:30    0.0    5.7    0.0    0.0    0.0  00:05    N/A
 20   20.5   22.6  15:15   18.3  08:20    0.0    2.1    0.0    0.0    0.0  00:05    N/A
 21
 22
 23
 24
 25   16.8   17.1  21:40   16.7  22:15    1.5    0.0    0.0    0.0    0.0  21:40    N/A
 26   18.4   23.2  15:15   15.6  07:35    0.0    0.1    2.1    0.0    0.0  00:05    N/A
 27   19.0   24.5  16:25   16.2  07:30    0.0    0.7    7.3    0.0    0.0  00:05    N/A
 28   17.2   20.6  13:35   15.6  23:25    1.2    0.0    9.3    0.0    0.0  00:05    N/A
 29   18.4   26.2  14:10   13.2  05:05    0.0    0.1    0.0    0.0    0.0  00:05    N/A
 30   18.2   28.2  15:00   11.3  06:25    0.2    0.0    0.0    0.0    0.0  00:05    N/A
 31   19.0   29.1  14:45   11.1  06:40    0.0    0.7    0.0    0.0    0.0  00:05    N/A
---------------------------------------------------------------------------------------
      22.8   40.3     08   11.1     31    3.8  118.9   37.8    0.0   12.9     07     14
    
Tropske noči (Tmin >= 20): 4
Vroči dnevi (Tmax >= 30): 15
Topli dnevi (Tmax >= 25): 21
Hladni dnevi (Tmin < 0): 0
Ledeni dnevi (Tmax < 0): 0