Vremenska postaja Sladki Vrh

46.691233 N| 15.767722 E| 326 meters | Prikaži na zemljevidu

Vreme na kratko
19.4°C 80% 1007.8 mbar 0 km/h 0 km/h 0.0 mm
0.6°C/h -4%/h -0.2 mbar/h N/A ( N/A) N/A ( N/A) 0.0 mm/h

03/07/20 01:15:00 CEST

Vremenska statistika za 09-2013

Vremenska postaja:LaCrosse WS-2355
Programska oprema:weewx v4.0.0
WeeWX aktiven:17 days, 6 hours, 26 minutes
Strežnik aktiven:17 days, 15 hours, 4 minutes
                   MONTHLY CLIMATOLOGICAL SUMMARY for Sep 2013


NAME: Zgornja Velka, Šentilj                  
ELEV: 326 meters    LAT: 46-41.47 N    LONG: 015-46.07 E


                   TEMPERATURE (°C), RAIN (mm), WIND SPEED (km/h)

                                         HEAT   COOL         AVG
      MEAN                               DEG    DEG          WIND                   DOM
DAY   TEMP   HIGH   TIME    LOW   TIME   DAYS   DAYS   RAIN  SPEED   HIGH   TIME    DIR
---------------------------------------------------------------------------------------
 01   17.4   27.2  14:35   13.8  03:20    0.9    0.0    3.6    0.0    0.0  00:05    N/A
 02   17.5   24.3  16:25   12.6  06:55    0.9    0.0    0.0    0.1    9.7  13:25    325
 03   20.9   30.4  13:45   13.5  06:40    0.0    2.6    0.0    0.0    3.2  17:30    316
 04   21.2   27.8  16:25   16.7  07:10    0.0    2.8    0.0    0.0    8.0  11:00    343
 05   20.5   27.3  14:35   16.0  06:45    0.0    2.1    0.0    0.0    6.4  16:15    309
 06   20.5   28.9  17:45   14.5  06:45    0.0    2.1    0.0    0.1    6.4  15:25     21
 07   18.6   26.9  16:05   14.1  06:20    0.0    0.3    0.0    0.0    3.2  15:40     57
 08   19.6   28.5  14:55   12.6  06:45    0.0    1.3    0.0    0.2   16.1  16:05     18
 09   16.5   18.1  00:05   15.4  08:30    1.9    0.0   13.0    0.0    0.0  00:05    N/A
 10   17.9   23.1  17:15   14.9  05:05    0.5    0.0    1.6    0.0    0.0  00:05    N/A
 11   13.9   17.0  00:15   11.6  06:55    4.4    0.0   15.0    0.0    0.0  00:05    N/A
 12   14.7   20.9  17:15   10.8  06:30    3.6    0.0    0.5    0.0    0.0  00:05    N/A
 13   14.7   22.3  16:10    9.1  06:15    3.7    0.0    0.0    0.0    0.0  00:05    N/A
 14   16.9   27.5  16:05   10.4  06:50    1.4    0.0    0.0    0.0    0.0  00:05    N/A
 15   16.8   25.1  15:45   11.1  06:45    1.5    0.0    0.0    0.0    0.0  00:05    N/A
 16   18.1   26.2  13:45   11.9  06:10    0.2    0.0    0.0    0.0    6.4  23:10     72
 17   12.4   17.3  00:20    7.9  00:00    6.0    0.0   16.1    0.0    8.0  03:30     53
 18   11.8   17.6  13:20    6.6  04:40    6.5    0.0    0.0    0.0    0.0  00:05    N/A
 19   14.9   21.7  16:00   10.8  00:00    3.5    0.0    0.5    0.0    1.6  15:35     68
 20   14.6   24.4  15:40    7.3  06:40    3.7    0.0    0.5    0.1   78.9  18:50    305
 21   15.1   23.1  16:50   10.9  23:00    3.2    0.0    0.0    0.0    0.0  00:05    N/A
 22   15.5   24.2  15:15   10.5  07:15    2.9    0.0    0.0    0.0    0.0  00:05    N/A
 23   16.1   27.7  15:05    8.5  07:20    2.2    0.0    0.0    0.0    0.0  00:05    N/A
 24   16.3   26.3  15:20    6.1  06:50    2.0    0.0    0.0    0.0    0.0  00:05    N/A
 25   16.1   23.5  15:20   10.6  06:15    2.2    0.0    0.0    0.0    0.0  00:05    N/A
 26   16.5   25.3  14:00   10.9  07:25    1.8    0.0    0.5    0.0    0.0  00:05    N/A
 27   12.3   15.2  00:05   10.6  00:00    6.0    0.0    1.6    0.0    4.8  02:30     54
 28   11.6   13.1  15:15   10.4  01:35    6.7    0.0    0.0    0.0    0.0  00:05    N/A
 29   10.6   11.8  00:05    8.4  00:00    7.8    0.0   10.9    0.0    1.6  19:25     66
 30    8.6    9.3  00:00    8.3  00:35    9.8    0.0   13.0    0.0    0.0  00:05    N/A
---------------------------------------------------------------------------------------
      15.9   30.4     03    6.1     24   83.3   11.3   76.7    0.0   78.9     20    355
    
Tropske noči (Tmin >= 20): 0
Vroči dnevi (Tmax >= 30): 1
Topli dnevi (Tmax >= 25): 13
Hladni dnevi (Tmin < 0): 0
Ledeni dnevi (Tmax < 0): 0