Vremenska postaja Sladki Vrh

46.691233 N| 15.767722 E| 326 meters | Prikaži na zemljevidu

Vreme na kratko
18.6°C 83% 1008.0 mbar 0 km/h 0 km/h 0.5 mm
-0.9°C/h 3%/h 0.1 mbar/h N/A ( N/A) N/A ( N/A) 0.0 mm/h

02/07/20 23:30:00 CEST

Vremenska statistika za 10-2013

Vremenska postaja:LaCrosse WS-2355
Programska oprema:weewx v4.0.0
WeeWX aktiven:17 days, 4 hours, 41 minutes
Strežnik aktiven:17 days, 13 hours, 18 minutes
                   MONTHLY CLIMATOLOGICAL SUMMARY for Oct 2013


NAME: Zgornja Velka, Šentilj                  
ELEV: 326 meters    LAT: 46-41.47 N    LONG: 015-46.07 E


                   TEMPERATURE (°C), RAIN (mm), WIND SPEED (km/h)

                                         HEAT   COOL         AVG
      MEAN                               DEG    DEG          WIND                   DOM
DAY   TEMP   HIGH   TIME    LOW   TIME   DAYS   DAYS   RAIN  SPEED   HIGH   TIME    DIR
---------------------------------------------------------------------------------------
 01   12.5   19.3  14:00    8.7  07:55    5.8    0.0    0.5    0.0    0.0  00:05    N/A
 02   10.9   33.4  16:20    5.8  07:45    7.4    0.0    0.5    0.1    9.7  17:45     66
 03    7.5   13.9  13:15    2.4  07:30   10.8    0.0    0.0    0.0    4.8  16:10     53
 04    7.8   16.1  15:35    1.6  08:00   10.6    0.0    0.0    0.2   11.3  15:35    337
 05    5.8   11.1  15:55    1.7  06:35   12.5    0.0    0.0    0.0    0.0  00:05    N/A
 06   10.0   12.3  14:45    7.9  04:30    8.4    0.0    1.6    0.0    0.0  00:05    N/A
 07   12.8   19.4  14:25   10.8  22:05    5.6    0.0    0.5    0.0    0.0  00:05    N/A
 08   14.4   22.1  14:25   10.5  07:05    3.9    0.0    0.0    0.0    0.0  00:05    N/A
 09   13.4   16.6  15:45   10.4  06:25    4.9    0.0    0.0    0.0    0.0  00:05    N/A
 10   14.4   20.9  14:00   11.6  06:15    4.0    0.0    0.0    0.1   11.3  14:20    350
 11   13.4   16.0  16:15   10.4  23:45    4.9    0.0   16.6    0.0    9.7  08:25     48
 12   11.3   13.4  13:50   10.1  07:55    7.1    0.0    2.1    0.0    0.0  00:05    N/A
 13   12.7   21.8  14:35    8.5  07:55    5.6    0.0    0.0    0.0    0.0  00:05    N/A
 14   11.8   19.4  14:35    7.7  08:05    6.5    0.0    0.0    0.0    0.0  00:05    N/A
 15   12.3   22.9  14:35    7.2  07:15    6.1    0.0    0.0    0.0    0.0  00:05    N/A
 16   11.5   18.4  14:10    5.8  23:55    6.8    0.0    4.1    0.0    0.0  00:05    N/A
 17    9.9   22.1  14:35    2.9  08:00    8.5    0.0    0.0    0.0    0.0  00:05    N/A
 18   11.2   23.9  14:35    3.8  07:50    7.2    0.0    0.0    0.0    0.0  00:05    N/A
 19   10.9   20.4  14:10    5.2  08:00    7.4    0.0    0.0    0.0    0.0  00:05    N/A
 20   13.0   24.9  14:15    5.5  07:50    5.3    0.0    0.0    0.0    4.8  23:15    325
 21   16.5   25.7  13:45   11.4  08:10    1.8    0.0    0.0    0.0    3.2  00:15    302
 22   15.3   24.2  14:50    8.7  07:45    3.1    0.0    0.0    0.0    0.0  00:05    N/A
 23   17.4   28.4  13:40    9.2  07:45    0.9    0.0    0.0    0.5   12.9  16:40    323
 24   17.3   20.0  12:55   13.5  00:00    1.0    0.0    0.0    0.0    8.0  04:15    288
 25   13.8   20.9  14:45   10.9  00:00    4.5    0.0    0.0    0.0    0.0  00:05    N/A
 26   14.7   26.6  14:20    9.3  07:35    3.6    0.0    0.0    0.0    0.0  00:05    N/A
 27   12.7   20.8  13:40    7.9  06:40    5.6    0.0    1.6    0.0    0.0  00:05    N/A
 28   16.5   25.5  13:25   10.9  05:35    1.8    0.0    0.0    0.1   17.7  13:55    320
 29   13.5   20.1  13:20    9.5  06:30    4.9    0.0    2.6    0.0    0.0  00:05    N/A
 30   11.4   13.2  15:10    8.8  20:50    6.9    0.0    2.1    0.0    3.2  03:05      7
 31   11.1   16.9  13:40    8.8  04:30    7.2    0.0    0.0    0.0    0.0  00:05    N/A
---------------------------------------------------------------------------------------
      12.5   33.4     02    1.6     04  180.7    0.0   32.1    0.0   17.7     28    331
    
Tropske noči (Tmin >= 20): 0
Vroči dnevi (Tmax >= 30): 1
Topli dnevi (Tmax >= 25): 5
Hladni dnevi (Tmin < 0): 0
Ledeni dnevi (Tmax < 0): 0