Vremenska postaja Sladki Vrh

46.691233 N| 15.767722 E| 326 meters | Prikaži na zemljevidu

Vreme na kratko
18.9°C 83% 1008.0 mbar 0 km/h 0 km/h 0.0 mm
0.3°C/h 0%/h -0.0 mbar/h N/A ( N/A) N/A ( N/A) 0.0 mm/h

03/07/20 00:30:00 CEST

Vremenska statistika za 11-2013

Vremenska postaja:LaCrosse WS-2355
Programska oprema:weewx v4.0.0
WeeWX aktiven:17 days, 5 hours, 41 minutes
Strežnik aktiven:17 days, 14 hours, 18 minutes
                   MONTHLY CLIMATOLOGICAL SUMMARY for Nov 2013


NAME: Zgornja Velka, Šentilj                  
ELEV: 326 meters    LAT: 46-41.47 N    LONG: 015-46.07 E


                   TEMPERATURE (°C), RAIN (mm), WIND SPEED (km/h)

                                         HEAT   COOL         AVG
      MEAN                               DEG    DEG          WIND                   DOM
DAY   TEMP   HIGH   TIME    LOW   TIME   DAYS   DAYS   RAIN  SPEED   HIGH   TIME    DIR
---------------------------------------------------------------------------------------
 01   11.0   19.9  13:25    6.2  06:30    7.3    0.0    0.0    0.0    0.0  00:05    N/A
 02   10.0   15.6  14:40    4.9  07:05    8.3    0.0    0.0    0.0   22.5  15:35    351
 03   10.6   18.3  14:15    7.2  05:40    7.7    0.0    4.2    0.3   20.9  14:05    325
 04   10.2   12.1  20:30    8.5  00:55    8.2    0.0    0.0    0.2   12.9  15:25    329
 05    8.8   10.4  13:15    6.1  23:50    9.5    0.0    0.0    0.0    0.0  00:05    N/A
 06    6.4    8.4  14:20    4.8  06:50   11.9    0.0    0.0    0.0    0.0  00:05    N/A
 07    8.9   18.7  13:25    4.8  07:25    9.4    0.0    0.0    0.0    0.0  00:05    N/A
 08   10.0   19.3  13:20    4.3  07:15    8.4    0.0    0.0    0.0    0.0  00:05    N/A
 09   11.2   17.3  09:55    7.1  00:00    7.1    0.0    5.2    0.5   16.1  09:55    323
 10    7.9   11.0  13:20    4.7  05:40   10.4    0.0   29.5    0.0    4.8  13:15    324
 11    7.5    9.2  13:50    6.1  06:10   10.8    0.0    1.6    0.1    9.7  10:05    327
 12    7.5    9.2  13:20    5.8  04:05   10.9    0.0    0.0    0.0    0.0  00:05    N/A
 13    7.7    7.9  00:05    7.2  21:55   10.7    0.0    1.6    0.0    0.0  00:05    N/A
 14    6.8    8.4  13:20    5.6  05:05   11.6    0.0    0.5    0.0    0.0  00:05    N/A
 15    5.7    6.5  23:55    4.8  04:05   12.6    0.0    2.6    0.0    0.0  00:05    N/A
 16    7.2   14.2  13:25    3.5  00:00   11.1    0.0    0.0    0.0    0.0  00:05    N/A
 17    5.4   13.4  13:35    1.6  05:45   12.9    0.0    0.0    0.0    0.0  00:05    N/A
 18    4.9    7.1  16:05    2.7  08:35   13.4    0.0    0.0    0.0    0.0  00:05    N/A
 19    6.2    6.8  15:40    5.3  07:30   12.2    0.0    5.7    0.0    0.0  00:05    N/A
 20    6.6    7.2  16:00    5.9  19:05   11.8    0.0    6.2    0.0    0.0  00:05    N/A
 21    7.0    9.3  12:35    4.0  23:25   11.3    0.0    0.0    0.0    0.0  00:05    N/A
 22    5.0    5.8  13:00    4.2  06:15   13.3    0.0    8.8    0.0    0.0  00:05    N/A
 23    7.2    8.4  14:50    5.4  02:15   11.1    0.0   19.7    0.0    4.8  13:10     38
 24    6.4    7.1  00:05    5.6  00:00   11.9    0.0   11.4    0.0    0.0  00:05    N/A
 25    2.7    5.6  00:05    0.9  00:00   15.7    0.0    0.0    0.2    9.7  13:40    327
 26    1.2    4.8  13:45   -1.7  07:10   17.1    0.0    0.0    0.2   11.3  22:45     19
 27    0.5    4.4  14:05   -3.6  23:55   17.8    0.0    0.0    0.0    6.4  01:25    339
 28   -1.2    7.2  13:10   -5.3  07:40   19.6    0.0    0.0    0.0    0.0  00:05    N/A
 29    0.7   10.5  13:05   -4.2  07:20   17.6    0.0    0.0    0.0    6.4  14:10     49
 30    2.1    6.2  12:50   -0.8  03:15   16.2    0.0    0.0    0.0    0.0  00:05    N/A
---------------------------------------------------------------------------------------
       6.4   19.9     01   -5.3     28  357.7    0.0   96.9    0.1   22.5     02    331
    
Tropske noči (Tmin >= 20): 0
Vroči dnevi (Tmax >= 30): 0
Topli dnevi (Tmax >= 25): 0
Hladni dnevi (Tmin < 0): 0
Ledeni dnevi (Tmax < 0): 5