Vremenska postaja Sladki Vrh

46.691233 N| 15.767722 E| 326 meters | Prikaži na zemljevidu

Vreme na kratko
18.4°C 83% 1008.0 mbar 0 km/h 0 km/h 0.5 mm
-0.7°C/h 2%/h 0.2 mbar/h N/A ( N/A) N/A ( N/A) 0.0 mm/h

02/07/20 23:45:00 CEST

Vremenska statistika za 12-2013

Vremenska postaja:LaCrosse WS-2355
Programska oprema:weewx v4.0.0
WeeWX aktiven:17 days, 4 hours, 56 minutes
Strežnik aktiven:17 days, 13 hours, 33 minutes
                   MONTHLY CLIMATOLOGICAL SUMMARY for Dec 2013


NAME: Zgornja Velka, Šentilj                  
ELEV: 326 meters    LAT: 46-41.47 N    LONG: 015-46.07 E


                   TEMPERATURE (°C), RAIN (mm), WIND SPEED (km/h)

                                         HEAT   COOL         AVG
      MEAN                               DEG    DEG          WIND                   DOM
DAY   TEMP   HIGH   TIME    LOW   TIME   DAYS   DAYS   RAIN  SPEED   HIGH   TIME    DIR
---------------------------------------------------------------------------------------
 01    0.8   10.8  13:05   -2.4  23:35   17.5    0.0    0.0    0.1  178.6  16:55    327
 02   -0.1    9.6  13:10   -3.5  06:05   18.4    0.0    0.0    0.0    0.0  00:05    N/A
 03   -0.7    7.3  12:45   -3.6  06:05   19.1    0.0    0.0    0.0    0.0  00:05    N/A
 04   -2.1    3.9  13:10   -4.3  08:05   20.4    0.0    0.0    0.0    0.0  00:05    N/A
 05    0.0    5.5  14:40   -4.2  05:15   18.3    0.0    0.0    0.0    9.7  14:15     21
 06    2.2    9.6  12:50   -1.6  08:40   16.1    0.0    0.0    0.1   11.3  14:45    327
 07    1.5    9.8  12:45   -2.2  05:15   16.8    0.0    0.0    0.1   11.3  09:55    353
 08   -0.0    4.7  13:50   -2.6  23:20   18.3    0.0    0.0    0.0    0.0  00:05    N/A
 09    0.4    2.8  13:05   -2.4  00:05   17.9    0.0    0.0    0.0    0.0  00:05    N/A
 10    5.3    9.8  14:40    0.9  00:05   13.1    0.0    0.0    0.0    0.0  00:05    N/A
 11    2.8    5.9  00:05    1.6  09:10   15.5    0.0    0.0    0.0    0.0  00:05    N/A
 12    2.3    5.0  14:00   -0.4  19:45   16.1    0.0    0.0    0.0    0.0  00:05    N/A
 13    0.8    1.6  02:05    0.1  23:55   17.6    0.0    0.0    0.0    0.0  00:05    N/A
 14   -0.1    0.2  18:25   -0.6  10:10   18.4    0.0    0.0    0.0    0.0  00:05    N/A
 15   -0.2    0.6  13:20   -1.1  23:10   18.6    0.0    0.0    0.0    0.0  00:05    N/A
 16   -1.0    1.0  14:35   -2.5  08:25   19.3    0.0    0.0    0.0    0.0  00:05    N/A
 17   -2.2   -1.6  13:20   -3.0  07:45   20.6    0.0    0.0    0.0    0.0  00:05    N/A
 18   -2.5   -2.1  02:30   -2.9  00:00   20.8    0.0    0.0    0.0    0.0  00:05    N/A
 19   -2.2    0.9  12:55   -3.9  04:45   20.6    0.0    0.0    0.0    0.0  00:05    N/A
 20   -0.9    0.9  21:05   -2.5  03:00   19.2    0.0    0.0    0.0    0.0  00:05    N/A
 21    0.7    2.2  14:40   -0.7  23:45   17.7    0.0    0.0    0.0    0.0  00:05    N/A
 22   -0.4    1.3  19:30   -1.6  08:25   18.7    0.0    0.0    0.0    0.0  00:05    N/A
 23    0.3    2.5  14:50   -1.1  08:25   18.1    0.0    0.0    0.0    0.0  00:05    N/A
 24    4.8   13.4  12:55   -1.5  08:30   13.5    0.0    0.0    0.5   17.7  21:40    328
 25   11.0   12.2  16:00    9.4  00:25    7.3    0.0    0.0    1.6   17.7  07:30    322
 26    8.0   11.1  00:05    6.9  18:50   10.3    0.0    2.1    0.0    6.4  00:05    288
 27    7.2    8.8  14:50    3.9  23:45   11.2    0.0    8.3    0.0    0.0  00:05    N/A
 28    3.1    4.7  14:05    1.3  22:55   15.3    0.0    0.0    0.0    0.0  00:05    N/A
 29    5.0    6.8  15:25    1.8  00:40   13.3    0.0    7.3    0.0    0.0  00:05    N/A
 30    4.9    7.1  14:50    3.5  07:00   13.4    0.0    0.0    0.0    0.0  00:05    N/A
 31    4.4    4.9  14:00    3.9  22:55   14.0    0.0    0.5    0.0    0.0  00:05    N/A
---------------------------------------------------------------------------------------
       1.7   13.4     24   -4.3     04  515.6    0.0   18.1    0.1  178.6     01    325
    
Tropske noči (Tmin >= 20): 0
Vroči dnevi (Tmax >= 30): 0
Topli dnevi (Tmax >= 25): 0
Hladni dnevi (Tmin < 0): 2
Ledeni dnevi (Tmax < 0): 21