Vremenska postaja Sladki Vrh

46.691233 N| 15.767722 E| 326 meters | Prikaži na zemljevidu

Vreme na kratko
19.4°C 80% 1007.8 mbar 0 km/h 0 km/h 0.0 mm
0.6°C/h -4%/h -0.2 mbar/h N/A ( N/A) N/A ( N/A) 0.0 mm/h

03/07/20 01:15:00 CEST

Vremenska statistika za 2013

Vremenska postaja:LaCrosse WS-2355
Programska oprema:weewx v4.0.0
WeeWX aktiven:17 days, 6 hours, 26 minutes
Strežnik aktiven:17 days, 15 hours, 4 minutes
                     CLIMATOLOGICAL SUMMARY for year 2013


NAME: Zgornja Velka, Šentilj                  
ELEV: 326 meters    LAT: 46-41.47 N    LONG: 015-46.07 E


                                       TEMPERATURE (°C)

                              HEAT    COOL                             Tropske Vroci  Topli  Hladni  Ledeni
          MEAN   MEAN         DEG     DEG                                >=     >=     >=      <       < 
 YR  MO   MAX    MIN    MEAN  DAYS    DAYS      HI  DAY     LOW  DAY     20     30     25      0       0
---------------------------------------------------------------------------------------------------------
2013 01
2013 02    4.2   -1.7    0.6  425.5    0.0    11.6   28    -4.7   10      0      0      0     20      0
2013 03    9.8   -0.3    4.0  443.4    0.0    22.6   08    -6.4   28      0      0      0     17      2
2013 04   18.5    6.4   12.0  174.4    4.5    30.7   26    -0.1   04      0      1      5      1      0
2013 05   21.2   11.0   15.5   80.5    1.2    27.9   19     7.8   13      0      0      6      0      0
2013 06   27.1   14.1   20.0   30.4   79.5    36.1   19     9.5   28      3     10     18      0      0
2013 07   31.4   16.1   23.2    0.0  149.4    39.8   29    10.4   01      2     20     31      0      0
2013 08   30.7   16.2   22.8    3.8  118.9    40.3   08    11.1   31      4     15     21      0      0
2013 09   22.7   11.2   15.9   83.3   11.3    30.4   03     6.1   24      0      1     13      0      0
2013 10   20.3    8.0   12.5  180.7    0.0    33.4   02     1.6   04      0      1      5      0      0
2013 11   10.3    3.7    6.4  357.7    0.0    19.9   01    -5.3   28      0      0      0      5      0
2013 12    5.2   -0.5    1.7  515.6    0.0    13.4   24    -4.3   04      0      0      0     22      2
------------------------------------------------------------------------------------------------
          18.4    7.7   12.3 2295.3  364.9    40.3  Aug    -6.4  Mar      9     48     99     65      4


                  PRECIPITATION (mm)

                  MAX         ---DAYS OF RAIN---
                  OBS.               OVER
 YR  MO  TOTAL    DAY  DATE   0.20   2.00  20.00
------------------------------------------------
2013 01
2013 02   59.1   23.8    26     14      6      1
2013 03   57.5   11.9    18     12     10      0
2013 04   22.8    6.2    02      9      5      0
2013 05   92.2   21.2    30     13      9      2
2013 06   33.2   17.1    24      5      3      0
2013 07   26.9   14.5    07      6      3      0
2013 08   37.8   10.9    13      7      6      0
2013 09   76.7   16.1    17     12      6      0
2013 10   32.1   16.6    11     10      5      0
2013 11   96.9   29.5    10     12      9      1
2013 12   18.1    8.3    27      4      3      0
------------------------------------------------
         553.2   29.5   Nov    104     65      4


           WIND SPEED (km/h)

                                DOM
 YR  MO    AVG     HI   DATE    DIR
-----------------------------------
2013 01
2013 02    0.0    3.2     26    324 
2013 03    0.0   12.9     06    346 
2013 04    0.2   29.0     12    349 
2013 05    0.2   22.5     15    342 
2013 06    0.0   14.5     09    350 
2013 07    0.0   22.5     29    335 
2013 08    0.0   12.9     07     14 
2013 09    0.0   78.9     20    355 
2013 10    0.0   17.7     28    331 
2013 11    0.1   22.5     02    331 
2013 12    0.1  178.6     01    325 
-----------------------------------
           0.1  178.6    Dec    342