Vremenska postaja Sladki Vrh

46.691233 N| 15.767722 E| 326 meters | Prikaži na zemljevidu

Vreme na kratko
19.1°C 83% 1007.8 mbar 0 km/h 0 km/h 0.0 mm
0.7°C/h 0%/h -0.2 mbar/h N/A ( N/A) N/A ( N/A) 0.0 mm/h

03/07/20 00:45:00 CEST

Vremenska statistika za 01-2014

Vremenska postaja:LaCrosse WS-2355
Programska oprema:weewx v4.0.0
WeeWX aktiven:17 days, 5 hours, 56 minutes
Strežnik aktiven:17 days, 14 hours, 33 minutes
                   MONTHLY CLIMATOLOGICAL SUMMARY for Jan 2014


NAME: Zgornja Velka, Šentilj                  
ELEV: 326 meters    LAT: 46-41.47 N    LONG: 015-46.07 E


                   TEMPERATURE (°C), RAIN (mm), WIND SPEED (km/h)

                                         HEAT   COOL         AVG
      MEAN                               DEG    DEG          WIND                   DOM
DAY   TEMP   HIGH   TIME    LOW   TIME   DAYS   DAYS   RAIN  SPEED   HIGH   TIME    DIR
---------------------------------------------------------------------------------------
 01    3.9    5.5  14:15    1.6  07:30   14.4    0.0    0.0    0.0    0.0  00:05    N/A
 02    3.9    8.8  12:15   -0.4  06:15   14.5    0.0    0.0    0.1    6.4  09:30    305
 03    3.5   12.0  13:00   -0.1  06:55   14.8    0.0    0.0    0.0    0.0  00:05    N/A
 04    3.8   10.9  23:50   -0.2  06:20   14.5    0.0    0.0    0.0    3.2  23:00     75
 05    8.1   11.3  02:15    6.1  07:05   10.2    0.0    7.8    0.0    6.4  00:20    352
 06    6.4   13.2  13:05    1.6  00:00   11.9    0.0    0.0    0.0    4.8  14:35     42
 07    2.4    6.1  15:05    0.5  04:05   15.9    0.0    0.0    0.0    0.0  00:05    N/A
 08    1.8    2.9  14:35    0.7  07:20   16.6    0.0    0.5    0.0    0.0  00:05    N/A
 09    1.5    3.2  15:35   -0.3  08:45   16.8    0.0    0.0    0.0    0.0  00:05    N/A
 10    2.9    6.9  12:45    0.7  07:20   15.4    0.0    0.0    0.0    1.6  08:50    324
 11    4.6    6.4  14:05    2.9  23:40   13.8    0.0    0.0    0.0    0.0  00:05    N/A
 12    2.4    9.0  13:30   -0.4  23:45   15.9    0.0    0.0    0.0    0.0  00:05    N/A
 13    0.8    8.2  13:30   -1.8  08:20   17.5    0.0    0.0    0.0    0.0  00:05    N/A
 14    3.1    5.8  14:15    0.7  02:10   15.2    0.0    0.0    0.0    0.0  00:05    N/A
 15    5.5    7.2  14:00    4.3  00:00   12.9    0.0    0.5    0.0    0.0  00:05    N/A
 16    4.5    9.2  13:25    2.6  08:35   13.9    0.0    0.0    0.0    0.0  00:05    N/A
 17    8.9   10.8  14:40    4.9  01:20    9.5    0.0    0.0    0.5   14.5  08:40    318
 18    9.3   13.3  13:00    5.3  08:15    9.0    0.0    0.0    0.2   12.9  14:30    305
 19    7.9   11.8  00:05    5.9  06:55   10.5    0.0    1.6    0.0    0.0  00:05    N/A
 20    8.1   10.5  13:50    6.4  21:35   10.2    0.0    1.6    0.0    0.0  00:05    N/A
 21    7.4   10.6  13:00    4.3  20:20   10.9    0.0    0.0    0.0    0.0  00:05    N/A
 22    4.4    5.3  13:55    3.4  07:00   13.9    0.0    0.0    0.0    0.0  00:05    N/A
 23    3.0    4.1  00:05    1.8  23:45   15.4    0.0    0.5    0.0    6.4  11:55     77
 24    0.7    1.9  08:15   -0.2  19:45   17.7    0.0    3.6    0.0    0.0  00:05    N/A
 25   -1.0    4.9  12:45   -5.2  00:00   19.4    0.0    6.2    0.0    0.0  00:05    N/A
 26   -5.8   -3.7  15:50   -7.9  05:00   24.1    0.0    0.0    0.0    0.0  00:05    N/A
 27   -4.4   -2.9  13:40   -5.7  00:30   22.8    0.0    0.0    0.0    0.0  00:05    N/A
 28   -2.3   -0.7  14:25   -3.8  00:40   20.6    0.0    0.0    0.0    0.0  00:05    N/A
 29   -2.1   -0.2  14:45   -3.0  07:45   20.4    0.0    0.0    0.0    0.0  00:05    N/A
 30   -2.9   -1.2  22:30   -5.0  02:35   21.3    0.0    0.0    0.0    0.0  00:05    N/A
 31   -1.2   -0.4  13:40   -2.4  23:15   19.5    0.0    0.0    0.0    0.0  00:05    N/A
---------------------------------------------------------------------------------------
       2.9   13.3     18   -7.9     26  479.2    0.0   22.3    0.0   14.5     17    316
    
Tropske noči (Tmin >= 20): 0
Vroči dnevi (Tmax >= 30): 0
Topli dnevi (Tmax >= 25): 0
Hladni dnevi (Tmin < 0): 6
Ledeni dnevi (Tmax < 0): 14