Vremenska postaja Sladki Vrh

46.691233 N| 15.767722 E| 326 meters | Prikaži na zemljevidu

Vreme na kratko
18.4°C 83% 1008.0 mbar 0 km/h 0 km/h 0.5 mm
-0.7°C/h 2%/h 0.2 mbar/h N/A ( N/A) N/A ( N/A) 0.0 mm/h

02/07/20 23:45:00 CEST

Vremenska statistika za 02-2014

Vremenska postaja:LaCrosse WS-2355
Programska oprema:weewx v4.0.0
WeeWX aktiven:17 days, 4 hours, 56 minutes
Strežnik aktiven:17 days, 13 hours, 33 minutes
                   MONTHLY CLIMATOLOGICAL SUMMARY for Feb 2014


NAME: Zgornja Velka, Šentilj                  
ELEV: 326 meters    LAT: 46-41.47 N    LONG: 015-46.07 E


                   TEMPERATURE (°C), RAIN (mm), WIND SPEED (km/h)

                                         HEAT   COOL         AVG
      MEAN                               DEG    DEG          WIND                   DOM
DAY   TEMP   HIGH   TIME    LOW   TIME   DAYS   DAYS   RAIN  SPEED   HIGH   TIME    DIR
---------------------------------------------------------------------------------------
 01   -3.1   -2.4  00:05   -3.9  10:00   21.5    0.0    0.0    0.0    0.0  00:05    N/A
 02   -0.9    0.3  14:45   -2.5  00:05   19.2    0.0    0.5    0.0    0.0  00:05    N/A
 03   -0.8    0.4  13:15   -1.5  23:00   19.1    0.0    0.0    0.0    0.0  00:05    N/A
 04   -1.4   -0.7  13:45   -2.1  05:45   19.7    0.0    0.0    0.0    0.0  00:05    N/A
 05   -0.2    0.9  14:30   -1.2  00:05   18.5    0.0    0.0    0.0    0.0  00:05    N/A
 06    0.5    2.8  15:45   -0.6  07:50   17.8    0.0    3.1    0.0    0.0  00:05    N/A
 07    3.5   10.9  13:45   -1.6  06:05   14.8    0.0    7.8    0.2   11.3  15:15    313
 08    4.4    6.6  21:15    2.3  04:25   14.0    0.0    3.1    0.0    3.2  22:50    324
 09    3.0    5.8  12:50    0.3  23:25   15.4    0.0    4.1    0.0    4.8  13:50    288
 10    2.8    8.4  14:45   -1.8  04:40   15.6    0.0    0.0    0.0    0.0  00:05    N/A
 11    4.8    5.9  13:35    3.8  06:05   13.5    0.0    7.8    0.0    0.0  00:05    N/A
 12    2.3    5.7  15:20   -0.7  23:55   16.0    0.0   13.5    0.0    0.0  00:05    N/A
 13    2.4   10.6  13:55   -2.6  07:00   15.9    0.0    0.0    0.0    0.0  00:05    N/A
 14    6.0   14.5  14:10    2.6  07:35   12.4    0.0    3.6    0.0    3.2  13:30    324
 15    6.8   16.4  16:10    0.2  07:25   11.5    0.0    0.0    0.6   12.9  16:10    315
 16    9.5   15.6  11:30    5.1  23:45    8.8    0.0    5.2    0.1    9.7  00:25    323
 17    2.3    5.2  00:05    0.6  00:00   16.1    0.0   13.0    0.0    0.0  00:05    N/A
 18    2.0    5.9  16:45   -0.2  06:15   16.4    0.0    0.0    0.0    0.0  00:05    N/A
 19    5.3    9.5  13:35    2.2  01:30   13.1    0.0    7.8    0.0    0.0  00:05    N/A
 20    6.1   11.1  16:15    3.8  20:35   12.3    0.0    4.2    0.0    0.0  00:05    N/A
 21    7.3   12.2  14:55    4.4  00:05   11.0    0.0    0.0    0.0    0.0  00:05    N/A
 22    5.7    6.8  00:10    4.1  23:35   12.6    0.0    5.2    0.0    0.0  00:05    N/A
 23    6.0   10.7  14:10    3.4  07:35   12.3    0.0    0.0    0.0    1.6  12:40    316
 24    8.2   16.7  13:50    2.6  00:00   10.1    0.0    0.0    0.0    4.8  13:35     31
 25    4.7   13.9  13:50   -0.4  07:50   13.6    0.0    0.0    0.1   11.3  13:50    338
 26    6.6   14.9  15:50    1.6  00:05   11.7    0.0    0.0    0.1    9.7  15:50    324
 27    8.0   16.8  13:35    1.1  07:05   10.3    0.0    0.0    0.0    3.2  14:20    339
 28    6.9   14.3  14:45    1.3  06:40   11.4    0.0    0.0    0.1    4.8  13:30    341
---------------------------------------------------------------------------------------
       3.9   16.8     27   -3.9     01  404.5    0.0   78.7    0.0   12.9     15    320
    
Tropske noči (Tmin >= 20): 0
Vroči dnevi (Tmax >= 30): 0
Topli dnevi (Tmax >= 25): 0
Hladni dnevi (Tmin < 0): 2
Ledeni dnevi (Tmax < 0): 12