Vremenska postaja Sladki Vrh

46.691233 N| 15.767722 E| 326 meters | Prikaži na zemljevidu

Vreme na kratko
19.1°C 83% 1007.8 mbar 0 km/h 0 km/h 0.0 mm
0.7°C/h 0%/h -0.2 mbar/h N/A ( N/A) N/A ( N/A) 0.0 mm/h

03/07/20 00:45:00 CEST

Vremenska statistika za 03-2014

Vremenska postaja:LaCrosse WS-2355
Programska oprema:weewx v4.0.0
WeeWX aktiven:17 days, 5 hours, 56 minutes
Strežnik aktiven:17 days, 14 hours, 33 minutes
                   MONTHLY CLIMATOLOGICAL SUMMARY for Mar 2014


NAME: Zgornja Velka, Šentilj                  
ELEV: 326 meters    LAT: 46-41.47 N    LONG: 015-46.07 E


                   TEMPERATURE (°C), RAIN (mm), WIND SPEED (km/h)

                                         HEAT   COOL         AVG
      MEAN                               DEG    DEG          WIND                   DOM
DAY   TEMP   HIGH   TIME    LOW   TIME   DAYS   DAYS   RAIN  SPEED   HIGH   TIME    DIR
---------------------------------------------------------------------------------------
 01    6.9   12.8  15:05    0.6  07:10   11.4    0.0    0.0    0.0    3.2  15:25     79
 02    6.3    9.5  16:25    2.9  22:50   12.0    0.0    0.0    0.0    0.0  00:05    N/A
 03    5.2    7.4  12:35    2.2  02:00   13.2    0.0    2.6    0.0    1.6  13:30     72
 04    6.0    7.1  15:45    5.1  07:45   12.3    0.0    0.5    0.0    0.0  00:05    N/A
 05    8.9   13.7  15:25    5.6  06:40    9.5    0.0    0.0    0.0    4.8  15:30     12
 06    8.4   11.2  12:35    6.5  22:55    9.9    0.0    0.0    0.0    6.4  12:45     72
 07    8.1   14.8  14:10    2.4  07:05   10.2    0.0    0.0    0.1    6.4  15:00     45
 08    7.9   17.3  15:45    2.1  07:00   10.4    0.0    0.0    0.0    4.8  12:55    288
 09    7.4   17.3  14:05   -0.1  06:45   10.9    0.0    0.0    0.1    6.4  17:00    290
 10    7.4   13.4  16:05    3.1  02:05   10.9    0.0    0.0    0.0    6.4  15:20     78
 11    7.9   18.0  14:35    1.0  05:40   10.4    0.0    0.0    0.0    4.8  11:40     65
 12    9.1   21.2  14:10   -0.1  06:25    9.2    0.0    0.0    0.0    1.6  18:45     61
 13    9.0   20.4  13:50    0.8  06:50    9.3    0.0    0.0    0.0    6.4  16:15    324
 14   10.6   22.7  13:55    1.4  06:35    7.7    0.0    0.0    0.1    8.0  15:35     10
 15   10.0   17.0  12:10    3.3  06:00    8.3    0.0    0.0    0.1    8.0  15:10    306
 16   14.1   24.2  14:10    7.4  00:25    4.2    0.0    0.0    0.4   11.3  13:55    327
 17   15.2   27.2  14:30    4.6  06:35    3.1    0.0    0.0    0.1    9.7  10:55     19
 18   13.6   24.3  15:30    4.5  06:25    4.8    0.0    0.0    0.2    9.7  14:30     15
 19   13.2   21.5  15:45    7.6  23:30    5.2    0.0    0.0    0.7   14.5  13:20    321
 20   13.7   24.6  14:30    3.3  06:20    4.6    0.0    0.0    0.3   12.9  15:25    329
 21   15.0   25.8  13:20    5.0  06:30    3.4    0.0    0.0    0.4   11.3  14:00    324
 22   14.6   21.8  13:10    7.2  06:20    3.8    0.0    0.0    1.2   17.7  13:45    324
 23   12.7   15.8  16:15    7.2  23:55    5.6    0.0    4.1    0.2    9.7  15:45     15
 24    7.6   13.0  15:05    3.3  00:00   10.7    0.0    3.6    0.0    0.0  00:05    N/A
 25    5.7   12.7  10:15    0.7  06:25   12.6    0.0    0.5    0.0    6.4  14:55    327
 26    7.6   13.1  13:00    3.6  06:25   10.7    0.0    0.0    0.0    0.0  00:05    N/A
 27    8.1   11.0  12:45    4.3  06:35   10.2    0.0    0.5    0.0    4.8  11:50    325
 28   12.0   20.6  14:50    5.9  06:35    6.4    0.0    1.6    0.1    6.4  10:20     69
 29   12.4   23.1  15:10    3.8  06:15    5.9    0.0    0.0    0.0    0.0  00:05    N/A
 30   13.8   25.5  16:25    3.6  07:20    4.6    0.0    0.0    0.0    8.0  14:25    359
 31   13.8   23.0  15:30    5.6  06:45    4.6    0.0    0.0    0.0    0.0  00:05    N/A
---------------------------------------------------------------------------------------
      10.1   27.2     17   -0.1     09  256.1    0.0   13.5    0.1   17.7     22    331
    
Tropske noči (Tmin >= 20): 0
Vroči dnevi (Tmax >= 30): 0
Topli dnevi (Tmax >= 25): 3
Hladni dnevi (Tmin < 0): 0
Ledeni dnevi (Tmax < 0): 2