Vremenska postaja Sladki Vrh

46.691233 N| 15.767722 E| 326 meters | Prikaži na zemljevidu

Vreme na kratko
18.5°C 83% 1008.0 mbar 0 km/h 0 km/h 0.0 mm
-0.4°C/h 1%/h 0.1 mbar/h N/A ( N/A) N/A ( N/A) 0.0 mm/h

03/07/20 00:05:00 CEST

Vremenska statistika za 04-2014

Vremenska postaja:LaCrosse WS-2355
Programska oprema:weewx v4.0.0
WeeWX aktiven:17 days, 5 hours, 14 minutes
Strežnik aktiven:17 days, 13 hours, 52 minutes
                   MONTHLY CLIMATOLOGICAL SUMMARY for Apr 2014


NAME: Zgornja Velka, Šentilj                  
ELEV: 326 meters    LAT: 46-41.47 N    LONG: 015-46.07 E


                   TEMPERATURE (°C), RAIN (mm), WIND SPEED (km/h)

                                         HEAT   COOL         AVG
      MEAN                               DEG    DEG          WIND                   DOM
DAY   TEMP   HIGH   TIME    LOW   TIME   DAYS   DAYS   RAIN  SPEED   HIGH   TIME    DIR
---------------------------------------------------------------------------------------
 01   13.9   23.2  15:30    6.1  07:00    4.5    0.0    0.0    0.1    9.7  16:50    328
 02   14.5   24.1  16:15    7.4  05:30    3.9    0.0    0.0    0.1    6.4  14:00    315
 03   13.4   22.2  12:45    5.4  07:05    5.0    0.0    0.0    0.0    4.8  12:35    349
 04   15.6   24.5  14:15    8.1  07:00    2.7    0.0    0.0    0.1    9.7  15:50     73
 05   15.3   21.4  13:20   12.3  07:10    3.0    0.0    0.0    0.1    9.7  16:35     54
 06   14.1   22.5  14:40    9.3  06:30    4.3    0.0    2.6    0.0    8.0  13:40     26
 07   16.0   25.9  15:15    9.5  07:05    2.3    0.0    0.0    0.0    3.2  12:55    288
 08   17.0   27.9  14:55    7.4  06:40    1.4    0.0    0.0    0.0    3.2  10:55    325
 09   12.4   18.4  15:20    6.9  00:00    5.9    0.0    6.7    0.4   14.5  12:40    325
 10    8.6   14.9  12:50    3.2  06:20    9.7    0.0    0.5    0.1    9.7  14:50    320
 11   11.1   19.3  15:35    4.8  06:55    7.2    0.0    0.0    0.0    6.4  14:20    346
 12   10.5   19.2  16:15    6.4  04:35    7.8    0.0    0.0    0.0    0.0  00:05    N/A
 13   12.0   20.0  15:20    6.1  07:10    6.3    0.0    0.0    0.1    6.4  12:50    312
 14   12.0   25.1  14:25    4.8  06:30    6.3    0.0    2.6    0.3   17.7  13:55    329
 15    9.5   13.6  12:20    5.9  00:00    8.8    0.0    0.5    0.1    8.0  11:50    311
 16    7.1   12.3  15:05    2.1  05:10   11.2    0.0    0.0    0.0    6.4  15:05     19
 17    8.4   12.5  13:05    4.1  05:35   10.0    0.0    0.0    0.0    4.8  08:25      9
 18   12.4   21.9  14:35    2.1  06:30    6.0    0.0    0.0    0.0    6.4  17:50      5
 19   13.4   20.6  14:00    7.5  06:35    4.9    0.0    6.2    0.1    6.4  14:00    288
 20   11.2   13.9  16:50    9.7  08:30    7.1    0.0    4.7    0.0    0.0  00:05    N/A
 21   12.2   17.0  13:15    9.4  06:20    6.1    0.0    6.7    0.0    0.0  00:05    N/A
 22   15.8   24.1  16:20   10.4  06:45    2.5    0.0    0.5    0.0    0.0  00:05    N/A
 23   15.4   22.2  12:00   10.4  06:40    2.9    0.0    0.0    0.0    0.0  00:05    N/A
 24   15.5   22.5  13:25   12.6  06:40    2.8    0.0    1.0    0.0    6.4  15:15     30
 25   14.0   16.4  15:40   12.1  04:45    4.3    0.0    1.0    0.0    0.0  00:05    N/A
 26   15.0   18.6  16:45   13.3  06:35    3.3    0.0    1.6    0.0    0.0  00:05    N/A
 27   15.3   19.9  13:05   12.5  06:10    3.0    0.0    5.2    0.0    8.0  18:40    324
 28   14.2   20.1  14:10   10.9  06:25    4.1    0.0    2.6    0.0    0.0  00:05    N/A
 29   13.3   19.4  13:45   10.2  06:30    5.0    0.0    2.6    0.0    0.0  00:05    N/A
 30   15.0   23.8  13:05    9.6  06:25    3.3    0.0    0.0    0.0    3.2  14:35     72
---------------------------------------------------------------------------------------
      13.1   27.9     08    2.1     16  155.9    0.0   45.1    0.1   17.7     14    333
    
Tropske noči (Tmin >= 20): 0
Vroči dnevi (Tmax >= 30): 0
Topli dnevi (Tmax >= 25): 3
Hladni dnevi (Tmin < 0): 0
Ledeni dnevi (Tmax < 0): 0