Vremenska postaja Sladki Vrh

46.691233 N| 15.767722 E| 326 meters | Prikaži na zemljevidu

Vreme na kratko
19.4°C 80% 1007.8 mbar 0 km/h 0 km/h 0.0 mm
0.6°C/h -4%/h -0.2 mbar/h N/A ( N/A) N/A ( N/A) 0.0 mm/h

03/07/20 01:15:00 CEST

Vremenska statistika za 05-2014

Vremenska postaja:LaCrosse WS-2355
Programska oprema:weewx v4.0.0
WeeWX aktiven:17 days, 6 hours, 26 minutes
Strežnik aktiven:17 days, 15 hours, 4 minutes
                   MONTHLY CLIMATOLOGICAL SUMMARY for May 2014


NAME: Zgornja Velka, Šentilj                  
ELEV: 326 meters    LAT: 46-41.47 N    LONG: 015-46.07 E


                   TEMPERATURE (°C), RAIN (mm), WIND SPEED (km/h)

                                         HEAT   COOL         AVG
      MEAN                               DEG    DEG          WIND                   DOM
DAY   TEMP   HIGH   TIME    LOW   TIME   DAYS   DAYS   RAIN  SPEED   HIGH   TIME    DIR
---------------------------------------------------------------------------------------
 01   14.9   24.0  13:50    8.5  06:00    3.4    0.0    0.5    0.0    9.7  12:05     46
 02   14.7   23.7  13:20    8.1  06:00    3.6    0.0    0.0    0.1   11.3  17:50    359
 03   11.3   14.5  14:35    9.3  05:00    7.1    0.0    1.6    0.1    6.4  15:20     63
 04   12.5   19.2  15:45    7.2  00:00    5.8    0.0    0.0    0.1    6.4  11:30    321
 05   11.7   20.1  15:45    3.9  05:50    6.6    0.0    0.0    0.1    6.4  16:35    310
 06   14.7   23.8  15:20    5.1  05:45    3.6    0.0    0.0    0.2    9.7  14:10    340
 07   16.0   23.9  14:55    9.5  06:15    2.4    0.0    4.7    0.1    8.0  12:15    292
 08   16.4   24.4  14:15   11.2  03:05    1.9    0.0    0.0    0.0    4.8  13:20    288
 09   16.8   26.4  15:20    8.6  06:05    1.5    0.0    0.0    0.0    6.4  15:00    310
 10   18.4   24.9  14:50   13.2  06:15    0.0    0.1    4.1    0.2   12.9  16:30    317
 11   15.1   21.8  13:55    7.2  00:00    3.2    0.0   20.2    0.1    9.7  15:10      0
 12   12.8   21.5  15:40    5.4  06:00    5.5    0.0    2.6    0.0    8.0  18:50    341
 13    9.9   12.4  15:30    7.9  09:40    8.5    0.0   14.5    0.0    0.0  00:05    N/A
 14   12.3   18.6  14:50    7.1  06:05    6.0    0.0    0.0    0.5   12.9  14:10    317
 15   11.3   13.4  11:45    8.6  01:45    7.0    0.0    0.0    0.7   12.9  14:25    322
 16   10.6   12.3  16:25    8.8  07:35    7.7    0.0    4.1    0.0    3.2  01:30    332
 17   11.3   15.1  18:50    8.3  04:15    7.0    0.0    2.6    0.0    0.0  00:05    N/A
 18   13.6   20.1  14:45   10.4  03:45    4.7    0.0    6.2    0.0    6.4  12:10    323
 19   16.2   25.9  14:20    8.4  05:15    2.2    0.0    0.0    0.2   12.9  12:30    326
 20   18.8   27.5  15:45    9.2  05:55    0.0    0.4    0.0    0.2   16.1  15:30    316
 21   19.4   28.3  14:30   10.4  05:35    0.0    1.1    0.0    0.2   12.9  13:15    310
 22   21.6   30.5  15:35   13.1  05:40    0.0    3.3    0.0    0.1    8.0  15:10    311
 23   22.5   30.5  14:00   14.2  06:05    0.0    4.2    0.0    0.2    9.7  10:55    313
 24   22.4   30.6  15:45   14.9  05:35    0.0    4.0    2.6    0.1    8.0  10:45     71
 25   20.3   27.3  15:45   14.8  05:50    0.0    2.0    1.0    0.0    1.6  14:20    288
 26   18.6   27.1  12:00   13.9  05:45    0.0    0.2    2.6    0.0    0.0  00:05    N/A
 27   19.5   27.2  14:00   13.6  06:05    0.0    1.2    0.0    0.0    0.0  00:05    N/A
 28   15.2   17.5  14:30   13.6  02:35    3.1    0.0    0.5    0.0    0.0  00:05    N/A
 29   16.5   22.2  14:30   12.6  06:55    1.8    0.0    0.5    0.0    0.0  00:05    N/A
 30   14.9   20.4  15:35   10.8  00:00    3.5    0.0    0.0    0.0    0.0  00:05    N/A
 31   13.4   18.5  13:55    7.8  03:40    4.9    0.0    1.0    0.0    0.0  00:05    N/A
---------------------------------------------------------------------------------------
      15.6   30.6     24    3.9     05  101.1   16.4   69.4    0.1   16.1     20    323
    
Tropske noči (Tmin >= 20): 0
Vroči dnevi (Tmax >= 30): 3
Topli dnevi (Tmax >= 25): 10
Hladni dnevi (Tmin < 0): 0
Ledeni dnevi (Tmax < 0): 0