Vremenska postaja Sladki Vrh

46.691233 N| 15.767722 E| 326 meters | Prikaži na zemljevidu

Vreme na kratko
18.8°C 84% 1008.0 mbar 0 km/h 0 km/h 0.0 mm
-0.0°C/h 2%/h 0.1 mbar/h N/A ( N/A) N/A ( N/A) 0.0 mm/h

03/07/20 00:15:00 CEST

Vremenska statistika za 06-2014

Vremenska postaja:LaCrosse WS-2355
Programska oprema:weewx v4.0.0
WeeWX aktiven:17 days, 5 hours, 28 minutes
Strežnik aktiven:17 days, 14 hours, 5 minutes
                   MONTHLY CLIMATOLOGICAL SUMMARY for Jun 2014


NAME: Zgornja Velka, Šentilj                  
ELEV: 326 meters    LAT: 46-41.47 N    LONG: 015-46.07 E


                   TEMPERATURE (°C), RAIN (mm), WIND SPEED (km/h)

                                         HEAT   COOL         AVG
      MEAN                               DEG    DEG          WIND                   DOM
DAY   TEMP   HIGH   TIME    LOW   TIME   DAYS   DAYS   RAIN  SPEED   HIGH   TIME    DIR
---------------------------------------------------------------------------------------
 01   15.2   20.5  13:05   10.3  03:20    3.1    0.0    0.0    0.0    0.0  00:05    N/A
 02   17.0   24.1  13:25   10.1  06:00    1.3    0.0    1.0    0.0    0.0  00:05    N/A
 03   15.3   24.7  14:25   11.3  04:40    3.0    0.0    1.5    0.0    0.0  00:05    N/A
 04   17.7   26.0  14:30    9.8  04:15    0.6    0.0    0.0    0.0    0.0  00:05    N/A
 05   17.0   22.4  15:35   13.1  04:15    1.4    0.0    0.0    0.0    0.0  00:05    N/A
 06   19.5   28.7  15:45   11.1  05:35    0.0    1.2    0.0    0.0    0.0  00:05    N/A
 07   22.1   31.6  15:50   13.4  06:00    0.0    3.8    0.0    0.1   45.1  11:40    351
 08   23.7   33.0  15:35   15.9  06:05    0.0    5.4    0.0    0.0    0.0  00:05    N/A
 09   24.5   33.8  14:55   16.7  05:25    0.0    6.2    0.0    0.0    0.0  00:05    N/A
 10   24.8   34.8  15:05   16.1  05:45    0.0    6.5    0.0    0.0    0.0  00:05    N/A
 11   25.7   36.6  15:35   16.4  05:50    0.0    7.3    0.0    0.0    0.0  00:05    N/A
 12   22.8   33.2  13:30    6.6  04:20    0.0    4.5    0.0    0.0    0.0  00:05    N/A
 13   21.6   27.8  15:50   15.8  04:55    0.0    3.2    0.5    0.0    0.0  00:05    N/A
 14   19.4   25.3  14:30   15.6  23:20    0.0    1.1    0.5    0.0    0.0  00:05    N/A
 15   18.9   25.4  15:10   13.9  03:10    0.0    0.6    0.0    0.0    0.0  00:05    N/A
 16   18.4   25.1  15:05   12.2  05:30    0.0    0.1    0.0    0.0    0.0  00:05    N/A
 17   17.2   19.4  16:20   15.1  00:00    1.1    0.0    0.0    0.0    0.0  00:05    N/A
 18   19.9   28.2  14:40   14.4  04:35    0.0    1.6    0.0    0.0    0.0  00:05    N/A
 19   20.0   30.1  15:05   12.1  05:35    0.0    1.7    0.0    0.0    0.0  00:05    N/A
 20   18.3   24.4  12:55   14.1  23:15    0.1    0.0    0.0    0.0    0.0  00:05    N/A
 21   17.7   23.5  15:50   11.3  05:55    0.6    0.0    0.0    0.0    0.0  00:05    N/A
 22   20.4   28.7  15:50   11.4  05:30    0.0    2.0    0.0    0.0    0.0  00:05    N/A
 23   21.0   28.1  14:25   15.6  05:25    0.0    2.6   14.0    0.0    0.0  00:05    N/A
 24   17.2   21.1  12:30   14.3  22:45    1.2    0.0   10.9    0.0    0.0  00:05    N/A
 25   16.0   20.9  15:15   13.9  04:15    2.4    0.0   12.4    0.0    0.0  00:05    N/A
 26   18.6   26.5  15:10   11.2  05:55    0.0    0.2    0.0    0.0    0.0  00:05    N/A
 27   19.7   25.4  15:50   15.3  06:05    0.0    1.4    0.0    0.0    0.0  00:05    N/A
 28   22.0   29.8  15:30   14.4  04:30    0.0    3.7    0.0    0.0    0.0  00:05    N/A
 29   22.9   31.1  14:15   15.8  05:20    0.0    4.6    0.0    0.0    0.0  00:05    N/A
 30   16.9   20.9  00:20   12.9  00:00    1.5    0.0   26.4    0.0    0.0  00:05    N/A
---------------------------------------------------------------------------------------
      19.7   36.6     11    6.6     12   16.2   57.8   67.3    0.0   45.1     07    351
    
Tropske noči (Tmin >= 20): 0
Vroči dnevi (Tmax >= 30): 8
Topli dnevi (Tmax >= 25): 20
Hladni dnevi (Tmin < 0): 0
Ledeni dnevi (Tmax < 0): 0