Vremenska postaja Sladki Vrh

46.691233 N| 15.767722 E| 326 meters | Prikaži na zemljevidu

Vreme na kratko
19.1°C 81% 1007.8 mbar 0 km/h 0 km/h 0.5 mm
-1.2°C/h 4%/h -0.1 mbar/h N/A ( N/A) N/A ( N/A) 0.0 mm/h

02/07/20 22:45:00 CEST

Vremenska statistika za 07-2014

Vremenska postaja:LaCrosse WS-2355
Programska oprema:weewx v4.0.0
WeeWX aktiven:17 days, 3 hours, 56 minutes
Strežnik aktiven:17 days, 12 hours, 33 minutes
                   MONTHLY CLIMATOLOGICAL SUMMARY for Jul 2014


NAME: Zgornja Velka, Šentilj                  
ELEV: 326 meters    LAT: 46-41.47 N    LONG: 015-46.07 E


                   TEMPERATURE (°C), RAIN (mm), WIND SPEED (km/h)

                                         HEAT   COOL         AVG
      MEAN                               DEG    DEG          WIND                   DOM
DAY   TEMP   HIGH   TIME    LOW   TIME   DAYS   DAYS   RAIN  SPEED   HIGH   TIME    DIR
---------------------------------------------------------------------------------------
 01   17.3   25.4  15:30   10.2  05:40    1.0    0.0    0.0    0.0    0.0  00:05    N/A
 02   20.2   27.8  15:45   12.6  05:55    0.0    1.9    0.0    0.0    0.0  00:05    N/A
 03   20.3   28.4  15:15   13.9  06:00    0.0    1.9    2.6    0.0    0.0  00:05    N/A
 04   21.1   28.4  14:40   13.1  05:50    0.0    2.7    0.0    0.0    0.0  00:05    N/A
 05   21.8   31.8  15:25   15.5  05:45    0.0    3.5    0.0    0.0    0.0  00:05    N/A
 06   23.5   32.4  15:35   15.8  04:35    0.0    5.2    0.0    0.0    0.0  00:05    N/A
 07   25.0   33.8  15:35   17.3  05:45    0.0    6.7    0.0    0.0    0.0  00:05    N/A
 08   23.2   28.9  15:50   18.4  00:00    0.0    4.8    0.0    0.0    0.0  00:05    N/A
 09   17.9   22.9  15:35   14.9  08:55    0.4    0.0   12.9    0.0    0.0  00:05    N/A
 10   14.7   15.3  01:00   14.2  12:35    3.6    0.0    8.8    0.0    0.0  00:05    N/A
 11   17.1   23.2  15:45   13.5  05:25    1.2    0.0    2.1    0.0    0.0  00:05    N/A
 12   20.0   26.5  12:25   13.3  05:40    0.0    1.7    0.0    0.0    0.0  00:05    N/A
 13   20.4   26.7  15:25   15.9  06:05    0.0    2.1    0.0    0.0    0.0  00:05    N/A
 14   18.8   26.2  12:25   16.9  05:45    0.0    0.5   10.4    0.0    0.0  00:05    N/A
 15   20.4   28.9  16:10   15.3  04:10    0.0    2.1    3.1    0.0    0.0  00:05    N/A
 16   23.0   31.6  14:30   16.1  05:50    0.0    4.7    0.0    0.0    0.0  00:05    N/A
 17   22.3   32.3  14:35   16.4  05:55    0.0    3.9    2.6    0.0    0.0  00:05    N/A
 18   23.3   31.9  14:20   15.8  05:55    0.0    4.9    0.0    0.0    0.0  00:05    N/A
 19   24.4   33.1  15:55   17.2  06:00    0.0    6.0    0.0    0.0    0.0  00:05    N/A
 20   25.4   34.3  15:35   18.1  06:05    0.0    7.1    0.0    0.0    0.0  00:05    N/A
 21   23.1   29.8  12:20   18.8  00:00    0.0    4.7    0.0    0.0    0.0  00:05    N/A
 22   19.8   23.5  15:05   16.1  04:20    0.0    1.5   10.4    0.0    0.0  00:05    N/A
 23   22.7   29.8  15:50   17.9  00:00    0.0    4.4    3.6    0.0    0.0  00:05    N/A
 24   22.0   30.2  15:20   14.3  05:45    0.0    3.7    0.0    0.0    0.0  00:05    N/A
 25   21.1   25.8  12:40   18.4  00:00    0.0    2.8    2.1    0.0    0.0  00:05    N/A
 26   21.2   29.3  14:20   16.5  06:50    0.0    2.9    5.7    0.0    0.0  00:05    N/A
 27   19.6   25.6  13:50   16.4  06:05    0.0    1.3    7.3    0.0    0.0  00:05    N/A
 28   20.4   23.8  17:30   18.1  04:55    0.0    2.0    6.7    0.0    0.0  00:05    N/A
 29   22.1   27.8  14:50   18.8  05:10    0.0    3.8    0.0    0.0    0.0  00:05    N/A
 30   19.9   25.9  14:55   17.4  05:50    0.0    1.6    3.1    0.0    0.0  00:05    N/A
 31   18.7   20.4  20:50   17.9  04:45    0.0    0.3    1.0    0.0    0.0  00:05    N/A
---------------------------------------------------------------------------------------
      21.0   34.3     20   10.2     01    6.2   88.7   82.4    0.0    0.0     01    N/A
    
Tropske noči (Tmin >= 20): 0
Vroči dnevi (Tmax >= 30): 9
Topli dnevi (Tmax >= 25): 25
Hladni dnevi (Tmin < 0): 0
Ledeni dnevi (Tmax < 0): 0