Vremenska postaja Sladki Vrh

46.691233 N| 15.767722 E| 326 meters | Prikaži na zemljevidu

Vreme na kratko
18.9°C 83% 1008.0 mbar 0 km/h 0 km/h 0.0 mm
0.3°C/h 0%/h -0.0 mbar/h N/A ( N/A) N/A ( N/A) 0.0 mm/h

03/07/20 00:30:00 CEST

Vremenska statistika za 08-2014

Vremenska postaja:LaCrosse WS-2355
Programska oprema:weewx v4.0.0
WeeWX aktiven:17 days, 5 hours, 41 minutes
Strežnik aktiven:17 days, 14 hours, 18 minutes
                   MONTHLY CLIMATOLOGICAL SUMMARY for Aug 2014


NAME: Zgornja Velka, Šentilj                  
ELEV: 326 meters    LAT: 46-41.47 N    LONG: 015-46.07 E


                   TEMPERATURE (°C), RAIN (mm), WIND SPEED (km/h)

                                         HEAT   COOL         AVG
      MEAN                               DEG    DEG          WIND                   DOM
DAY   TEMP   HIGH   TIME    LOW   TIME   DAYS   DAYS   RAIN  SPEED   HIGH   TIME    DIR
---------------------------------------------------------------------------------------
 01   22.1   28.8  15:45   18.3  06:55    0.0    3.8    0.0    0.0    0.0  00:05    N/A
 02   23.4   30.9  16:20   17.6  06:30    0.0    5.0    0.0    0.0    0.0  00:05    N/A
 03   23.0   32.4  15:30   17.4  06:10    0.0    4.7    0.5    0.0    0.0  00:05    N/A
 04   21.9   30.4  15:40   16.9  05:25    0.0    3.5    0.0    0.0    0.0  00:05    N/A
 05   19.5   24.1  10:00   17.1  23:55    0.0    1.2    9.8    0.0    0.0  00:05    N/A
 06   20.4   27.8  16:30   15.8  06:40    0.0    2.0    1.0    0.0    0.0  00:05    N/A
 07   21.6   29.7  15:40   17.0  08:00    0.0    3.3    0.0    0.0    0.0  00:05    N/A
 08   22.7   31.2  16:25   15.7  06:25    0.0    4.3    0.0    0.0    0.0  00:05    N/A
 09   23.2   33.6  15:50   16.5  06:40    0.0    4.8    6.7    0.0    0.0  00:05    N/A
 10   23.9   32.8  16:00   17.3  06:20    0.0    5.6    0.0    0.0    0.0  00:05    N/A
 11   24.2   32.3  15:25   17.8  06:35    0.0    5.9    0.0    0.0    0.0  00:05    N/A
 12   18.4   21.2  00:05   16.6  17:50    0.0    0.1    7.8    0.0    0.0  00:05    N/A
 13   18.6   24.9  15:30   15.8  06:40    0.0    0.3   21.8    0.0    0.0  00:05    N/A
 14   16.1   18.1  00:05   14.3  11:55    2.3    0.0   23.3    0.0    0.0  00:05    N/A
 15   16.6   20.2  16:45   13.3  06:35    1.7    0.0    0.0    0.0    0.0  00:05    N/A
 16   16.7   24.9  14:05   11.3  07:05    1.6    0.0    0.0    0.0    0.0  00:05    N/A
 17   18.3   27.0  14:50   10.7  06:35    0.0    0.0    0.0    0.0    0.0  00:05    N/A
 18   18.9   28.3  16:00   11.1  06:30    0.0    0.5    0.0    0.0    0.0  00:05    N/A
 19   18.7   25.9  12:20   13.3  05:40    0.0    0.3    0.0    0.0    0.0  00:05    N/A
 20   17.2   20.6  15:05   15.4  23:45    1.1    0.0    2.1    0.0    0.0  00:05    N/A
 21   18.2   25.9  15:30   13.6  05:25    0.1    0.0   13.5    0.0    0.0  00:05    N/A
 22   17.2   23.0  16:10   12.4  06:05    1.2    0.0    0.0    0.0    0.0  00:05    N/A
 23   17.1   20.1  13:35   14.0  06:10    1.2    0.0    1.5    0.0    0.0  00:05    N/A
 24   16.4   26.1  12:45   12.6  23:30    1.9    0.0    2.6    0.0    0.0  00:05    N/A
 25   16.4   23.8  15:15   12.1  02:20    1.9    0.0    0.0    0.0    0.0  00:05    N/A
 26   15.9   20.6  16:30   12.2  05:30    2.4    0.0    0.0    0.0    0.0  00:05    N/A
 27   19.1   28.5  16:10   13.4  00:00    0.0    0.8    2.6    0.0    0.0  00:05    N/A
 28   17.1   26.3  15:15   10.2  06:30    1.3    0.0    0.0    0.0    0.0  00:05    N/A
 29   18.1   27.1  15:00   10.8  06:45    0.2    0.0    0.0    0.0    0.0  00:05    N/A
 30   19.8   29.3  15:35   13.1  06:55    0.0    1.5    0.0    0.0    0.0  00:05    N/A
 31   19.1   24.5  16:00   15.3  23:30    0.0    0.7   10.9    0.0    0.0  00:05    N/A
---------------------------------------------------------------------------------------
      19.3   33.6     09   10.2     28   17.0   48.5  104.1    0.0    0.0     01    N/A
    
Tropske noči (Tmin >= 20): 0
Vroči dnevi (Tmax >= 30): 7
Topli dnevi (Tmax >= 25): 19
Hladni dnevi (Tmin < 0): 0
Ledeni dnevi (Tmax < 0): 0