Vremenska postaja Sladki Vrh

46.691233 N| 15.767722 E| 326 meters | Prikaži na zemljevidu

Vreme na kratko
18.8°C 82% 1007.9 mbar 0 km/h 0 km/h 0.5 mm
-1.0°C/h 2%/h -0.0 mbar/h N/A ( N/A) N/A ( N/A) 0.0 mm/h

02/07/20 23:15:00 CEST

Vremenska statistika za 09-2014

Vremenska postaja:LaCrosse WS-2355
Programska oprema:weewx v4.0.0
WeeWX aktiven:17 days, 4 hours, 26 minutes
Strežnik aktiven:17 days, 13 hours, 3 minutes
                   MONTHLY CLIMATOLOGICAL SUMMARY for Sep 2014


NAME: Zgornja Velka, Šentilj                  
ELEV: 326 meters    LAT: 46-41.47 N    LONG: 015-46.07 E


                   TEMPERATURE (°C), RAIN (mm), WIND SPEED (km/h)

                                         HEAT   COOL         AVG
      MEAN                               DEG    DEG          WIND                   DOM
DAY   TEMP   HIGH   TIME    LOW   TIME   DAYS   DAYS   RAIN  SPEED   HIGH   TIME    DIR
---------------------------------------------------------------------------------------
 01   14.2   16.4  16:25   11.8  07:35    4.1    0.0   22.8    0.0    0.0  00:05    N/A
 02   14.0   15.3  14:30   13.1  06:35    4.4    0.0   10.4    0.0    0.0  00:05    N/A
 03   16.8   21.2  12:55   13.5  00:40    1.6    0.0    9.3    0.0    0.0  00:05    N/A
 04   17.9   19.6  10:55   15.8  06:25    0.5    0.0    0.5    0.0    0.0  00:05    N/A
 05   20.3   27.7  15:45   16.8  06:45    0.0    1.9    4.7    0.0    0.0  00:05    N/A
 06   16.8   17.9  00:05   15.8  23:45    1.5    0.0   12.9    0.0    0.0  00:05    N/A
 07   17.1   22.1  15:40   13.9  06:05    1.3    0.0    0.0    0.0    0.0  00:05    N/A
 08   19.2   28.4  15:40   13.2  07:10    0.0    0.8    0.0    0.0    0.0  00:05    N/A
 09   19.0   29.6  14:20   13.9  07:45    0.0    0.7    1.0    0.0    0.0  00:05    N/A
 10   16.9   18.4  16:45   15.6  23:50    1.4    0.0    1.6    0.2   90.1  20:00    333
 11   14.7   16.2  12:50   12.8  23:15    3.6    0.0   14.0    0.0    0.0  00:05    N/A
 12   14.5   18.4  11:45   12.4  03:30    3.9    0.0    5.7    0.0    0.0  00:05    N/A
 13   14.0   17.8  16:05   12.5  04:20    4.3    0.0   27.4    0.0    0.0  00:05    N/A
 14   15.3   19.0  14:50   12.4  07:05    3.1    0.0    3.6    0.0    0.0  00:05    N/A
 15   15.5   18.5  17:15   13.9  05:05    2.8    0.0    4.7    0.0    0.0  00:05    N/A
 16   16.6   22.5  15:40   14.8  05:35    1.8    0.0    7.2    0.0    0.0  00:05    N/A
 17   16.2   21.9  15:55   13.3  07:30    2.1    0.0    0.0    0.0    0.0  00:05    N/A
 18   16.1   23.5  14:55   11.6  07:30    2.3    0.0    0.0    0.0    0.0  00:05    N/A
 19   17.1   27.8  15:35   11.5  06:40    1.2    0.0    0.0    0.1   91.7  13:45    288
 20   18.2   25.8  15:05   12.9  06:50    0.1    0.0    0.0    0.0    0.0  00:05    N/A
 21   20.3   29.5  14:55   15.3  08:05    0.0    2.0    3.6    0.0    0.0  00:05    N/A
 22   16.9   23.0  13:40   13.0  23:55    1.4    0.0    1.0    0.0    0.0  00:05    N/A
 23   13.4   21.5  15:40    7.3  07:20    4.9    0.0    1.6    0.0    0.0  00:05    N/A
 24   13.1   22.4  14:10    6.2  07:10    5.2    0.0    0.0    0.0    0.0  00:05    N/A
 25   11.7   17.7  17:05    9.6  05:50    6.7    0.0    1.5    0.0    0.0  00:05    N/A
 26   12.7   19.2  16:55    9.9  01:45    5.6    0.0    0.0    0.0    0.0  00:05    N/A
 27   14.9   21.9  16:55   11.9  04:25    3.4    0.0    0.0    0.0    0.0  00:05    N/A
 28   15.8   25.4  15:35    9.3  07:30    2.5    0.0    0.0    0.0    0.0  00:05    N/A
 29   15.2   25.9  15:35    9.1  07:15    3.1    0.0    0.0    0.0    0.0  00:05    N/A
 30   16.0   24.6  14:30   11.1  07:50    2.4    0.0    0.0    0.0    0.0  00:05    N/A
---------------------------------------------------------------------------------------
      16.0   29.6     09    6.2     24   75.0    5.5  133.6    0.0   91.7     19    313
    
Tropske noči (Tmin >= 20): 0
Vroči dnevi (Tmax >= 30): 0
Topli dnevi (Tmax >= 25): 8
Hladni dnevi (Tmin < 0): 0
Ledeni dnevi (Tmax < 0): 0