Vremenska postaja Sladki Vrh

46.691233 N| 15.767722 E| 326 meters | Prikaži na zemljevidu

Vreme na kratko
18.5°C 83% 1008.0 mbar 0 km/h 0 km/h 0.0 mm
-0.4°C/h 1%/h 0.1 mbar/h N/A ( N/A) N/A ( N/A) 0.0 mm/h

03/07/20 00:05:00 CEST

Vremenska statistika za 10-2014

Vremenska postaja:LaCrosse WS-2355
Programska oprema:weewx v4.0.0
WeeWX aktiven:17 days, 5 hours, 14 minutes
Strežnik aktiven:17 days, 13 hours, 52 minutes
                   MONTHLY CLIMATOLOGICAL SUMMARY for Oct 2014


NAME: Zgornja Velka, Šentilj                  
ELEV: 326 meters    LAT: 46-41.47 N    LONG: 015-46.07 E


                   TEMPERATURE (°C), RAIN (mm), WIND SPEED (km/h)

                                         HEAT   COOL         AVG
      MEAN                               DEG    DEG          WIND                   DOM
DAY   TEMP   HIGH   TIME    LOW   TIME   DAYS   DAYS   RAIN  SPEED   HIGH   TIME    DIR
---------------------------------------------------------------------------------------
 01   15.2   18.8  16:25   12.5  07:15    3.1    0.0    0.0    0.0    0.0  00:05    N/A
 02   15.0   20.8  14:15   11.0  00:00    3.3    0.0    1.0    0.0    0.0  00:05    N/A
 03   14.4   22.3  13:30    8.9  07:35    3.9    0.0    0.0    0.0    0.0  00:05    N/A
 04   12.6   16.8  17:20   10.3  07:50    5.8    0.0    0.0    0.0    0.0  00:05    N/A
 05   13.2   18.3  15:35   10.7  00:00    5.1    0.0    0.0    0.0    0.0  00:05    N/A
 06   12.1   18.4  15:50    9.2  07:45    6.2    0.0    0.0    0.0    0.0  00:05    N/A
 07   12.1   18.9  14:25    8.4  04:55    6.2    0.0    0.0    0.0    0.0  00:05    N/A
 08   14.7   24.1  16:45    8.6  07:25    3.6    0.0    0.0    0.2   67.6  13:15    295
 09   20.0   29.3  14:00   12.3  07:50    0.0    1.7    0.0    0.0    0.0  00:05    N/A
 10   19.3   30.5  14:05   11.8  07:45    0.0    0.9    0.0    0.0    0.0  00:05    N/A
 11   18.5   29.8  14:15   12.4  07:45    0.0    0.1    0.0    0.0    0.0  00:05    N/A
 12   17.9   26.4  14:30   12.8  06:00    0.4    0.0    0.0    0.0    0.0  00:05    N/A
 13   18.4   28.6  14:30   11.7  05:35    0.0    0.1    0.0    0.0    0.0  00:05    N/A
 14   18.3   27.9  14:15   13.3  23:55    0.0    0.0    0.0    0.0    0.0  00:05    N/A
 15   15.8   21.9  13:40   12.6  07:40    2.5    0.0    0.0    0.0    0.0  00:05    N/A
 16   18.0   26.3  14:05   14.6  05:05    0.3    0.0    0.0    0.0    0.0  00:05    N/A
 17   15.8   24.3  14:35   11.0  00:00    2.6    0.0    0.0    0.0    0.0  00:05    N/A
 18   14.4   24.9  14:15    9.4  04:10    3.9    0.0    0.0    0.0    0.0  00:05    N/A
 19   13.5   23.8  14:10    9.5  08:05    4.9    0.0    0.0    0.0    0.0  00:05    N/A
 20   15.2   25.8  13:45    8.3  07:40    3.1    0.0    0.0    0.0    0.0  00:05    N/A
 21   15.8   23.4  14:10   11.9  03:50    2.5    0.0    0.0    0.0    0.0  00:05    N/A
 22    9.2   14.7  00:55    5.9  23:15    9.1    0.0    7.2    0.0    0.0  00:05    N/A
 23    7.7   11.3  23:55    5.9  01:35   10.6    0.0    3.1    0.0    0.0  00:05    N/A
 24   10.4   12.1  02:00    7.8  23:55    7.9    0.0    0.5    0.0    1.6  13:50     73
 25    7.5    9.5  15:20    4.4  23:45   10.8    0.0    0.0    0.0    0.0  00:05    N/A
 26    6.7    8.9  14:35    4.6  00:05   11.6    0.0    0.0    0.0    0.0  00:05    N/A
 27    6.2    9.3  15:25    3.0  21:25   12.1    0.0    0.0    0.0    0.0  00:05    N/A
 28    4.5   11.1  13:20    1.3  07:05   13.8    0.0    0.0    0.0    0.0  00:05    N/A
 29    5.4   11.8  13:10    1.9  03:45   12.9    0.0    0.0    0.0    0.0  00:05    N/A
 30    6.7   12.2  12:50    3.3  23:55   11.6    0.0    0.0    0.0    0.0  00:05    N/A
 31    6.2   15.5  13:15    1.3  06:10   12.2    0.0    0.0    0.0    0.0  00:05    N/A
---------------------------------------------------------------------------------------
      13.0   30.5     10    1.3     28  170.3    2.9   11.9    0.0   67.6     08    296
    
Tropske noči (Tmin >= 20): 0
Vroči dnevi (Tmax >= 30): 1
Topli dnevi (Tmax >= 25): 8
Hladni dnevi (Tmin < 0): 0
Ledeni dnevi (Tmax < 0): 0