Vremenska postaja Sladki Vrh

46.691233 N| 15.767722 E| 326 meters | Prikaži na zemljevidu

Vreme na kratko
19.3°C 81% 1007.8 mbar 0 km/h 0 km/h 0.0 mm
0.9°C/h -2%/h -0.2 mbar/h N/A ( N/A) N/A ( N/A) 0.0 mm/h

03/07/20 01:00:00 CEST

Vremenska statistika za 11-2014

Vremenska postaja:LaCrosse WS-2355
Programska oprema:weewx v4.0.0
WeeWX aktiven:17 days, 6 hours, 13 minutes
Strežnik aktiven:17 days, 14 hours, 51 minutes
                   MONTHLY CLIMATOLOGICAL SUMMARY for Nov 2014


NAME: Zgornja Velka, Šentilj                  
ELEV: 326 meters    LAT: 46-41.47 N    LONG: 015-46.07 E


                   TEMPERATURE (°C), RAIN (mm), WIND SPEED (km/h)

                                         HEAT   COOL         AVG
      MEAN                               DEG    DEG          WIND                   DOM
DAY   TEMP   HIGH   TIME    LOW   TIME   DAYS   DAYS   RAIN  SPEED   HIGH   TIME    DIR
---------------------------------------------------------------------------------------
 01    7.4   16.6  12:55    3.1  05:30   11.0    0.0    0.0    0.0    0.0  00:05    N/A
 02    6.5   10.2  15:50    4.3  07:25   11.8    0.0    0.0    0.0    0.0  00:05    N/A
 03    7.2   11.9  23:05    5.1  08:45   11.1    0.0    0.0    0.0    0.0  00:05    N/A
 04   14.2   18.5  13:15   10.6  02:25    4.1    0.0    0.0    0.0    0.0  00:05    N/A
 05   15.8   21.2  13:05   11.6  08:00    2.6    0.0    0.0    0.0    0.0  00:05    N/A
 06   14.1   16.9  13:35   11.2  23:30    4.3    0.0    5.7    0.0    0.0  00:05    N/A
 07   13.6   16.1  14:55   11.2  00:05    4.8    0.0    3.6    0.0    0.0  00:05    N/A
 08   11.3   13.6  00:05    9.8  00:00    7.0    0.0    6.2    0.0    0.0  00:05    N/A
 09   10.4   11.6  14:15    9.4  03:45    7.9    0.0    0.0    0.0    0.0  00:05    N/A
 10   12.8   20.9  13:20    8.2  07:45    5.5    0.0    0.0    0.0    0.0  00:05    N/A
 11   14.2   20.0  13:00   11.0  23:35    4.1    0.0    0.0    0.0    0.0  00:05    N/A
 12   11.6   15.7  12:55    8.9  03:55    6.7    0.0    0.0    0.0    0.0  00:05    N/A
 13   10.2   11.4  00:05    9.5  09:15    8.1    0.0    5.7    0.0    0.0  00:05    N/A
 14   11.1   12.9  14:10    9.9  06:50    7.3    0.0    0.0    0.0    0.0  00:05    N/A
 15   11.8   15.9  13:20    9.3  23:55    6.5    0.0    0.0    0.0    0.0  00:05    N/A
 16   11.7   19.8  12:55    7.6  23:50    6.7    0.0    0.0    0.0    0.0  00:05    N/A
 17    9.0   11.6  14:20    7.0  20:05    9.3    0.0    2.1    0.0    0.0  00:05    N/A
 18    9.7   14.8  12:15    5.9  23:40    8.7    0.0    9.8    0.0    0.0  00:05    N/A
 19    7.7   11.9  13:00    4.3  00:00   10.6    0.0    0.0    0.0    0.0  00:05    N/A
 20    6.2   16.3  12:55    2.1  06:05   12.2    0.0    0.0    0.0    0.0  00:05    N/A
 21    6.6   11.4  13:05    2.4  00:00   11.8    0.0    0.0    0.0    0.0  00:05    N/A
 22    4.3    9.3  13:40    1.9  23:45   14.0    0.0    0.0    0.0    0.0  00:05    N/A
 23    3.1    4.3  16:20    1.3  06:55   15.2    0.0    0.0    0.0    0.0  00:05    N/A
 24    4.3    4.3  06:10    4.3  06:15   14.0    0.0    0.0    0.0    0.0  06:10    N/A
 25
 26
 27
 28
 29
 30
---------------------------------------------------------------------------------------
       9.9   21.2     05    1.3     23  205.3    0.0   33.1    0.0    0.0     01    N/A
    
Tropske noči (Tmin >= 20): 0
Vroči dnevi (Tmax >= 30): 0
Topli dnevi (Tmax >= 25): 0
Hladni dnevi (Tmin < 0): 0
Ledeni dnevi (Tmax < 0): 0