Vremenska postaja Sladki Vrh

46.691233 N| 15.767722 E| 326 meters | Prikaži na zemljevidu

Vreme na kratko
18.8°C 84% 1008.0 mbar 0 km/h 0 km/h 0.0 mm
-0.0°C/h 2%/h 0.1 mbar/h N/A ( N/A) N/A ( N/A) 0.0 mm/h

03/07/20 00:15:00 CEST

Vremenska statistika za 12-2014

Vremenska postaja:LaCrosse WS-2355
Programska oprema:weewx v4.0.0
WeeWX aktiven:17 days, 5 hours, 28 minutes
Strežnik aktiven:17 days, 14 hours, 5 minutes
                   MONTHLY CLIMATOLOGICAL SUMMARY for Dec 2014


NAME: Zgornja Velka, Šentilj                  
ELEV: 326 meters    LAT: 46-41.47 N    LONG: 015-46.07 E


                   TEMPERATURE (°C), RAIN (mm), WIND SPEED (km/h)

                                         HEAT   COOL         AVG
      MEAN                               DEG    DEG          WIND                   DOM
DAY   TEMP   HIGH   TIME    LOW   TIME   DAYS   DAYS   RAIN  SPEED   HIGH   TIME    DIR
---------------------------------------------------------------------------------------
 01
 02
 03    3.7    5.7  18:35    3.6  20:05   14.6    0.0    2.1    0.0    0.0  18:15    N/A
 04    4.2    4.7  12:00    3.6  00:05   14.1    0.0    2.6    0.0    0.0  00:05    N/A
 05    4.9    5.9  10:50    4.1  00:40   13.5    0.0    2.6    0.0    0.0  00:05    N/A
 06    5.5    6.2  21:10    5.0  06:15   12.9    0.0    6.2    0.0    0.0  00:05    N/A
 07    6.0    6.9  14:10    5.3  00:20   12.3    0.0    1.6    0.0    0.0  00:05    N/A
 08    5.7    7.9  14:05    4.3  00:00   12.6    0.0    0.0    0.0    0.0  00:05    N/A
 09    3.0    5.2  15:05   -1.1  23:55   15.3    0.0    2.1    0.0    0.0  00:05    N/A
 10    0.1    7.3  12:45   -2.8  07:25   18.3    0.0    1.6    0.0    0.0  00:05    N/A
 11    1.9    6.7  13:15   -1.1  08:35   16.5    0.0    1.6    0.0    0.0  00:05    N/A
 12    1.3    7.1  12:50   -1.6  08:00   17.0    0.0    2.1    0.0    0.0  00:05    N/A
 13    2.9   10.8  15:35   -1.7  06:00   15.4    0.0    0.5    0.0    0.0  00:05    N/A
 14    3.3    9.6  13:15    1.0  07:10   15.0    0.0    4.7    0.0    0.0  00:05    N/A
 15    2.5    6.9  13:55    0.2  05:50   15.8    0.0    0.0    0.0    0.0  00:05    N/A
 16    2.3    4.2  23:45    0.3  03:45   16.1    0.0    0.5    0.0    0.0  00:05    N/A
 17    5.8    9.4  13:00    3.9  21:50   12.6    0.0    2.1    0.0    0.0  00:05    N/A
 18    3.8    6.9  12:45    1.9  05:20   14.5    0.0    0.0    0.0    0.0  00:05    N/A
 19    5.8   14.0  12:55    2.1  08:00   12.5    0.0    0.0    0.0    0.0  00:05    N/A
 20    6.0   13.8  12:55    2.6  07:15   12.3    0.0    0.0    0.0    0.0  00:05    N/A
 21    4.0   13.4  12:55   -0.4  23:50   14.3    0.0    0.0    0.0    0.0  00:05    N/A
 22    0.8    2.8  14:00   -1.5  08:05   17.5    0.0    0.0    0.0    0.0  00:05    N/A
 23    2.7    7.9  14:40   -0.4  23:55   15.7    0.0    0.0    0.0    0.0  00:05    N/A
 24    0.6    7.1  12:40   -2.2  06:40   17.7    0.0    0.0    0.0    0.0  00:05    N/A
 25    1.7    7.6  13:00   -2.2  06:05   16.6    0.0    1.0    0.0    0.0  00:05    N/A
 26    2.0    8.6  12:55   -2.2  22:50   16.4    0.0    0.0    0.0    0.0  00:05    N/A
 27   -1.1    1.9  12:00   -4.5  08:10   19.5    0.0    0.0    0.0    0.0  00:05    N/A
 28   -1.7   -0.7  00:05   -4.1  00:00   20.0    0.0    0.0    0.0    0.0  00:05    N/A
 29   -5.0   -0.1  14:05   -9.8  08:30   23.3    0.0    0.0    0.0    0.0  00:05    N/A
 30   -7.4    0.0  13:05  -11.1  06:45   25.7    0.0    0.0    0.0    0.0  00:05    N/A
 31   -7.2    0.1  13:00  -11.1  00:10   25.5    0.0    0.0    0.0    0.0  00:05    N/A
---------------------------------------------------------------------------------------
       2.0   14.0     19  -11.1     30  473.5    0.0   31.1    0.0    0.0     03    N/A
    
Tropske noči (Tmin >= 20): 0
Vroči dnevi (Tmax >= 30): 0
Topli dnevi (Tmax >= 25): 0
Hladni dnevi (Tmin < 0): 2
Ledeni dnevi (Tmax < 0): 16