Vremenska postaja Sladki Vrh

46.691233 N| 15.767722 E| 326 meters | Prikaži na zemljevidu

Vreme na kratko
18.6°C 83% 1008.0 mbar 0 km/h 0 km/h 0.5 mm
-0.9°C/h 3%/h 0.1 mbar/h N/A ( N/A) N/A ( N/A) 0.0 mm/h

02/07/20 23:30:00 CEST

Vremenska statistika za 2014

Vremenska postaja:LaCrosse WS-2355
Programska oprema:weewx v4.0.0
WeeWX aktiven:17 days, 4 hours, 41 minutes
Strežnik aktiven:17 days, 13 hours, 18 minutes
                     CLIMATOLOGICAL SUMMARY for year 2014


NAME: Zgornja Velka, Šentilj                  
ELEV: 326 meters    LAT: 46-41.47 N    LONG: 015-46.07 E


                                       TEMPERATURE (°C)

                              HEAT    COOL                             Tropske Vroci  Topli  Hladni  Ledeni
          MEAN   MEAN         DEG     DEG                                >=     >=     >=      <       < 
 YR  MO   MAX    MIN    MEAN  DAYS    DAYS      HI  DAY     LOW  DAY     20     30     25      0       0
---------------------------------------------------------------------------------------------------------
2014 01    6.2    0.6    2.9  479.2    0.0    13.3   18    -7.9   26      0      0      0     14      6
2014 02    8.6    0.7    3.9  404.5    0.0    16.8   27    -3.9   01      0      0      0     12      2
2014 03   17.8    3.7   10.1  256.1    0.0    27.2   17    -0.1   09      0      0      3      2      0
2014 04   20.2    8.0   13.1  155.9    0.0    27.9   08     2.1   16      0      0      3      0      0
2014 05   22.4    9.9   15.6  101.1   16.4    30.6   24     3.9   05      0      3     10      0      0
2014 06   27.0   13.3   19.7   16.2   57.8    36.6   11     6.6   12      0      8     20      0      0
2014 07   27.8   16.0   21.0    6.2   88.7    34.3   20    10.2   01      0      9     25      0      0
2014 08   26.5   14.5   19.3   17.0   48.5    33.6   09    10.2   28      0      7     19      0      0
2014 09   22.0   12.5   16.0   75.0    5.5    29.6   09     6.2   24      0      0      8      0      0
2014 10   19.9    8.7   13.0  170.3    2.9    30.5   10     1.3   28      0      1      8      0      0
2014 11   14.0    7.1    9.9  205.3    0.0    21.2   05     1.3   23      0      0      0      0      0
2014 12    6.5   -0.7    2.0  473.5    0.0    14.0   19   -11.1   30      0      0      0     16      3
------------------------------------------------------------------------------------------------
          18.4    7.9   12.4 2360.3  219.7    36.6  Jun   -11.1  Dec      0     28     96     44     11


                  PRECIPITATION (mm)

                  MAX         ---DAYS OF RAIN---
                  OBS.               OVER
 YR  MO  TOTAL    DAY  DATE   0.20   2.00  20.00
------------------------------------------------
2014 01   22.3    7.8    05      8      3      0
2014 02   78.7   13.5    12     13     12      0
2014 03   13.5    4.1    23      7      3      0
2014 04   45.1    6.7    21     15      9      0
2014 05   69.4   20.2    11     16     10      1
2014 06   67.3   26.4    30      8      4      1
2014 07   82.4   12.9    09     15     14      0
2014 08  104.1   23.3    14     13     10      2
2014 09  133.6   27.4    13     18     12      2
2014 10   11.9    7.2    22      4      2      0
2014 11   33.1    9.8    18      6      6      0
2014 12   31.1    6.2    06     14      8      0
------------------------------------------------
         692.6   27.4   Sep    137     93      6


           WIND SPEED (km/h)

                                DOM
 YR  MO    AVG     HI   DATE    DIR
-----------------------------------
2014 01    0.0   14.5     17    316 
2014 02    0.0   12.9     15    320 
2014 03    0.1   17.7     22    331 
2014 04    0.1   17.7     14    333 
2014 05    0.1   16.1     20    323 
2014 06    0.0   45.1     07    351 
2014 07    0.0    0.0     01    N/A 
2014 08    0.0    0.0     01    N/A 
2014 09    0.0   91.7     19    313 
2014 10    0.0   67.6     08    296 
2014 11    0.0    0.0     01    N/A 
2014 12    0.0    0.0     03    N/A 
-----------------------------------
           0.0   91.7    Sep    326