Vremenska postaja Sladki Vrh

46.691233 N| 15.767722 E| 326 meters | Prikaži na zemljevidu

Vreme na kratko
19.3°C 81% 1007.8 mbar 0 km/h 0 km/h 0.0 mm
0.9°C/h -2%/h -0.2 mbar/h N/A ( N/A) N/A ( N/A) 0.0 mm/h

03/07/20 01:00:00 CEST

Vremenska statistika za 01-2015

Vremenska postaja:LaCrosse WS-2355
Programska oprema:weewx v4.0.0
WeeWX aktiven:17 days, 6 hours, 13 minutes
Strežnik aktiven:17 days, 14 hours, 51 minutes
                   MONTHLY CLIMATOLOGICAL SUMMARY for Jan 2015


NAME: Zgornja Velka, Šentilj                  
ELEV: 326 meters    LAT: 46-41.47 N    LONG: 015-46.07 E


                   TEMPERATURE (°C), RAIN (mm), WIND SPEED (km/h)

                                         HEAT   COOL         AVG
      MEAN                               DEG    DEG          WIND                   DOM
DAY   TEMP   HIGH   TIME    LOW   TIME   DAYS   DAYS   RAIN  SPEED   HIGH   TIME    DIR
---------------------------------------------------------------------------------------
 01   -3.5   -0.8  15:35   -7.3  02:00   21.8    0.0    0.0    0.0    0.0  00:05    N/A
 02   -0.6    5.4  13:05   -4.9  08:35   18.9    0.0    0.0    0.0    0.0  00:05    N/A
 03    0.1    5.9  13:05   -3.6  08:50   18.2    0.0    0.0    0.0    0.0  00:05    N/A
 04    1.2    9.6  13:05   -2.1  07:55   17.1    0.0    1.0    0.0    0.0  00:05    N/A
 05    1.3    7.1  13:05   -2.4  06:40   17.0    0.0    0.0    0.0    0.0  00:05    N/A
 06    1.9    5.1  12:50   -1.8  00:00   16.5    0.0    0.0    0.0    0.0  00:05    N/A
 07   -2.6   -0.4  15:10   -4.8  23:55   20.9    0.0    0.0    0.0    0.0  00:05    N/A
 08   -3.0    0.1  15:00   -6.2  03:20   21.3    0.0    0.0    0.0    0.0  00:05    N/A
 09    0.4    4.2  14:25   -3.2  05:50   18.0    0.0    0.0    0.0    0.0  00:05    N/A
 10    5.2   15.9  15:20   -0.1  06:20   13.1    0.0    0.0    0.0    0.0  00:05    N/A
 11    2.7    5.6  07:55   -0.4  00:00   15.6    0.0    4.1    0.0    0.0  00:05    N/A
 12    1.1    7.6  12:55   -1.9  06:25   17.2    0.0    0.0    0.0    0.0  00:05    N/A
 13    1.4   12.2  13:35   -2.2  00:55   17.0    0.0    0.0    0.0    0.0  00:05    N/A
 14    2.6   10.3  13:00   -1.8  08:25   15.8    0.0    0.0    0.0    0.0  00:05    N/A
 15    2.3    8.9  13:05   -1.1  08:20   16.0    0.0    0.0    0.0    0.0  00:05    N/A
 16    7.0   17.5  13:30   -1.1  03:55   11.4    0.0    0.0    0.0    0.0  00:05    N/A
 17   11.3   13.9  13:05    8.3  00:00    7.0    0.0    0.0    0.0    0.0  00:05    N/A
 18    4.8    8.3  00:05    2.4  19:00   13.5    0.0    0.0    0.0    0.0  00:05    N/A
 19    3.4    6.6  15:10    0.4  23:55   15.0    0.0    0.0    0.0    0.0  00:05    N/A
 20    2.0    3.6  16:40    0.1  00:50   16.4    0.0    0.0    0.0    0.0  00:05    N/A
 21    4.1    5.3  14:55    3.0  03:50   14.3    0.0    0.0    0.0    0.0  00:05    N/A
 22    5.0    5.7  14:25    4.2  06:20   13.3    0.0    0.0    0.0    0.0  00:05    N/A
 23    5.4    6.2  22:15    4.9  08:35   12.9    0.0    4.1    0.0    0.0  00:05    N/A
 24    5.2    6.2  11:10    3.3  22:35   13.1    0.0    0.0    0.0    0.0  00:05    N/A
 25    4.0    6.7  14:05    0.9  00:00   14.4    0.0    0.0    0.0    0.0  00:05    N/A
 26    1.2    7.9  13:50   -2.4  23:55   17.2    0.0    0.0    0.0    0.0  00:05    N/A
 27   -0.5    2.1  14:15   -3.1  02:45   18.9    0.0    0.0    0.0    0.0  00:05    N/A
 28    1.0   10.5  13:45   -3.9  07:25   17.3    0.0    0.0    0.0    0.0  00:05    N/A
 29    1.5    5.6  13:20   -1.1  01:35   16.9    0.0    0.0    0.0    0.0  00:05    N/A
 30    1.2    2.4  00:05    0.4  23:45   17.1    0.0    3.1    0.0    0.0  00:05    N/A
 31    0.6   10.2  13:50   -2.8  08:00   17.7    0.0    2.1    0.0    0.0  00:05    N/A
---------------------------------------------------------------------------------------
       2.2   17.5     16   -7.3     01  500.6    0.0   14.5    0.0    0.0     01    N/A
    
Tropske noči (Tmin >= 20): 0
Vroči dnevi (Tmax >= 30): 0
Topli dnevi (Tmax >= 25): 0
Hladni dnevi (Tmin < 0): 2
Ledeni dnevi (Tmax < 0): 21