Vremenska postaja Sladki Vrh

46.691233 N| 15.767722 E| 326 meters | Prikaži na zemljevidu

Vreme na kratko
18.8°C 84% 1008.0 mbar 0 km/h 0 km/h 0.0 mm
-0.0°C/h 2%/h 0.1 mbar/h N/A ( N/A) N/A ( N/A) 0.0 mm/h

03/07/20 00:15:00 CEST

Vremenska statistika za 02-2015

Vremenska postaja:LaCrosse WS-2355
Programska oprema:weewx v4.0.0
WeeWX aktiven:17 days, 5 hours, 28 minutes
Strežnik aktiven:17 days, 14 hours, 5 minutes
                   MONTHLY CLIMATOLOGICAL SUMMARY for Feb 2015


NAME: Zgornja Velka, Šentilj                  
ELEV: 326 meters    LAT: 46-41.47 N    LONG: 015-46.07 E


                   TEMPERATURE (°C), RAIN (mm), WIND SPEED (km/h)

                                         HEAT   COOL         AVG
      MEAN                               DEG    DEG          WIND                   DOM
DAY   TEMP   HIGH   TIME    LOW   TIME   DAYS   DAYS   RAIN  SPEED   HIGH   TIME    DIR
---------------------------------------------------------------------------------------
 01   -0.3    2.2  13:50   -2.9  04:45   18.6    0.0    0.5    0.0    0.0  00:05    N/A
 02    0.0    6.3  12:55   -3.4  23:55   18.3    0.0    1.5    0.0    0.0  00:05    N/A
 03   -0.5    4.1  11:25   -3.9  08:20   18.8    0.0    0.0    0.0    0.0  00:05    N/A
 04    0.3    2.2  16:20   -1.3  06:55   18.0    0.0    0.0    0.0    0.0  00:05    N/A
 05   -0.0    0.3  14:25   -0.7  06:50   18.3    0.0    0.0    0.0    0.0  00:05    N/A
 06    0.4    1.7  13:40   -0.6  21:40   17.9    0.0    0.0    0.0    0.0  00:05    N/A
 07   -1.0    5.4  14:00   -6.9  00:00   19.4    0.0    0.0    0.0    0.0  00:05    N/A
 08   -3.1    5.2  12:55   -7.7  03:25   21.5    0.0    0.0    0.0    0.0  00:05    N/A
 09   -1.3    1.9  12:20   -4.7  06:20   19.6    0.0    0.0    0.0    0.0  00:05    N/A
 10    3.2    7.6  14:00    0.4  00:05   15.2    0.0    0.0    0.1  119.2  05:50    334
 11    2.9    9.5  11:25   -0.4  04:05   15.4    0.0    0.0    0.0    0.0  00:05    N/A
 12    3.7    8.4  13:50   -0.1  00:00   14.6    0.0    0.0    0.0    0.0  00:05    N/A
 13    0.3    6.8  16:10   -2.5  08:05   18.0    0.0    0.0    0.0    0.0  00:05    N/A
 14    1.3    9.5  16:10   -3.4  04:35   17.1    0.0    0.0    0.0    0.0  00:05    N/A
 15    1.9    8.8  14:00   -1.1  03:25   16.5    0.0    0.0    0.0    0.0  00:05    N/A
 16    3.7   12.6  13:40   -0.2  23:45   14.6    0.0    0.0    0.0    0.0  00:15    N/A
 17    2.1    7.1  13:20   -0.8  02:35   16.2    0.0    0.0    0.0    0.0  00:05    N/A
 18    1.7    5.3  15:15   -2.1  23:40   16.6    0.0    0.0    0.0    0.0  00:05    N/A
 19    1.7   11.2  13:55   -4.0  07:10   16.7    0.0    0.0    0.0    0.0  00:05    N/A
 20    3.7   14.9  13:55   -2.6  06:45   14.6    0.0    0.0    0.0    0.0  00:05    N/A
 21    6.1   15.4  13:55   -1.5  07:05   12.2    0.0    0.0    0.0    0.0  00:05    N/A
 22    4.2    5.7  14:55    1.9  03:15   14.1    0.0   10.4    0.0    0.0  00:05    N/A
 23    5.4    8.1  16:40    3.9  04:15   12.9    0.0    1.0    0.0    0.0  00:05    N/A
 24    5.4    6.3  12:55    4.6  00:05   13.0    0.0   11.4    0.0    0.0  00:05    N/A
 25    6.4    9.1  15:15    4.2  04:25   12.0    0.0    0.0    0.0    0.0  00:05    N/A
 26    7.1   15.4  13:15    1.6  00:00   11.2    0.0    0.0    0.0    0.0  00:05    N/A
 27    5.1   15.0  13:35   -0.4  06:30   13.2    0.0    0.0    0.0    0.0  00:05    N/A
 28    6.0   13.0  13:05    1.9  00:05   12.3    0.0    0.0    0.0    0.0  00:05    N/A
---------------------------------------------------------------------------------------
       2.4   15.4     21   -7.7     08  446.8    0.0   24.9    0.0  119.2     10    334
    
Tropske noči (Tmin >= 20): 0
Vroči dnevi (Tmax >= 30): 0
Topli dnevi (Tmax >= 25): 0
Hladni dnevi (Tmin < 0): 0
Ledeni dnevi (Tmax < 0): 21