Vremenska postaja Sladki Vrh

46.691233 N| 15.767722 E| 326 meters | Prikaži na zemljevidu

Vreme na kratko
19.4°C 80% 1007.8 mbar 0 km/h 0 km/h 0.0 mm
0.6°C/h -4%/h -0.2 mbar/h N/A ( N/A) N/A ( N/A) 0.0 mm/h

03/07/20 01:15:00 CEST

Vremenska statistika za 03-2015

Vremenska postaja:LaCrosse WS-2355
Programska oprema:weewx v4.0.0
WeeWX aktiven:17 days, 6 hours, 26 minutes
Strežnik aktiven:17 days, 15 hours, 4 minutes
                   MONTHLY CLIMATOLOGICAL SUMMARY for Mar 2015


NAME: Zgornja Velka, Šentilj                  
ELEV: 326 meters    LAT: 46-41.47 N    LONG: 015-46.07 E


                   TEMPERATURE (°C), RAIN (mm), WIND SPEED (km/h)

                                         HEAT   COOL         AVG
      MEAN                               DEG    DEG          WIND                   DOM
DAY   TEMP   HIGH   TIME    LOW   TIME   DAYS   DAYS   RAIN  SPEED   HIGH   TIME    DIR
---------------------------------------------------------------------------------------
 01    6.0   13.7  13:10   -0.4  06:55   12.3    0.0    0.0    0.0    0.0  00:05    N/A
 02    7.3   14.2  14:45    3.0  00:00   11.0    0.0    1.0    0.0    0.0  00:05    N/A
 03    7.7   16.7  14:05    1.0  03:30   10.7    0.0    0.0    0.0    0.0  00:05    N/A
 04    6.1   13.8  12:25    0.4  01:55   12.2    0.0    0.0    0.0    3.2  14:35     74
 05    5.6    9.8  14:00    3.2  04:10   12.7    0.0    0.0    0.0    0.0  00:05    N/A
 06    4.5   11.4  13:40   -1.1  06:20   13.9    0.0    0.0    0.0    0.0  00:05    N/A
 07    4.4   12.8  12:00   -1.6  03:40   14.0    0.0    0.0    0.0    0.0  00:05    N/A
 08    4.6   13.6  12:40   -2.1  06:25   13.7    0.0    0.0    0.0    0.0  00:05    N/A
 09    5.1   14.3  13:05   -1.7  06:40   13.3    0.0    0.0    0.0    0.0  00:05    N/A
 10    7.2   18.5  14:35   -1.1  06:05   11.1    0.0    0.0    0.0    0.0  00:05    N/A
 11    5.1   11.5  16:20    1.5  06:35   13.3    0.0    0.0    0.0    0.0  00:05    N/A
 12    6.5   12.0  15:00    2.7  00:05   11.8    0.0    0.0    0.0    0.0  00:05    N/A
 13    5.6   11.6  14:55    0.8  06:45   12.7    0.0    0.0    0.2  106.9  03:10    333
 14    5.0   12.2  14:45    0.6  03:50   13.4    0.0    0.0    0.0    0.0  00:05    N/A
 15    4.2    8.6  14:20    0.1  03:45   14.1    0.0    0.0    0.0    0.0  00:05    N/A
 16    7.3   12.8  13:00    1.3  03:25   11.0    0.0    0.0    0.0    0.0  00:05    N/A
 17    7.7   15.1  16:00    2.4  06:15   10.7    0.0    0.0    0.0    0.0  00:05    N/A
 18    7.8   17.8  15:15    0.8  04:40   10.5    0.0    0.0    0.0    0.0  00:05    N/A
 19    8.0   16.9  14:35    1.5  04:30   10.4    0.0    0.0    0.0    0.0  00:05    N/A
 20    7.3   17.0  14:20    0.1  05:35   11.1    0.0    0.0    0.0    0.0  00:05    N/A
 21    9.6   21.6  13:55   -0.2  06:05    8.8    0.0    0.0    0.0    0.0  00:05    N/A
 22    9.1   16.9  12:10    3.4  02:20    9.2    0.0    0.0    0.0    0.0  00:05    N/A
 23    8.6   16.3  14:00    2.4  06:35    9.8    0.0    0.0    0.0    0.0  00:05    N/A
 24    9.2   19.8  15:05    1.1  06:10    9.1    0.0    0.0    0.0    0.0  00:05    N/A
 25    9.1   14.1  14:40    3.3  06:25    9.3    0.0    8.8    0.0    0.0  00:05    N/A
 26   11.8   18.9  15:40    9.1  06:05    6.5    0.0    3.1    0.0    0.0  00:05    N/A
 27    9.5   10.4  13:25    8.2  08:20    8.8    0.0    3.6    0.0    0.0  00:05    N/A
 28   10.2   18.0  13:10    3.4  23:55    8.1    0.0    0.0    0.0    0.0  00:05    N/A
 29   11.2   20.1  16:45    1.8  05:20    7.1    0.0    0.0    0.0    0.0  00:05    N/A
 30   12.2   20.8  12:50    7.6  00:00    6.1    0.0    1.0    0.0    0.0  00:05    N/A
 31   13.0   24.1  15:30    3.3  04:50    5.3    0.0    0.0    0.0    0.0  00:05    N/A
---------------------------------------------------------------------------------------
       7.6   24.1     31   -2.1     08  332.0    0.0   17.6    0.0  106.9     13    337
    
Tropske noči (Tmin >= 20): 0
Vroči dnevi (Tmax >= 30): 0
Topli dnevi (Tmax >= 25): 0
Hladni dnevi (Tmin < 0): 0
Ledeni dnevi (Tmax < 0): 7