Vremenska postaja Sladki Vrh

46.691233 N| 15.767722 E| 326 meters | Prikaži na zemljevidu

Vreme na kratko
18.9°C 83% 1008.0 mbar 0 km/h 0 km/h 0.0 mm
0.3°C/h 0%/h -0.0 mbar/h N/A ( N/A) N/A ( N/A) 0.0 mm/h

03/07/20 00:30:00 CEST

Vremenska statistika za 04-2015

Vremenska postaja:LaCrosse WS-2355
Programska oprema:weewx v4.0.0
WeeWX aktiven:17 days, 5 hours, 41 minutes
Strežnik aktiven:17 days, 14 hours, 18 minutes
                   MONTHLY CLIMATOLOGICAL SUMMARY for Apr 2015


NAME: Zgornja Velka, Šentilj                  
ELEV: 326 meters    LAT: 46-41.47 N    LONG: 015-46.07 E


                   TEMPERATURE (°C), RAIN (mm), WIND SPEED (km/h)

                                         HEAT   COOL         AVG
      MEAN                               DEG    DEG          WIND                   DOM
DAY   TEMP   HIGH   TIME    LOW   TIME   DAYS   DAYS   RAIN  SPEED   HIGH   TIME    DIR
---------------------------------------------------------------------------------------
 01    8.4   14.2  17:05    4.1  06:30    9.9    0.0    0.0    0.0    7.2  18:50    333
 02    8.6   17.1  15:05    0.6  06:55    9.8    0.0    0.0    0.1    9.7  16:05    323
 03    8.0   16.9  15:25   -0.0  07:10   10.3    0.0    0.0    0.0    0.0  00:05    N/A
 04    5.2    8.8  12:55    1.8  01:20   13.1    0.0    0.0    0.0    0.0  00:05    N/A
 05    6.5   11.1  14:30    2.4  23:45   11.8    0.0    0.5    0.0    4.3  10:25     69
 06    4.6   11.0  13:20   -0.9  07:00   13.7    0.0    0.0    0.0    0.0  00:05    N/A
 07    6.5   12.9  16:05    1.9  00:35   11.9    0.0    0.0    0.0    0.0  00:05    N/A
 08    8.0   12.9  17:15    2.2  05:20   10.4    0.0    0.0    0.0    0.0  00:05    N/A
 09   10.2   19.1  16:10    2.5  06:35    8.2    0.0    0.0    0.0    0.0  00:05    N/A
 10   12.9   23.8  16:20    2.7  06:20    5.4    0.0    0.0    0.0    0.0  00:05    N/A
 11   14.4   24.6  14:35    5.3  06:55    3.9    0.0    1.6    0.0    0.0  00:05    N/A
 12   16.2   25.2  13:20    8.1  06:20    2.1    0.0    0.0    0.1   86.0  06:45    342
 13   16.7   27.6  14:30    6.8  06:20    1.7    0.0    0.0    0.0    0.0  00:05    N/A
 14   14.1   21.6  15:50    7.9  06:45    4.2    0.0    0.0    0.0    0.0  00:05    N/A
 15   17.5   29.1  17:00    7.2  05:10    0.8    0.0    0.0    0.0    0.0  00:05    N/A
 16   19.0   29.9  13:50    7.7  06:55    0.0    0.6    0.0    0.0    3.6  14:30    346
 17   15.6   21.1  11:40   10.4  06:10    2.8    0.0    0.5    0.0    6.1  12:40    331
 18    9.3   13.2  14:35    5.6  22:55    9.1    0.0    6.7    0.0    0.0  00:05    N/A
 19    9.2   17.1  15:15    1.4  06:10    9.1    0.0    0.0    0.0    0.0  00:05    N/A
 20   12.5   23.4  16:40    1.9  06:30    5.8    0.0    0.0    0.0    0.0  00:05    N/A
 21   15.0   25.6  15:15    5.6  06:20    3.3    0.0    0.0    0.0    0.0  00:05    N/A
 22   16.8   27.3  14:45    6.0  06:25    1.6    0.0    0.0    0.2  151.2  02:45      7
 23   16.4   25.6  14:50    7.0  06:25    1.9    0.0    0.0    0.0    0.0  00:05    N/A
 24   16.4   22.6  13:25   11.0  00:00    2.0    0.0    0.0    0.0    0.0  00:05    N/A
 25   16.5   26.0  15:10    7.0  06:20    1.9    0.0    0.0    0.0    0.0  00:05    N/A
 26   18.3   26.5  14:20   10.9  05:50    0.1    0.0    0.0    0.0    0.0  00:05    N/A
 27   18.5   26.1  14:25   10.9  03:35    0.0    0.2    0.0    0.0    0.0  00:05    N/A
 28   13.3   15.3  14:30   11.4  04:30    5.1    0.0    8.8    0.0    0.0  00:05    N/A
 29   14.2   21.3  14:30    7.6  06:45    4.1    0.0    0.0    0.0    0.0  00:05    N/A
 30   13.0   20.3  13:25    5.7  06:15    5.3    0.0    0.0    0.0    0.0  00:05    N/A
---------------------------------------------------------------------------------------
      12.7   29.9     16   -0.9     06  169.2    0.8   18.1    0.0  151.2     22    350
    
Tropske noči (Tmin >= 20): 0
Vroči dnevi (Tmax >= 30): 0
Topli dnevi (Tmax >= 25): 10
Hladni dnevi (Tmin < 0): 0
Ledeni dnevi (Tmax < 0): 2