Vremenska postaja Sladki Vrh

46.691233 N| 15.767722 E| 326 meters | Prikaži na zemljevidu

Vreme na kratko
18.8°C 82% 1007.9 mbar 0 km/h 0 km/h 0.5 mm
-1.0°C/h 2%/h -0.0 mbar/h N/A ( N/A) N/A ( N/A) 0.0 mm/h

02/07/20 23:15:00 CEST

Vremenska statistika za 05-2015

Vremenska postaja:LaCrosse WS-2355
Programska oprema:weewx v4.0.0
WeeWX aktiven:17 days, 4 hours, 26 minutes
Strežnik aktiven:17 days, 13 hours, 3 minutes
                   MONTHLY CLIMATOLOGICAL SUMMARY for May 2015


NAME: Zgornja Velka, Šentilj                  
ELEV: 326 meters    LAT: 46-41.47 N    LONG: 015-46.07 E


                   TEMPERATURE (°C), RAIN (mm), WIND SPEED (km/h)

                                         HEAT   COOL         AVG
      MEAN                               DEG    DEG          WIND                   DOM
DAY   TEMP   HIGH   TIME    LOW   TIME   DAYS   DAYS   RAIN  SPEED   HIGH   TIME    DIR
---------------------------------------------------------------------------------------
 01   12.7   19.2  13:50    5.9  06:00    5.6    0.0    0.0    0.0    0.0  00:05    N/A
 02   16.4   25.2  14:30   12.4  06:30    2.0    0.0   18.1    0.0    0.0  00:05    N/A
 03   14.7   19.1  14:05   11.6  05:50    3.6    0.0    2.1    0.0    0.0  00:05    N/A
 04   18.3   26.5  15:00   12.9  02:55    0.0    0.0    0.0    0.0    0.0  00:05    N/A
 05   20.8   30.2  13:15   13.1  06:10    0.0    2.4    0.0    0.0    0.0  00:05    N/A
 06   21.0   31.1  16:10   15.1  04:30    0.0    2.7    0.0    0.0    0.0  00:05    N/A
 07   19.4   27.4  14:45   12.9  03:35    0.0    1.1    0.0    0.0    0.0  00:05    N/A
 08   19.3   27.4  15:15   11.1  06:10    0.0    0.9    0.0    0.0    0.0  00:05    N/A
 09   17.4   28.1  14:45   12.7  05:30    0.9    0.0    5.2    0.0    0.0  00:05    N/A
 10   18.0   25.3  13:55   12.3  06:15    0.3    0.0    0.0    0.0    0.0  00:05    N/A
 11   17.1   25.3  15:15    9.9  06:10    1.2    0.0    0.0    0.0    0.0  00:05    N/A
 12   18.0   27.8  14:50    7.9  05:50    0.3    0.0    0.0    0.0    0.0  00:05    N/A
 13   20.3   29.0  15:55   12.4  05:55    0.0    2.0    1.0    0.0    0.0  00:05    N/A
 14   19.3   26.3  14:35   15.0  06:45    0.0    1.0    0.5    0.0    0.0  00:05    N/A
 15   13.9   16.9  00:05   13.3  21:20    4.4    0.0    8.3    0.0    0.0  00:05    N/A
 16   15.9   22.3  16:05   13.0  05:00    2.4    0.0    2.6    0.0    0.0  00:05    N/A
 17   16.8   22.9  12:30   11.1  06:00    1.6    0.0    0.0    0.0    0.0  00:05    N/A
 18   18.3   25.7  14:50   13.2  02:10    0.0    0.0    0.0    0.0    0.0  00:05    N/A
 19   20.1   30.8  15:20   12.2  06:00    0.0    1.8   11.4    0.0    0.0  00:05    N/A
 20   19.1   27.8  14:45   12.8  00:00    0.0    0.7    2.6    0.0    0.0  00:05    N/A
 21   12.2   14.5  15:05   10.2  04:40    6.1    0.0    5.2    0.0    0.0  00:05    N/A
 22   11.6   12.3  10:30   10.9  22:45    6.7    0.0   32.6    0.0    0.0  00:05    N/A
 23   11.5   12.3  14:25   10.7  01:55    6.9    0.0   26.9    0.0    0.0  00:05    N/A
 24   14.9   21.9  16:00   10.9  03:15    3.4    0.0    1.6    0.0    0.0  00:05    N/A
 25   14.8   18.4  12:20   10.4  05:30    3.5    0.0    0.0    0.0    0.0  00:05    N/A
 26   16.3   21.3  16:25   13.3  05:20    2.0    0.0    0.0    0.0    0.0  00:05    N/A
 27   14.0   18.6  14:20    9.3  06:10    4.3    0.0    0.0    0.0    0.0  00:05    N/A
 28   15.4   22.4  15:45    9.4  05:35    2.9    0.0    0.0    0.0    0.0  00:05    N/A
 29   17.7   26.7  15:25    8.1  05:25    0.6    0.0    0.0    0.0    0.4  16:25     18
 30   19.1   28.9  15:05   10.7  06:10    0.0    0.8    6.2    0.0    0.0  00:05    N/A
 31   17.5   23.0  15:25   14.7  03:55    0.8    0.0    5.7    0.0    0.0  00:05    N/A
---------------------------------------------------------------------------------------
      16.8   31.1     06    5.9     01   59.7   13.4  130.0    0.0    0.4     29     18
    
Tropske noči (Tmin >= 20): 0
Vroči dnevi (Tmax >= 30): 3
Topli dnevi (Tmax >= 25): 17
Hladni dnevi (Tmin < 0): 0
Ledeni dnevi (Tmax < 0): 0