Vremenska postaja Sladki Vrh

46.691233 N| 15.767722 E| 326 meters | Prikaži na zemljevidu

Vreme na kratko
18.9°C 83% 1008.0 mbar 0 km/h 0 km/h 0.0 mm
0.3°C/h 0%/h -0.0 mbar/h N/A ( N/A) N/A ( N/A) 0.0 mm/h

03/07/20 00:30:00 CEST

Vremenska statistika za 06-2015

Vremenska postaja:LaCrosse WS-2355
Programska oprema:weewx v4.0.0
WeeWX aktiven:17 days, 5 hours, 41 minutes
Strežnik aktiven:17 days, 14 hours, 18 minutes
                   MONTHLY CLIMATOLOGICAL SUMMARY for Jun 2015


NAME: Zgornja Velka, Šentilj                  
ELEV: 326 meters    LAT: 46-41.47 N    LONG: 015-46.07 E


                   TEMPERATURE (°C), RAIN (mm), WIND SPEED (km/h)

                                         HEAT   COOL         AVG
      MEAN                               DEG    DEG          WIND                   DOM
DAY   TEMP   HIGH   TIME    LOW   TIME   DAYS   DAYS   RAIN  SPEED   HIGH   TIME    DIR
---------------------------------------------------------------------------------------
 01   20.0   29.2  15:40   12.9  04:35    0.0    1.7    7.8    0.0    0.0  00:05    N/A
 02   21.7   30.5  14:40   14.4  06:05    0.0    3.4    0.0    0.0    0.0  00:05    N/A
 03   23.9   33.8  15:15   15.4  05:35    0.0    5.6    0.0    0.0    0.0  00:05    N/A
 04   25.1   33.9  14:55   17.9  05:35    0.0    6.8    0.0    0.0    0.0  00:05    N/A
 05   23.0   30.4  15:30   16.2  05:40    0.0    4.7    0.0    0.0    0.0  00:05    N/A
 06   23.7   32.2  14:55   15.8  05:20    0.0    5.4    0.0    0.0    0.0  00:05    N/A
 07   24.0   32.2  14:15   17.8  05:20    0.0    5.7    0.0    0.0    0.0  00:05    N/A
 08   22.0   30.2  12:25   15.7  05:35    0.0    3.7    0.0    0.0    0.0  00:05    N/A
 09   22.3   31.1  15:30   15.9  05:35    0.0    4.0    0.0    0.0    0.0  00:05    N/A
 10   21.9   29.7  15:50   15.6  05:20    0.0    3.6    0.0    0.0    0.0  00:05    N/A
 11   23.6   30.8  15:25   16.6  05:35    0.0    5.2    0.0    0.0    0.0  00:05    N/A
 12   25.4   32.8  15:35   17.9  05:30    0.0    7.1    0.0    0.0    8.3  17:55    288
 13   26.3   34.3  15:10   19.4  02:25    0.0    8.0    0.0    0.4   12.2  15:40    323
 14   24.1   32.2  13:45   17.8  04:45    0.0    5.8    4.1    0.0    9.7  21:25    291
 15   21.5   29.9  14:15   16.3  03:30    0.0    3.2    3.6    0.0    0.0  00:05    N/A
 16   17.5   19.9  00:05   15.9  23:25    0.8    0.0   19.2    0.0    0.0  00:05    N/A
 17   17.3   22.7  15:05   13.3  00:00    1.1    0.0    0.0    0.0    0.0  00:05    N/A
 18   18.4   25.2  14:10   10.4  05:45    0.0    0.0    0.0    0.0    0.0  00:05    N/A
 19   17.8   22.4  13:45   14.4  00:00    0.6    0.0    6.2    0.0    0.0  00:05    N/A
 20   15.8   22.4  12:55   11.6  00:00    2.5    0.0    0.5    0.0    0.0  00:05    N/A
 21   15.9   22.0  15:55   10.1  03:35    2.4    0.0    0.0    0.0    0.0  00:05    N/A
 22   19.4   27.6  15:20   10.9  05:40    0.0    1.0    0.0    0.0    0.0  00:05    N/A
 23   14.8   18.1  00:30   12.8  23:00    3.5    0.0   21.8    0.0    0.0  00:05    N/A
 24   16.0   22.9  15:40   12.3  05:40    2.3    0.0    0.5    0.0    0.0  00:05    N/A
 25   18.6   27.2  15:20   10.2  05:45    0.0    0.2    0.0    0.0    0.0  00:05    N/A
 26   21.3   28.3  15:40   15.6  06:15    0.0    3.0    0.0    0.1   38.9  09:25    305
 27   19.5   26.8  13:50   15.5  04:45    0.0    1.1    0.5    0.0    0.0  00:05    N/A
 28   20.3   26.6  16:15   15.4  05:45    0.0    1.9    0.5    0.0    0.0  00:05    N/A
 29   19.5   27.2  15:35   12.9  05:35    0.0    1.2    0.0    0.0    0.0  00:05    N/A
 30   22.0   29.9  15:45   15.0  05:20    0.0    3.6    0.0    0.0    0.0  00:05    N/A
---------------------------------------------------------------------------------------
      20.8   34.3     13   10.1     21   13.2   85.9   64.7    0.0   38.9     26    317
    
Tropske noči (Tmin >= 20): 0
Vroči dnevi (Tmax >= 30): 12
Topli dnevi (Tmax >= 25): 23
Hladni dnevi (Tmin < 0): 0
Ledeni dnevi (Tmax < 0): 0