Vremenska postaja Sladki Vrh

46.691233 N| 15.767722 E| 326 meters | Prikaži na zemljevidu

Vreme na kratko
18.6°C 83% 1008.0 mbar 0 km/h 0 km/h 0.5 mm
-0.9°C/h 3%/h 0.1 mbar/h N/A ( N/A) N/A ( N/A) 0.0 mm/h

02/07/20 23:30:00 CEST

Vremenska statistika za 07-2015

Vremenska postaja:LaCrosse WS-2355
Programska oprema:weewx v4.0.0
WeeWX aktiven:17 days, 4 hours, 41 minutes
Strežnik aktiven:17 days, 13 hours, 18 minutes
                   MONTHLY CLIMATOLOGICAL SUMMARY for Jul 2015


NAME: Zgornja Velka, Šentilj                  
ELEV: 326 meters    LAT: 46-41.47 N    LONG: 015-46.07 E


                   TEMPERATURE (°C), RAIN (mm), WIND SPEED (km/h)

                                         HEAT   COOL         AVG
      MEAN                               DEG    DEG          WIND                   DOM
DAY   TEMP   HIGH   TIME    LOW   TIME   DAYS   DAYS   RAIN  SPEED   HIGH   TIME    DIR
---------------------------------------------------------------------------------------
 01   24.3   31.9  14:30   17.1  05:35    0.0    5.9    0.0    0.0    0.0  00:05    N/A
 02   25.2   33.0  14:15   18.4  05:50    0.0    6.8    0.0    0.0    0.0  00:05    N/A
 03   25.4   32.8  14:40   18.9  05:40    0.0    7.1    0.0    0.0    0.0  00:05    N/A
 04   25.5   33.0  15:05   18.9  06:05    0.0    7.1    0.0    0.0    0.0  00:05    N/A
 05   25.9   35.1  15:40   18.3  05:00    0.0    7.6    0.0    0.0    0.0  00:05    N/A
 06   27.3   37.7  14:55   18.9  05:05    0.0    8.9    0.0    0.0    0.0  00:05    N/A
 07   29.7   37.7  14:35   23.0  06:30    0.0   11.3    0.0    0.0    0.0  00:05    N/A
 08   24.0   33.5  11:05   18.7  23:55    0.0    5.7   29.5    0.0    5.8  14:50     27
 09   20.1   25.8  15:20   16.5  00:00    0.0    1.7    4.7    0.0    0.0  00:05    N/A
 10   20.0   27.7  15:25   13.5  05:45    0.0    1.6    0.0    0.0    0.0  00:05    N/A
 11   22.1   29.9  15:40   14.8  06:25    0.0    3.8    1.0    0.0    0.0  00:05    N/A
 12   24.8   33.8  15:15   17.4  05:40    0.0    6.5    0.0    0.0    0.0  00:05    N/A
 13   22.1   24.4  17:55   20.5  00:00    0.0    3.7    0.0    0.0    0.0  00:05    N/A
 14   25.0   31.8  15:20   18.9  05:45    0.0    6.7    0.0    0.0    0.0  00:05    N/A
 15   25.1   32.6  14:55   19.0  05:45    0.0    6.8    0.0    0.0    0.0  00:05    N/A
 16   24.1   32.5  16:20   20.9  05:40    0.0    5.8    0.0    0.0    0.0  00:05    N/A
 17   28.6   36.5  16:00   21.6  06:05    0.0   10.3    0.0    0.0    0.0  00:05    N/A
 18   29.6   34.9  16:05   20.9  06:25    0.0   11.2    0.0    0.0    5.8  13:45     50
 19   28.3   36.9  15:35   20.9  06:05    0.0    9.9    0.0    0.0    0.0  00:05    N/A
 20   27.3   34.9  15:40   20.7  06:15    0.0    9.0    0.0    0.0    0.0  00:05    N/A
 21   27.3   35.6  14:20   21.4  05:20    0.0    9.0    0.0    0.0    0.0  00:05    N/A
 22   28.3   37.2  15:45   21.0  06:10    0.0   10.0    0.0    0.0    0.0  00:05    N/A
 23   26.2   36.9  14:50   21.8  05:25    0.0    7.8    1.0    0.0    0.0  00:05    N/A
 24   26.3   33.4  16:10   21.1  05:50    0.0    8.0    0.0    0.0    1.1  12:10    338
 25   24.1   31.6  12:35   18.9  00:00    0.0    5.8   11.4    0.0    5.0  15:35    325
 26   18.4   20.9  17:15   16.4  23:50    0.0    0.1    2.6    0.0    0.0  00:05    N/A
 27   18.1   20.8  16:15   15.9  06:15    0.3    0.0    3.1    0.0    0.0  00:05    N/A
 28   19.4   22.8  16:10   17.1  02:20    0.0    1.0    0.0    0.0    0.0  00:05    N/A
 29   17.7   18.8  18:20   16.4  10:10    0.6    0.0    3.6    0.0    0.0  00:05    N/A
 30   17.2   19.2  16:25   16.1  23:45    1.1    0.0    3.6    0.0    0.0  00:05    N/A
 31   19.4   27.7  16:15   14.7  00:00    0.0    1.0    0.5    0.0    0.0  00:05    N/A
---------------------------------------------------------------------------------------
      23.9   37.7     06   13.5     10    2.0  180.2   61.1    0.0    5.8     08     14
    
Tropske noči (Tmin >= 20): 11
Vroči dnevi (Tmax >= 30): 21
Topli dnevi (Tmax >= 25): 25
Hladni dnevi (Tmin < 0): 0
Ledeni dnevi (Tmax < 0): 0