Vremenska postaja Sladki Vrh

46.691233 N| 15.767722 E| 326 meters | Prikaži na zemljevidu

Vreme na kratko
19.1°C 83% 1007.8 mbar 0 km/h 0 km/h 0.0 mm
0.7°C/h 0%/h -0.2 mbar/h N/A ( N/A) N/A ( N/A) 0.0 mm/h

03/07/20 00:45:00 CEST

Vremenska statistika za 08-2015

Vremenska postaja:LaCrosse WS-2355
Programska oprema:weewx v4.0.0
WeeWX aktiven:17 days, 5 hours, 56 minutes
Strežnik aktiven:17 days, 14 hours, 33 minutes
                   MONTHLY CLIMATOLOGICAL SUMMARY for Aug 2015


NAME: Zgornja Velka, Šentilj                  
ELEV: 326 meters    LAT: 46-41.47 N    LONG: 015-46.07 E


                   TEMPERATURE (°C), RAIN (mm), WIND SPEED (km/h)

                                         HEAT   COOL         AVG
      MEAN                               DEG    DEG          WIND                   DOM
DAY   TEMP   HIGH   TIME    LOW   TIME   DAYS   DAYS   RAIN  SPEED   HIGH   TIME    DIR
---------------------------------------------------------------------------------------
 01   20.0   28.8  15:00   11.6  05:50    0.0    1.7    0.0    0.0    0.0  00:05    N/A
 02   21.5   28.2  14:05   17.9  06:00    0.0    3.2    0.0    0.0    0.0  00:05    N/A
 03   23.3   31.3  15:10   17.9  04:30    0.0    4.9    0.0    0.0    0.0  00:05    N/A
 04   25.2   33.1  16:05   18.3  06:05    0.0    6.9    0.0    0.0    0.0  00:05    N/A
 05   26.4   34.4  15:40   20.5  06:25    0.0    8.1    0.0    0.0    0.0  00:05    N/A
 06   26.7   36.1  15:40   19.2  06:05    0.0    8.4    0.0    0.0    0.0  00:05    N/A
 07   27.3   36.5  15:15   20.1  06:05    0.0    8.9    0.0    0.0    0.0  00:05    N/A
 08   27.1   36.4  15:10   20.1  06:15    0.0    8.8    0.0    0.0    0.0  00:05    N/A
 09   26.8   36.3  15:45   19.5  06:15    0.0    8.4    0.0    0.0    0.0  00:05    N/A
 10   25.6   35.3  16:10   18.3  05:55    0.0    7.3    0.0    0.0    0.0  00:05    N/A
 11   25.5   36.1  15:50   17.5  05:50    0.0    7.1    0.0    0.0    0.0  00:05    N/A
 12   25.8   37.4  15:15   17.1  06:35    0.0    7.5    0.0    0.0    0.0  00:05    N/A
 13   26.3   37.6  15:30   17.6  06:10    0.0    7.9    0.0    0.0    0.0  00:05    N/A
 14   26.5   36.1  15:25   18.9  06:20    0.0    8.1    0.0    0.0    0.0  00:05    N/A
 15   25.6   35.7  15:25   19.0  00:00    0.0    7.2    2.1    0.0    0.0  00:05    N/A
 16   23.2   31.1  16:10   18.1  05:45    0.0    4.8    5.2    0.0    0.0  00:05    N/A
 17   18.7   19.5  19:10   17.9  23:50    0.0    0.4   40.9    0.0    0.0  00:05    N/A
 18   22.5   30.4  14:50   17.3  06:25    0.0    4.1    5.2    0.0    0.0  00:05    N/A
 19   20.0   25.6  16:40   17.2  04:25    0.0    1.7    0.0    0.0    0.0  00:05    N/A
 20   18.4   20.7  14:05   17.3  07:10    0.0    0.1    0.5    0.0    0.0  00:05    N/A
 21   18.1   22.6  13:50   15.3  00:00    0.3    0.0    0.0    0.0    0.0  00:05    N/A
 22   19.3   27.5  14:15   13.2  06:10    0.0    0.9    0.0    0.0    0.0  00:05    N/A
 23   19.2   26.5  16:15   15.0  04:10    0.0    0.9    0.0    0.0    0.0  00:05    N/A
 24   21.3   29.0  13:40   14.5  07:10    0.0    3.0    0.0    0.0    0.0  00:05    N/A
 25   18.0   22.4  10:50   15.6  22:50    0.4    0.0    0.5    0.0    0.0  00:05    N/A
 26   20.3   29.1  14:50   13.5  05:00    0.0    2.0    0.0    0.0    0.0  00:05    N/A
 27   22.4   31.3  15:05   14.2  06:10    0.0    4.0    0.0    0.0    0.0  00:05    N/A
 28   24.1   35.1  15:05   16.4  06:45    0.0    5.7    0.0    0.0    0.0  00:05    N/A
 29   25.5   36.3  15:35   17.1  06:25    0.0    7.2    0.0    0.0    0.0  00:05    N/A
 30   25.4   34.9  14:10   16.8  06:25    0.0    7.0    0.0    0.0    0.0  00:05    N/A
 31   25.3   35.1  15:40   18.1  06:40    0.0    7.0    0.0    0.0    0.0  00:05    N/A
---------------------------------------------------------------------------------------
      23.2   37.6     13   11.6     01    0.6  153.2   54.4    0.0    0.0     01    N/A
    
Tropske noči (Tmin >= 20): 3
Vroči dnevi (Tmax >= 30): 20
Topli dnevi (Tmax >= 25): 27
Hladni dnevi (Tmin < 0): 0
Ledeni dnevi (Tmax < 0): 0