Vremenska postaja Sladki Vrh

46.691233 N| 15.767722 E| 326 meters | Prikaži na zemljevidu

Vreme na kratko
18.5°C 83% 1008.0 mbar 0 km/h 0 km/h 0.0 mm
-0.4°C/h 1%/h 0.1 mbar/h N/A ( N/A) N/A ( N/A) 0.0 mm/h

03/07/20 00:05:00 CEST

Vremenska statistika za 09-2015

Vremenska postaja:LaCrosse WS-2355
Programska oprema:weewx v4.0.0
WeeWX aktiven:17 days, 5 hours, 14 minutes
Strežnik aktiven:17 days, 13 hours, 52 minutes
                   MONTHLY CLIMATOLOGICAL SUMMARY for Sep 2015


NAME: Zgornja Velka, Šentilj                  
ELEV: 326 meters    LAT: 46-41.47 N    LONG: 015-46.07 E


                   TEMPERATURE (°C), RAIN (mm), WIND SPEED (km/h)

                                         HEAT   COOL         AVG
      MEAN                               DEG    DEG          WIND                   DOM
DAY   TEMP   HIGH   TIME    LOW   TIME   DAYS   DAYS   RAIN  SPEED   HIGH   TIME    DIR
---------------------------------------------------------------------------------------
 01   25.8   36.1  15:40   16.4  06:15    0.0    7.5    0.0    0.0    0.0  05:40    N/A
 02   20.8   27.7  14:10   16.6  04:20    0.0    2.4    0.0    0.0    0.0  00:05    N/A
 03   20.4   26.4  15:20   16.9  06:35    0.0    2.1    0.0    0.0    0.0  00:05    N/A
 04   18.1   21.8  16:45   15.8  06:45    0.3    0.0    4.7    0.0    0.0  00:05    N/A
 05   15.7   17.4  12:00   12.9  23:50    2.7    0.0   17.6    0.0    0.0  00:05    N/A
 06   14.9   24.0  13:30    9.6  23:50    3.4    0.0    3.1    0.0    0.0  00:05    N/A
 07   11.1   21.8  17:15    6.9  05:25    7.2    0.0    0.0    0.0    0.0  00:05    N/A
 08   15.6   24.0  14:30   11.5  06:15    2.8    0.0    0.5    0.0    0.0  00:05    N/A
 09   15.2   22.9  14:05   10.2  04:00    3.2    0.0    0.0    0.0    0.0  00:05    N/A
 10   14.7   21.7  12:45    9.1  06:05    3.6    0.0    0.0    0.0    0.0  00:05    N/A
 11   16.4   23.3  15:55   12.7  00:00    1.9    0.0    0.0    0.0    0.0  00:05    N/A
 12   16.7   27.2  15:35    9.9  05:45    1.7    0.0    0.0    0.0    0.0  00:05    N/A
 13   17.3   26.1  16:00   12.4  04:45    1.1    0.0    0.0    0.0    0.0  00:05    N/A
 14   19.7   27.1  13:50   15.5  06:40    0.0    1.4    0.0    0.0    0.0  00:05    N/A
 15   19.1   24.3  17:15   16.1  04:40    0.0    0.8    0.0    0.0    0.0  00:05    N/A
 16   21.8   28.9  15:35   17.2  04:05    0.0    3.5    0.0    0.0    0.0  00:05    N/A
 17   21.0   26.9  18:55   18.2  04:40    0.0    2.7    0.0    0.0    0.0  00:05    N/A
 18   21.8   29.6  15:20   16.9  06:50    0.0    3.4    0.0    0.0    0.0  00:05    N/A
 19   18.4   24.2  11:50   15.5  06:05    0.0    0.0    0.0    0.0    0.0  00:05    N/A
 20   17.6   24.8  13:25   11.9  00:00    0.7    0.0    0.5    0.0    0.0  00:05    N/A
 21   15.3   24.9  15:10    8.9  06:15    3.0    0.0    0.0    0.0    0.0  00:05    N/A
 22   15.1   24.5  16:00    7.8  07:00    3.2    0.0    0.0    0.0    0.0  00:05    N/A
 23   15.5   23.3  13:45   -2.4  08:50    2.8    0.0    0.5    0.0    0.0  00:05    N/A
 24   13.1   15.4  17:10   11.6  01:25    5.2    0.0    2.6    0.0    0.0  00:05    N/A
 25   13.2   13.8  04:10   12.7  23:20    5.1    0.0   17.6    0.0    0.0  00:05    N/A
 26   14.7   18.9  12:55   12.4  06:30    3.6    0.0    1.0    0.0    0.0  00:05    N/A
 27   14.5   19.1  12:40   11.5  00:00    3.8    0.0    0.0    0.0    0.0  06:45    N/A
 28   12.2   19.0  16:50    8.2  22:55    6.1    0.0    0.0    0.0    0.0  00:05    N/A
 29   11.9   18.1  16:10    6.8  06:45    6.5    0.0    0.0    0.0    0.0  00:05    N/A
 30   11.3   14.8  14:35    8.6  21:10    7.0    0.0    0.0    0.0    0.0  00:05    N/A
---------------------------------------------------------------------------------------
      16.5   36.1     01   -2.4     23   74.9   23.9   48.2    0.0    0.0     01    N/A
    
Tropske noči (Tmin >= 20): 0
Vroči dnevi (Tmax >= 30): 1
Topli dnevi (Tmax >= 25): 9
Hladni dnevi (Tmin < 0): 0
Ledeni dnevi (Tmax < 0): 1