Vremenska postaja Sladki Vrh

46.691233 N| 15.767722 E| 326 meters | Prikaži na zemljevidu

Vreme na kratko
18.8°C 84% 1008.0 mbar 0 km/h 0 km/h 0.0 mm
-0.0°C/h 2%/h 0.1 mbar/h N/A ( N/A) N/A ( N/A) 0.0 mm/h

03/07/20 00:15:00 CEST

Vremenska statistika za 10-2015

Vremenska postaja:LaCrosse WS-2355
Programska oprema:weewx v4.0.0
WeeWX aktiven:17 days, 5 hours, 28 minutes
Strežnik aktiven:17 days, 14 hours, 5 minutes
                   MONTHLY CLIMATOLOGICAL SUMMARY for Oct 2015


NAME: Zgornja Velka, Šentilj                  
ELEV: 326 meters    LAT: 46-41.47 N    LONG: 015-46.07 E


                   TEMPERATURE (°C), RAIN (mm), WIND SPEED (km/h)

                                         HEAT   COOL         AVG
      MEAN                               DEG    DEG          WIND                   DOM
DAY   TEMP   HIGH   TIME    LOW   TIME   DAYS   DAYS   RAIN  SPEED   HIGH   TIME    DIR
---------------------------------------------------------------------------------------
 01   12.3   19.9  13:55    8.5  08:10    6.1    0.0    0.0    0.0    0.0  00:05    N/A
 02   12.6   20.6  14:05    8.6  02:25    5.7    0.0    0.0    0.0    0.0  00:05    N/A
 03   13.7   22.9  16:10    8.1  04:05    4.6    0.0    1.0    0.0    0.0  00:05    N/A
 04   18.2   23.9  13:15   13.1  07:40    0.1    0.0    1.0    0.0    0.0  07:40    N/A
 05   15.8   25.3  14:20   10.8  07:35    2.6    0.0    0.0    0.0    0.0  00:05    N/A
 06   13.6   19.3  12:45    9.4  07:35    4.8    0.0    2.1    0.0    0.0  00:05    N/A
 07   14.8   16.1  17:30   14.2  06:00    3.5    0.0   16.1    0.0    0.0  00:05    N/A
 08   15.3   17.7  15:35   14.1  03:45    3.0    0.0    0.0    0.0    0.0  00:05    N/A
 09   14.7   18.3  13:50   13.4  05:45    3.6    0.0    0.0    0.0    0.0  00:05    N/A
 10   12.6   13.6  00:05   11.3  23:55    5.7    0.0    7.3    0.0    0.0  00:05    N/A
 11    9.7   11.3  00:05    7.2  23:20    8.7    0.0   18.1    0.0    0.0  00:05    N/A
 12    7.4    9.3  14:40    3.6  05:40   11.0    0.0    0.0    0.0    0.0  05:40    N/A
 13    7.5    8.2  18:45    6.6  06:25   10.9    0.0    2.6    0.0    0.0  00:05    N/A
 14    9.2   10.4  13:30    8.1  00:05    9.2    0.0   10.9    0.0    0.0  00:05    N/A
 15   10.1   11.0  00:00    9.1  00:15    8.2    0.0   24.9    0.0    0.0  00:05    N/A
 16   11.6   17.5  17:00    7.5  23:45    6.7    0.0    2.6    0.0    0.0  00:05    N/A
 17    8.2   11.3  16:15    5.3  05:20   10.1    0.0    0.0    0.0    0.0  00:05    N/A
 18   11.1   16.8  13:45    8.6  06:50    7.2    0.0    0.0    0.0    0.0  00:05    N/A
 19    8.8   11.4  00:05    7.8  22:00    9.5    0.0    9.3    0.0    0.0  00:05    N/A
 20   10.1   16.6  14:00    5.6  23:55    8.3    0.0    0.5    0.0    0.0  00:05    N/A
 21    9.2   18.9  14:05    3.3  07:50    9.2    0.0    0.0    0.0    0.0  00:05    N/A
 22    9.3   13.9  16:20    5.3  23:55    9.0    0.0    0.0    0.0    0.0  00:05    N/A
 23    8.9   15.8  17:00    4.2  04:55    9.4    0.0    0.0    0.0    0.0  00:05    N/A
 24    8.6   18.6  14:05    3.8  07:20    9.7    0.0    0.0    0.0    0.0  00:05    N/A
 25    8.5   15.6  13:05    4.1  07:20    9.8    0.0    0.0    0.0    0.0  00:05    N/A
 26   11.7   20.2  13:05    7.2  05:45    6.6    0.0    0.0    0.0    0.0  00:05    N/A
 27   10.9   13.9  13:30    7.3  00:05    7.4    0.0    0.0    0.0    0.0  00:05    N/A
 28    9.4   11.9  13:30    6.1  05:40    8.9    0.0    0.0    0.0    0.0  00:05    N/A
 29    9.9   11.0  15:55    8.3  05:40    8.4    0.0    0.0    0.0    0.0  00:05    N/A
 30   11.7   19.1  12:20    5.9  22:50    6.6    0.0    0.0    0.0    0.0  00:05    N/A
 31   10.3   16.8  12:10    4.5  06:45    8.0    0.0    0.0    0.0    0.0  00:05    N/A
---------------------------------------------------------------------------------------
      11.2   25.3     05    3.3     21  222.5    0.0   96.4    0.0    0.0     01    N/A
    
Tropske noči (Tmin >= 20): 0
Vroči dnevi (Tmax >= 30): 0
Topli dnevi (Tmax >= 25): 1
Hladni dnevi (Tmin < 0): 0
Ledeni dnevi (Tmax < 0): 0