Vremenska postaja Sladki Vrh

46.691233 N| 15.767722 E| 326 meters | Prikaži na zemljevidu

Vreme na kratko
19.1°C 81% 1007.8 mbar 0 km/h 0 km/h 0.5 mm
-1.2°C/h 4%/h -0.1 mbar/h N/A ( N/A) N/A ( N/A) 0.0 mm/h

02/07/20 22:45:00 CEST

Vremenska statistika za 11-2015

Vremenska postaja:LaCrosse WS-2355
Programska oprema:weewx v4.0.0
WeeWX aktiven:17 days, 3 hours, 56 minutes
Strežnik aktiven:17 days, 12 hours, 33 minutes
                   MONTHLY CLIMATOLOGICAL SUMMARY for Nov 2015


NAME: Zgornja Velka, Šentilj                  
ELEV: 326 meters    LAT: 46-41.47 N    LONG: 015-46.07 E


                   TEMPERATURE (°C), RAIN (mm), WIND SPEED (km/h)

                                         HEAT   COOL         AVG
      MEAN                               DEG    DEG          WIND                   DOM
DAY   TEMP   HIGH   TIME    LOW   TIME   DAYS   DAYS   RAIN  SPEED   HIGH   TIME    DIR
---------------------------------------------------------------------------------------
 01    3.2    6.1  11:35    1.3  23:55   15.1    0.0    0.0    0.0    0.0  08:10    N/A
 02    5.1   16.4  13:15   -0.4  06:15   13.2    0.0    0.0    0.0    0.0  00:05    N/A
 03    3.8   11.9  13:15    0.1  07:05   14.5    0.0    0.0    0.0    0.0  00:05    N/A
 04    6.4   16.7  13:15    1.4  07:00   11.9    0.0    0.0    0.0    0.0  00:05    N/A
 05    7.3   17.5  13:10    2.4  05:05   11.1    0.0    0.0    0.0    0.0  00:05    N/A
 06    8.2   20.6  13:05    2.3  07:05   10.1    0.0    0.0    0.0    0.0  00:05    N/A
 07   10.4   21.4  13:15    4.4  07:10    8.0    0.0    0.0    0.0    0.0  00:05    N/A
 08   12.3   25.9  13:15    6.4  05:35    6.0    0.0    0.0    0.0    0.0  00:05    N/A
 09   12.4   21.9  12:05    6.2  07:05    6.0    0.0    0.0    0.0    0.0  00:05    N/A
 10   12.6   18.4  14:00    9.5  23:55    5.8    0.0    0.0    0.0    0.0  00:05    N/A
 11   12.9   25.9  13:10    8.2  23:50    5.4    0.0    0.0    0.0    0.0  00:05    N/A
 12   11.1   23.3  13:10    5.8  07:35    7.3    0.0    0.0    0.0    0.0  00:05    N/A
 13    8.9   19.8  13:10    4.2  07:30    9.4    0.0    0.0    0.0    0.0  00:05    N/A
 14    8.7   15.3  12:55    5.3  06:05    9.6    0.0    0.0    0.0    0.0  00:05    N/A
 15    8.9   14.1  14:15    5.9  23:20    9.5    0.0    0.0    0.0    0.0  00:05    N/A
 16   10.0   22.9  13:10    5.1  07:30    8.4    0.0    0.0    0.0    0.0  00:05    N/A
 17    7.9   12.9  14:10    3.6  06:55   10.4    0.0    0.0    0.0    0.0  00:05    N/A
 18   10.9   21.6  13:05    6.0  07:30    7.4    0.0    0.0    0.0    0.0  00:05    N/A
 19    6.3    9.4  17:25    5.3  22:05   12.0    0.0    0.0    0.0    0.0  17:25    N/A
 20    8.5   15.5  23:25    4.3  07:25    9.8    0.0    0.0    0.0    0.0  00:05    N/A
 21    6.9   15.2  00:05    3.8  23:20   11.4    0.0    7.8    0.0    0.0  00:05    N/A
 22    4.0    9.2  13:10    0.7  00:00   14.3    0.0    0.0    0.0    0.0  00:05    N/A
 23    2.3    7.1  12:15   -0.2  03:55   16.0    0.0    0.0    0.0    0.0  00:05    N/A
 24    1.9    5.1  13:10   -0.1  01:15   16.4    0.0    0.0    0.0    0.0  00:05    N/A
 25   -0.1    2.3  14:30   -2.2  04:50   18.4    0.0    0.0    0.0    0.0  00:05    N/A
 26    1.2    2.8  15:00   -0.1  20:55   17.1    0.0    0.0    0.0    0.0  00:05    N/A
 27    2.7    5.1  13:10    0.5  07:00   15.6    0.0    0.0    0.0    0.0  00:05    N/A
 28    3.9   10.9  13:05    1.5  23:20   14.5    0.0    0.0    0.0    0.0  00:05    N/A
 29    3.7   12.1  12:45   -0.1  04:05   14.6    0.0    0.0    0.0    0.0  00:05    N/A
 30    3.6   11.1  12:50   -0.5  07:55   14.7    0.0    0.0    0.0    0.0  00:05    N/A
---------------------------------------------------------------------------------------
       6.9   25.9     11   -2.2     25  344.0    0.0    7.8    0.0    0.0     01    N/A
    
Tropske noči (Tmin >= 20): 0
Vroči dnevi (Tmax >= 30): 0
Topli dnevi (Tmax >= 25): 2
Hladni dnevi (Tmin < 0): 0
Ledeni dnevi (Tmax < 0): 7