Vremenska postaja Sladki Vrh

46.691233 N| 15.767722 E| 326 meters | Prikaži na zemljevidu

Vreme na kratko
18.9°C 83% 1008.0 mbar 0 km/h 0 km/h 0.0 mm
0.3°C/h 0%/h -0.0 mbar/h N/A ( N/A) N/A ( N/A) 0.0 mm/h

03/07/20 00:30:00 CEST

Vremenska statistika za 12-2015

Vremenska postaja:LaCrosse WS-2355
Programska oprema:weewx v4.0.0
WeeWX aktiven:17 days, 5 hours, 41 minutes
Strežnik aktiven:17 days, 14 hours, 18 minutes
                   MONTHLY CLIMATOLOGICAL SUMMARY for Dec 2015


NAME: Zgornja Velka, Šentilj                  
ELEV: 326 meters    LAT: 46-41.47 N    LONG: 015-46.07 E


                   TEMPERATURE (°C), RAIN (mm), WIND SPEED (km/h)

                                         HEAT   COOL         AVG
      MEAN                               DEG    DEG          WIND                   DOM
DAY   TEMP   HIGH   TIME    LOW   TIME   DAYS   DAYS   RAIN  SPEED   HIGH   TIME    DIR
---------------------------------------------------------------------------------------
 01    5.9   13.1  13:05    0.7  01:40   12.4    0.0    0.0    0.0    1.1  22:00    342
 02    7.2   10.9  14:20    3.3  22:00   11.2    0.0    0.0    0.0    0.0  00:05    N/A
 03    5.7    8.9  13:15    2.4  07:15   12.7    0.0    0.0    0.0    0.0  00:05    N/A
 04    5.6   12.8  12:40    1.9  20:50   12.7    0.0    0.0    0.0    0.0  00:05    N/A
 05    3.7   11.0  12:40    0.3  05:55   14.6    0.0    0.0    0.0    1.1  08:00    342
 06    2.7    3.6  13:05    1.4  00:00   15.7    0.0    0.0    0.0    0.0  00:05    N/A
 07    1.8    6.6  12:50    0.0  07:45   16.5    0.0    0.0    0.0    0.0  00:05    N/A
 08    0.5    1.4  17:55   -0.5  05:35   17.9    0.0    0.0    0.0    0.0  00:05    N/A
 09    1.5    2.7  16:05    0.4  04:30   16.9    0.0    0.0    0.0    0.0  00:05    N/A
 10    1.5    5.1  14:50   -1.2  23:55   16.8    0.0    0.0    0.0    0.0  00:05    N/A
 11   -0.4    7.3  12:45   -3.6  07:50   18.7    0.0    0.0    0.0    0.0  00:05    N/A
 12   -0.6    1.1  14:05   -2.1  07:00   18.9    0.0    0.0    0.0    0.0  00:05    N/A
 13   -1.5    0.8  14:45   -3.6  09:40   19.8    0.0    0.0    0.0    1.1  00:00    342
 14   -0.2    2.7  14:30   -3.1  04:20   18.6    0.0    0.0    0.0    1.1  00:05    342
 15    1.9    6.0  12:40   -0.2  21:50   16.4    0.0    0.0    0.0    1.1  01:40    342
 16    2.9    7.2  12:30    0.6  00:05   15.4    0.0    0.0    0.0    0.0  00:05    N/A
 17    3.0    4.8  14:10    1.7  19:10   15.4    0.0    0.0    0.0    0.0  00:05    N/A
 18    2.5    4.6  14:50    1.0  08:35   15.8    0.0    0.0    0.0    0.0  00:05    N/A
 19    2.8   10.3  12:45   -0.1  07:55   15.6    0.0    0.0    0.0    0.0  00:05    N/A
 20    1.3    1.8  00:05    0.8  23:05   17.1    0.0    0.0    0.0    0.0  00:05    N/A
 21    1.0    1.9  15:05   -0.1  08:10   17.3    0.0    0.0    0.0    0.0  00:05    N/A
 22    2.6   10.7  12:50   -0.4  07:25   15.7    0.0    0.0    0.0    0.0  00:05    N/A
 23    2.2   10.2  12:45   -0.6  06:50   16.2    0.0    0.0    0.0    1.1  12:30    342
 24    1.9   10.9  12:50   -1.0  04:45   16.5    0.0    0.0    0.0    0.0  00:05    N/A
 25    1.1    9.3  12:50   -1.9  07:50   17.3    0.0    0.0    0.0    0.0  00:05    N/A
 26    1.5   11.2  12:50   -1.7  07:35   16.8    0.0    0.0    0.0    0.0  00:05    N/A
 27    1.4   11.0  12:50   -1.9  06:25   16.9    0.0    0.0    0.0    0.0  00:05    N/A
 28    1.4   11.1  12:55   -2.1  07:30   17.0    0.0    0.0    0.0    0.0  00:05    N/A
 29    1.8    3.8  14:05   -0.7  01:35   16.5    0.0    0.0    0.0    0.0  00:05    N/A
 30    1.0    2.3  00:05   -3.7  00:00   17.3    0.0    0.0    0.0    0.0  00:05    N/A
 31   -3.8    2.9  12:50   -6.7  08:00   22.1    0.0    0.0    0.0    0.0  00:05    N/A
---------------------------------------------------------------------------------------
       2.0   13.1     01   -6.7     31  508.6    0.0    0.0    0.0    1.1     01    342
    
Tropske noči (Tmin >= 20): 0
Vroči dnevi (Tmax >= 30): 0
Topli dnevi (Tmax >= 25): 0
Hladni dnevi (Tmin < 0): 0
Ledeni dnevi (Tmax < 0): 19