Vremenska postaja Sladki Vrh

46.691233 N| 15.767722 E| 326 meters | Prikaži na zemljevidu

Vreme na kratko
18.5°C 83% 1008.0 mbar 0 km/h 0 km/h 0.0 mm
-0.4°C/h 1%/h 0.1 mbar/h N/A ( N/A) N/A ( N/A) 0.0 mm/h

03/07/20 00:05:00 CEST

Vremenska statistika za 2015

Vremenska postaja:LaCrosse WS-2355
Programska oprema:weewx v4.0.0
WeeWX aktiven:17 days, 5 hours, 14 minutes
Strežnik aktiven:17 days, 13 hours, 52 minutes
                     CLIMATOLOGICAL SUMMARY for year 2015


NAME: Zgornja Velka, Šentilj                  
ELEV: 326 meters    LAT: 46-41.47 N    LONG: 015-46.07 E


                                       TEMPERATURE (°C)

                              HEAT    COOL                             Tropske Vroci  Topli  Hladni  Ledeni
          MEAN   MEAN         DEG     DEG                                >=     >=     >=      <       < 
 YR  MO   MAX    MIN    MEAN  DAYS    DAYS      HI  DAY     LOW  DAY     20     30     25      0       0
---------------------------------------------------------------------------------------------------------
2015 01    6.9   -1.0    2.2  500.6    0.0    17.5   16    -7.3   01      0      0      0     22      3
2015 02    7.8   -1.2    2.4  446.8    0.0    15.4   21    -7.7   08      0      0      0     21      0
2015 03   15.3    1.8    7.6  332.0    0.0    24.1   31    -2.1   08      0      0      0      9      0
2015 04   20.6    5.4   12.7  169.2    0.8    29.9   16    -0.9   06      0      0     10      2      0
2015 05   23.7   11.6   16.8   59.7   13.4    31.1   06     5.9   01      0      3     17      0      0
2015 06   28.1   14.7   20.8   13.2   85.9    34.3   13    10.1   21      0     12     23      0      0
2015 07   31.0   18.7   23.9    2.0  180.2    37.7   06    13.5   10     11     21     25      0      0
2015 08   31.5   17.1   23.2    0.6  153.2    37.6   13    11.6   01      3     20     27      0      0
2015 09   23.3   11.9   16.5   74.9   23.9    36.1   01    -2.4   23      0      1      9      1      0
2015 10   16.0    7.8   11.2  222.5    0.0    25.3   05     3.3   21      0      0      1      0      0
2015 11   14.6    3.0    6.9  344.0    0.0    25.9   11    -2.2   25      0      0      2      8      0
2015 12    6.7   -0.7    2.0  508.6    0.0    13.1   01    -6.7   31      0      0      0     20      0
------------------------------------------------------------------------------------------------
          18.9    7.5   12.2 2674.2  457.3    37.7  Jul    -7.7  Feb     14     57    114     83      3


                  PRECIPITATION (mm)

                  MAX         ---DAYS OF RAIN---
                  OBS.               OVER
 YR  MO  TOTAL    DAY  DATE   0.20   2.00  20.00
------------------------------------------------
2015 01   14.5    4.1    11      5      4      0
2015 02   24.9   11.4    24      5      2      0
2015 03   17.6    8.8    25      5      3      0
2015 04   18.1    8.8    28      5      2      0
2015 05  130.0   32.6    22     15     12      2
2015 06   64.7   21.8    23     10      6      1
2015 07   61.1   29.5    08     10      7      1
2015 08   54.4   40.9    17      6      4      1
2015 09   48.2   17.6    25      9      5      0
2015 10   96.4   24.9    15     12      9      1
2015 11    7.8    7.8    21      1      1      0
2015 12    0.0    0.0    01      0      0      0
------------------------------------------------
         537.7   40.9   Aug     83     55      6


           WIND SPEED (km/h)

                                DOM
 YR  MO    AVG     HI   DATE    DIR
-----------------------------------
2015 01    0.0    0.0     01    N/A 
2015 02    0.0  119.2     10    334 
2015 03    0.0  106.9     13    337 
2015 04    0.0  151.2     22    350 
2015 05    0.0    0.4     29     18 
2015 06    0.0   38.9     26    317 
2015 07    0.0    5.8     08     14 
2015 08    0.0    0.0     01    N/A 
2015 09    0.0    0.0     01    N/A 
2015 10    0.0    0.0     01    N/A 
2015 11    0.0    0.0     01    N/A 
2015 12    0.0    1.1     01    342 
-----------------------------------
           0.0  151.2    Apr    334