Vremenska postaja Sladki Vrh

46.691233 N| 15.767722 E| 326 meters | Prikaži na zemljevidu

Vreme na kratko
18.8°C 82% 1007.9 mbar 0 km/h 0 km/h 0.5 mm
-1.1°C/h 3%/h -0.1 mbar/h N/A ( N/A) N/A ( N/A) 0.0 mm/h

02/07/20 23:05:00 CEST

Vremenska statistika za 01-2016

Vremenska postaja:LaCrosse WS-2355
Programska oprema:weewx v4.0.0
WeeWX aktiven:17 days, 4 hours, 14 minutes
Strežnik aktiven:17 days, 12 hours, 51 minutes
                   MONTHLY CLIMATOLOGICAL SUMMARY for Jan 2016


NAME: Zgornja Velka, Šentilj                  
ELEV: 326 meters    LAT: 46-41.47 N    LONG: 015-46.07 E


                   TEMPERATURE (°C), RAIN (mm), WIND SPEED (km/h)

                                         HEAT   COOL         AVG
      MEAN                               DEG    DEG          WIND                   DOM
DAY   TEMP   HIGH   TIME    LOW   TIME   DAYS   DAYS   RAIN  SPEED   HIGH   TIME    DIR
---------------------------------------------------------------------------------------
 01   -2.9    1.6  12:45   -5.5  00:15   21.2    0.0    0.0    0.0    0.0  00:05    N/A
 02   -3.7   -1.2  19:40   -6.4  05:15   22.0    0.0    0.0    0.0    0.0  00:05    N/A
 03   -4.1   -3.1  13:10   -5.5  23:55   22.4    0.0    0.0    0.0    0.0  00:05    N/A
 04   -5.8   -4.3  09:10   -7.2  23:30   24.2    0.0    0.0    0.0    0.0  00:05    N/A
 05   -5.5   -3.9  22:45   -7.4  00:30   23.9    0.0    0.0    0.0    0.0  00:05    N/A
 06   -2.3   -1.0  14:25   -3.9  00:05   20.7    0.0    0.0    0.0    0.0  00:05    N/A
 07   -1.2    6.9  12:50   -4.7  08:15   19.5    0.0    2.6    0.0    0.0  00:05    N/A
 08   -0.4    2.3  14:30   -2.4  07:00   18.8    0.0    0.0    0.0    0.0  00:05    N/A
 09    1.2    2.8  14:15   -0.4  08:25   17.1    0.0    0.0    0.0    0.0  00:05    N/A
 10    1.3    2.3  16:05    0.1  22:15   17.1    0.0    1.0    0.0    0.0  00:05    N/A
 11    4.5   13.6  14:45   -0.6  04:15   13.8    0.0   11.4    0.0    0.0  00:05    N/A
 12    5.5   11.2  12:30   -0.1  23:35   12.9    0.0    0.0    0.0    0.0  00:05    N/A
 13    4.1   13.0  13:15   -0.1  00:20   14.3    0.0    0.0    0.0    0.0  00:05    N/A
 14    2.3    6.1  14:40   -1.8  08:20   16.0    0.0    0.0    0.0    0.0  00:05    N/A
 15    2.0    5.2  15:15   -1.6  00:00   16.4    0.0    0.0    0.0    0.0  00:05    N/A
 16   -0.4    8.2  13:15   -3.7  00:00   18.7    0.0    0.0    0.0    0.0  00:05    N/A
 17   -2.3    3.9  12:35   -5.7  07:40   20.6    0.0    0.0    0.0    0.0  00:05    N/A
 18   -3.8    3.9  13:15   -6.8  07:50   22.1    0.0    0.0    0.0    0.0  00:05    N/A
 19   -4.9   -0.3  13:20   -8.1  07:35   23.2    0.0    0.0    0.0    0.0  00:05    N/A
 20   -3.3    5.0  13:40   -7.1  07:55   21.6    0.0    0.0    0.0    0.0  00:05    N/A
 21   -4.1   -2.2  18:05   -5.9  00:00   22.4    0.0    0.0    0.0    0.0  18:05    N/A
 22   -3.1    3.9  13:05   -6.4  23:45   21.4    0.0    0.0    0.0    0.0  00:05    N/A
 23   -5.0   -2.1  16:00   -7.3  07:15   23.3    0.0    0.0    0.0    0.0  00:05    N/A
 24   -1.8    5.9  13:05   -6.9  07:25   20.2    0.0    0.0    0.0    0.0  00:05    N/A
 25    2.0    6.6  14:40   -0.4  00:05   16.4    0.0    0.0    0.0    0.0  00:05    N/A
 26    3.1   15.0  13:30   -1.1  07:05   15.2    0.0    0.0    0.0    0.0  00:05    N/A
 27    4.1   15.3  13:35   -1.1  07:05   14.3    0.0    0.0    0.0    0.0  00:05    N/A
 28    4.4   17.3  13:40   -0.6  07:05   13.9    0.0    0.0    0.0    0.0  00:05    N/A
 29    4.6   16.0  13:40    0.2  03:30   13.8    0.0    0.0    0.0    0.0  00:05    N/A
 30    2.6    7.8  16:20   -0.7  06:10   15.8    0.0    0.0    0.0    0.0  00:05    N/A
 31    7.2   11.6  13:40    4.9  23:50   11.1    0.0    0.0    0.0    0.0  00:05    N/A
---------------------------------------------------------------------------------------
      -0.1   17.3     28   -8.1     19  574.0    0.0   15.0    0.0    0.0     01    N/A
    
Tropske noči (Tmin >= 20): 0
Vroči dnevi (Tmax >= 30): 0
Topli dnevi (Tmax >= 25): 0
Hladni dnevi (Tmin < 0): 8
Ledeni dnevi (Tmax < 0): 28