Vremenska postaja Sladki Vrh

46.691233 N| 15.767722 E| 326 meters | Prikaži na zemljevidu

Vreme na kratko
18.9°C 83% 1008.0 mbar 0 km/h 0 km/h 0.0 mm
0.3°C/h 0%/h -0.0 mbar/h N/A ( N/A) N/A ( N/A) 0.0 mm/h

03/07/20 00:30:00 CEST

Vremenska statistika za 02-2016

Vremenska postaja:LaCrosse WS-2355
Programska oprema:weewx v4.0.0
WeeWX aktiven:17 days, 5 hours, 41 minutes
Strežnik aktiven:17 days, 14 hours, 18 minutes
                   MONTHLY CLIMATOLOGICAL SUMMARY for Feb 2016


NAME: Zgornja Velka, Šentilj                  
ELEV: 326 meters    LAT: 46-41.47 N    LONG: 015-46.07 E


                   TEMPERATURE (°C), RAIN (mm), WIND SPEED (km/h)

                                         HEAT   COOL         AVG
      MEAN                               DEG    DEG          WIND                   DOM
DAY   TEMP   HIGH   TIME    LOW   TIME   DAYS   DAYS   RAIN  SPEED   HIGH   TIME    DIR
---------------------------------------------------------------------------------------
 01    6.9   13.4  15:30    3.8  08:15   11.4    0.0    0.0    0.0    0.0  00:05    N/A
 02    6.6   11.9  15:10    3.4  00:00   11.7    0.0    0.0    0.0    0.0  00:05    N/A
 03    4.1    6.6  16:25    1.9  07:20   14.3    0.0    7.3    0.0    0.0  00:05    N/A
 04    4.2   11.7  13:05   -0.2  07:45   14.1    0.0    0.0    0.0    0.0  00:05    N/A
 05    3.8   13.6  13:40   -1.1  07:45   14.5    0.0    0.0    0.0    0.0  00:05    N/A
 06    3.9   14.8  13:25   -1.7  07:35   14.4    0.0    0.0    0.0    0.0  00:05    N/A
 07    7.1   11.6  13:45   -0.1  01:40   11.2    0.0    0.0    0.0    0.0  00:05    N/A
 08   10.2   15.1  13:45    5.8  00:00    8.1    0.0    0.0    0.0    0.0  00:05    N/A
 09    9.4   15.3  11:55    4.2  03:25    8.9    0.0    0.0    0.0    0.0  00:05    N/A
 10    4.9    9.6  00:05    0.3  00:00   13.4    0.0    9.8    0.0    0.0  00:05    N/A
 11    3.8   15.9  13:45   -1.5  08:00   14.5    0.0    0.0    0.0    0.0  00:05    N/A
 12    1.2    4.1  15:10   -1.8  03:45   17.1    0.0    0.0    0.0    0.0  00:05    N/A
 13    4.1   12.3  13:35    0.9  05:10   14.2    0.0    7.8    0.0    0.0  00:05    N/A
 14    3.6    5.9  14:45    0.2  08:00   14.8    0.0    4.7    0.0    0.0  00:05    N/A
 15    4.4    6.6  15:20    1.6  03:05   13.9    0.0    8.8    0.0    0.0  00:05    N/A
 16    4.9    6.6  13:15    3.6  00:00   13.5    0.0    4.2    0.0    0.0  00:05    N/A
 17    2.6    3.9  16:15    1.2  05:45   15.8    0.0    5.7    0.0    0.0  00:05    N/A
 18    3.7    4.7  00:00    2.5  05:25   14.6    0.0    8.3    0.0    0.0  00:05    N/A
 19    5.2    6.5  13:55    3.5  00:00   13.2    0.0    6.7    0.0    0.0  00:05    N/A
 20    5.6   11.8  13:40    2.6  07:30   12.7    0.0    0.0    0.0    0.0  00:05    N/A
 21    9.5   15.9  12:20    2.1  07:20    8.8    0.0    0.0    0.0    0.0  06:55    N/A
 22    9.6   19.3  12:55    2.4  07:05    8.8    0.0    0.0    0.0    0.0  00:05    N/A
 23   11.7   13.9  11:10    7.1  00:00    6.6    0.0    1.6    0.0    0.0  00:05    N/A
 24    6.9   13.9  13:05    2.2  23:25   11.4    0.0    0.0    0.0    0.0  00:05    N/A
 25    5.7   12.2  13:50    1.5  03:20   12.6    0.0    0.0    0.0    0.0  00:05    N/A
 26    4.5    7.3  14:45    2.6  07:10   13.9    0.0    0.0    0.0    0.0  00:05    N/A
 27    4.2   10.9  13:15   -1.2  06:45   14.2    0.0    0.0    0.0    0.0  00:05    N/A
 28    5.4    8.4  15:10    2.8  03:10   13.0    0.0    0.5    0.0    0.0  00:05    N/A
 29    6.6    8.5  17:05    4.7  00:00   11.8    0.0    6.7    0.0    0.0  00:05    N/A
---------------------------------------------------------------------------------------
       5.6   19.3     22   -1.8     12  367.4    0.0   72.0    0.0    0.0     01    N/A
    
Tropske noči (Tmin >= 20): 0
Vroči dnevi (Tmax >= 30): 0
Topli dnevi (Tmax >= 25): 0
Hladni dnevi (Tmin < 0): 0
Ledeni dnevi (Tmax < 0): 7