Vremenska postaja Sladki Vrh

46.691233 N| 15.767722 E| 326 meters | Prikaži na zemljevidu

Vreme na kratko
18.6°C 83% 1008.0 mbar 0 km/h 0 km/h 0.5 mm
-0.9°C/h 3%/h 0.1 mbar/h N/A ( N/A) N/A ( N/A) 0.0 mm/h

02/07/20 23:30:00 CEST

Vremenska statistika za 03-2016

Vremenska postaja:LaCrosse WS-2355
Programska oprema:weewx v4.0.0
WeeWX aktiven:17 days, 4 hours, 41 minutes
Strežnik aktiven:17 days, 13 hours, 18 minutes
                   MONTHLY CLIMATOLOGICAL SUMMARY for Mar 2016


NAME: Zgornja Velka, Šentilj                  
ELEV: 326 meters    LAT: 46-41.47 N    LONG: 015-46.07 E


                   TEMPERATURE (°C), RAIN (mm), WIND SPEED (km/h)

                                         HEAT   COOL         AVG
      MEAN                               DEG    DEG          WIND                   DOM
DAY   TEMP   HIGH   TIME    LOW   TIME   DAYS   DAYS   RAIN  SPEED   HIGH   TIME    DIR
---------------------------------------------------------------------------------------
 01    7.2   13.8  15:55    3.3  23:50   11.1    0.0    0.0    0.0    0.0  00:05    N/A
 02    7.3   15.0  14:55    0.3  06:25   11.1    0.0    0.0    0.0    0.0  00:05    N/A
 03    2.8    6.9  00:05    1.2  19:05   15.5    0.0   18.1    0.0    0.0  00:05    N/A
 04    5.1   11.9  15:35    1.8  00:05   13.2    0.0    1.0    0.0    0.0  00:05    N/A
 05    7.3   13.1  16:40    1.6  06:00   11.0    0.0    0.0    0.0    0.0  00:05    N/A
 06    9.3   18.6  12:50    3.6  07:10    9.1    0.0    1.6    0.0    0.0  00:05    N/A
 07    3.7    5.1  17:05    1.8  07:45   14.7    0.0    5.7    0.0    0.0  00:05    N/A
 08    5.0    9.0  14:25    1.4  05:00   13.3    0.0    2.1    0.0    0.0  00:05    N/A
 09    5.8   11.1  13:55    1.9  06:50   12.6    0.0    0.0    0.0    0.0  00:05    N/A
 10    8.0   16.6  13:20    1.6  06:30   10.4    0.0    0.0    0.0    0.0  00:05    N/A
 11
 12    7.4    8.5  17:35    6.8  23:40   10.9    0.0    0.0    0.0    0.0  17:35    N/A
 13    6.0    7.9  16:10    4.6  07:50   12.4    0.0    1.0    0.0    0.0  00:05    N/A
 14    7.2   14.4  13:50    0.4  23:55   11.1    0.0    0.0    0.0    0.0  00:05    N/A
 15    2.5    6.5  15:10   -0.7  02:45   15.9    0.0    0.0    0.0    0.0  00:05    N/A
 16    3.9    4.0  23:20    3.9  20:20   14.4    0.0    0.0    0.0    0.0  19:35    N/A
 17    5.3   14.4  11:35    0.8  06:40   13.0    0.0    0.0    0.0    0.0  00:05    N/A
 18    8.2   19.8  14:20   -0.2  05:30   10.1    0.0    0.0    0.0    0.0  00:05    N/A
 19    8.4   18.0  14:00    0.8  06:10    9.9    0.0    0.0    0.0    0.0  00:05    N/A
 20    9.3   19.9  14:25    0.9  06:00    9.0    0.0    0.0    0.0    0.0  00:05    N/A
 21    7.9   14.9  14:00    2.5  06:15   10.4    0.0    0.0    0.0    0.0  00:05    N/A
 22    9.3   16.2  11:20    5.2  07:00    9.0    0.0    0.0    0.0    0.0  00:05    N/A
 23    7.2   10.4  13:05    4.6  06:20   11.1    0.0    0.0    0.0    0.0  00:05    N/A
 24    7.1   13.8  11:30    2.1  03:25   11.2    0.0    0.0    0.0    0.0  00:05    N/A
 25    8.4   15.2  12:50    3.6  05:15    9.9    0.0    0.0    0.0    0.0  00:05    N/A
 26    8.9   13.5  13:45    5.4  00:00    9.5    0.0    0.0    0.0    0.0  00:05    N/A
 27   10.0   18.7  14:35    2.6  07:10    8.3    0.0    0.0    0.0    0.0  00:05    N/A
 28   10.9   20.5  14:55    4.1  07:25    7.4    0.0    0.0    0.0    0.0  00:05    N/A
 29   11.6   22.2  15:55    4.3  07:25    6.8    0.0    0.0    0.0    0.0  00:05    N/A
 30   11.4   22.5  15:40    5.5  07:10    6.9    0.0    0.0    0.0    3.2  16:35    324
 31   15.8   26.4  13:35    5.9  05:55    2.5    0.0    0.0    0.1    4.7  11:20    318
---------------------------------------------------------------------------------------
       7.8   26.4     31   -0.7     15  321.8    0.0   29.5    0.0    4.7     31    318
    
Tropske noči (Tmin >= 20): 0
Vroči dnevi (Tmax >= 30): 0
Topli dnevi (Tmax >= 25): 1
Hladni dnevi (Tmin < 0): 0
Ledeni dnevi (Tmax < 0): 2