Vremenska postaja Sladki Vrh

46.691233 N| 15.767722 E| 326 meters | Prikaži na zemljevidu

Vreme na kratko
18.9°C 83% 1008.0 mbar 0 km/h 0 km/h 0.0 mm
0.3°C/h 0%/h -0.0 mbar/h N/A ( N/A) N/A ( N/A) 0.0 mm/h

03/07/20 00:30:00 CEST

Vremenska statistika za 04-2016

Vremenska postaja:LaCrosse WS-2355
Programska oprema:weewx v4.0.0
WeeWX aktiven:17 days, 5 hours, 41 minutes
Strežnik aktiven:17 days, 14 hours, 18 minutes
                   MONTHLY CLIMATOLOGICAL SUMMARY for Apr 2016


NAME: Zgornja Velka, Šentilj                  
ELEV: 326 meters    LAT: 46-41.47 N    LONG: 015-46.07 E


                   TEMPERATURE (°C), RAIN (mm), WIND SPEED (km/h)

                                         HEAT   COOL         AVG
      MEAN                               DEG    DEG          WIND                   DOM
DAY   TEMP   HIGH   TIME    LOW   TIME   DAYS   DAYS   RAIN  SPEED   HIGH   TIME    DIR
---------------------------------------------------------------------------------------
 01   15.6   22.9  13:00   10.5  23:30    2.7    0.0    0.0    0.0    2.5  18:05     37
 02   11.7   17.6  15:15    7.6  00:00    6.6    0.0    0.0    0.0    0.0  00:05    N/A
 03   13.9   25.4  15:40    3.8  07:00    4.5    0.0    0.0    0.0    0.0  00:05    N/A
 04   17.9   28.5  13:45    8.9  06:55    0.4    0.0    0.0    0.0    3.6  12:40    324
 05   19.8   27.5  14:45   12.4  00:05    0.0    1.5    0.0    0.0    0.0  00:05    N/A
 06   17.9   25.6  14:15   10.1  07:20    0.5    0.0    0.0    0.0    0.0  00:05    N/A
 07   15.7   23.6  13:55    8.5  06:45    2.6    0.0    0.0    0.0    0.0  00:05    N/A
 08   11.7   13.2  15:10   10.0  23:55    6.6    0.0    3.6    0.0    0.0  00:05    N/A
 09   11.4   14.4  13:55    8.8  06:40    6.9    0.0    0.0    0.0    0.0  00:05    N/A
 10   13.4   20.3  15:30    8.9  05:50    4.9    0.0    0.0    0.0    0.0  00:05    N/A
 11   13.5   22.8  16:25    7.1  04:10    4.8    0.0    0.0    0.0    0.0  00:05    N/A
 12   15.4   28.3  15:15    6.6  06:50    2.9    0.0    0.0    0.0    0.0  00:05    N/A
 13   17.2   26.5  13:20    7.9  06:45    1.1    0.0    0.0    0.0    0.0  00:05    N/A
 14   12.9   18.5  16:20    7.5  00:00    5.5    0.0    2.6    0.0    0.0  00:05    N/A
 15   14.3   25.4  15:25    4.4  04:50    4.0    0.0    0.0    0.0    0.0  00:05    N/A
 16   18.0   27.4  14:50    8.9  06:35    0.3    0.0    0.0    0.0    0.0  00:05    N/A
 17   19.4   26.3  15:35   12.9  02:55    0.0    1.0    0.0    0.0    0.0  00:05    N/A
 18   13.6   16.8  00:05   10.8  22:50    4.7    0.0    0.0    0.0    0.0  00:05    N/A
 19   12.8   18.6  16:40    7.3  00:00    5.6    0.0    0.0    0.0    0.0  00:05    N/A
 20   12.0   20.4  13:50    5.7  06:55    6.3    0.0    0.0    0.0    0.0  00:05    N/A
 21   13.7   23.8  16:35    3.6  06:30    4.7    0.0    0.0    0.0    0.0  00:05    N/A
 22   15.7   25.4  13:35    5.8  06:20    2.6    0.0    0.0    0.0    0.0  00:05    N/A
 23   12.9   18.6  17:40    8.1  06:20    5.4    0.0    0.0    0.0    0.0  00:05    N/A
 24   10.7   13.5  00:05    6.7  00:00    7.7    0.0    4.7    0.0    0.0  00:05    N/A
 25    7.8   13.9  14:50    2.3  00:00   10.5    0.0    0.0    0.0    0.0  00:05    N/A
 26    8.8   17.8  14:45   -0.4  06:05    9.5    0.0    0.0    0.0    0.0  00:05    N/A
 27    5.3   10.8  08:30    1.3  20:55   13.1    0.0   10.4    0.0    0.0  00:05    N/A
 28    3.1    6.6  18:55    0.2  06:15   15.2    0.0    3.6    0.0    0.0  00:05    N/A
 29    9.0   19.5  14:50    0.4  03:55    9.3    0.0    0.0    0.0    0.0  00:05    N/A
 30   11.8   21.8  15:25    1.9  06:05    6.6    0.0    0.0    0.0    0.0  00:05    N/A
---------------------------------------------------------------------------------------
      13.2   28.5     04   -0.4     26  155.5    2.5   24.9    0.0    3.6     04    340
    
Tropske noči (Tmin >= 20): 0
Vroči dnevi (Tmax >= 30): 0
Topli dnevi (Tmax >= 25): 10
Hladni dnevi (Tmin < 0): 0
Ledeni dnevi (Tmax < 0): 1