Vremenska postaja Sladki Vrh

46.691233 N| 15.767722 E| 326 meters | Prikaži na zemljevidu

Vreme na kratko
18.4°C 83% 1008.0 mbar 0 km/h 0 km/h 0.5 mm
-0.7°C/h 2%/h 0.2 mbar/h N/A ( N/A) N/A ( N/A) 0.0 mm/h

02/07/20 23:45:00 CEST

Vremenska statistika za 05-2016

Vremenska postaja:LaCrosse WS-2355
Programska oprema:weewx v4.0.0
WeeWX aktiven:17 days, 4 hours, 56 minutes
Strežnik aktiven:17 days, 13 hours, 33 minutes
                   MONTHLY CLIMATOLOGICAL SUMMARY for May 2016


NAME: Zgornja Velka, Šentilj                  
ELEV: 326 meters    LAT: 46-41.47 N    LONG: 015-46.07 E


                   TEMPERATURE (°C), RAIN (mm), WIND SPEED (km/h)

                                         HEAT   COOL         AVG
      MEAN                               DEG    DEG          WIND                   DOM
DAY   TEMP   HIGH   TIME    LOW   TIME   DAYS   DAYS   RAIN  SPEED   HIGH   TIME    DIR
---------------------------------------------------------------------------------------
 01   10.6   12.4  16:35    8.1  00:35    7.7    0.0   17.1    0.0    0.0  00:05    N/A
 02   11.9   13.4  18:05   10.3  23:45    6.4    0.0   13.0    0.0    0.0  00:05    N/A
 03   14.2   21.8  13:50   10.2  05:55    4.2    0.0    1.0    0.0    0.0  00:05    N/A
 04   13.1   16.1  18:10   10.5  06:00    5.3    0.0    0.0    0.0    0.0  00:05    N/A
 05   14.9   23.2  15:30    9.8  07:00    3.4    0.0    0.5    0.0    0.0  00:05    N/A
 06   16.4   25.5  16:20    9.9  03:25    1.9    0.0    0.0    0.0    0.0  00:05    N/A
 07   16.0   25.8  13:10    8.8  06:10    2.3    0.0    1.0    0.0    0.0  00:05    N/A
 08   15.6   23.9  15:00    9.3  06:10    2.7    0.0    3.6    0.0    0.0  00:05    N/A
 09   16.3   25.8  14:20   11.3  06:35    2.0    0.0    2.1    0.0    0.0  00:05    N/A
 10   13.6   16.7  11:55    9.4  06:00    4.8    0.0    2.1    0.0    0.0  00:05    N/A
 11   14.4   17.3  14:45   12.9  03:05    3.9    0.0    0.5    0.0    0.0  00:05    N/A
 12   14.3   15.4  13:50   13.1  04:15    4.0    0.0   11.9    0.0    0.0  00:05    N/A
 13   16.6   23.9  15:25   10.6  05:40    1.7    0.0    0.0    0.0    0.0  00:05    N/A
 14   15.5   22.0  13:25   12.5  05:35    2.9    0.0    2.6    0.0    0.0  00:05    N/A
 15   11.7   14.3  17:00    6.4  00:00    6.7    0.0    4.7    0.0    0.0  00:05    N/A
 16   11.3   19.2  15:35    4.9  05:35    7.1    0.0    1.0    0.0    0.0  00:05    N/A
 17   13.1   20.2  15:05    6.8  06:10    5.3    0.0    0.0    0.0    0.0  00:05    N/A
 18   15.0   23.6  15:20    7.5  02:30    3.3    0.0    0.0    0.0    0.0  00:05    N/A
 19   15.9   24.9  14:45    7.6  05:45    2.5    0.0    0.0    0.0    0.0  00:05    N/A
 20   15.7   22.2  12:55   11.4  04:35    2.6    0.0    1.6    0.0    0.0  00:05    N/A
 21   17.9   27.6  14:20    8.8  05:30    0.4    0.0    0.0    0.0    0.0  00:05    N/A
 22   20.1   28.6  15:20   10.6  05:55    0.0    1.8    0.0    0.0    0.0  00:05    N/A
 23   19.4   29.2  13:55   12.4  05:40    0.0    1.1    0.5    0.0    0.0  00:05    N/A
 24   14.1   17.3  17:15   12.4  06:05    4.2    0.0    7.2    0.0    0.0  00:05    N/A
 25   19.5   28.4  14:45   12.6  04:05    0.0    1.2    0.5    0.0    0.0  00:05    N/A
 26   21.1   29.4  15:05   14.1  06:20    0.0    2.8    0.0    0.0    0.0  00:05    N/A
 27   22.3   29.9  14:55   14.2  05:30    0.0    4.0    0.0    0.0    0.0  00:05    N/A
 28   22.4   29.3  11:55   15.9  05:50    0.0    4.0    1.6    0.3   16.6  12:10    130
 29   17.9   21.8  14:20   16.4  21:25    0.4    0.0    0.0    0.7    8.3  23:15    116
 30   18.4   23.9  17:35   11.6  04:55    0.0    0.1    0.0    0.7   14.8  11:20    108
 31   17.4   23.8  14:40   11.3  03:20    0.9    0.0    0.5    1.2   11.9  16:20     28
---------------------------------------------------------------------------------------
      15.9   29.9     27    4.9     16   86.6   14.8   73.0    0.1   16.6     28     68
    
Tropske noči (Tmin >= 20): 0
Vroči dnevi (Tmax >= 30): 0
Topli dnevi (Tmax >= 25): 10
Hladni dnevi (Tmin < 0): 0
Ledeni dnevi (Tmax < 0): 0