Vremenska postaja Sladki Vrh

46.691233 N| 15.767722 E| 326 meters | Prikaži na zemljevidu

Vreme na kratko
19.1°C 83% 1007.8 mbar 0 km/h 0 km/h 0.0 mm
0.7°C/h 0%/h -0.2 mbar/h N/A ( N/A) N/A ( N/A) 0.0 mm/h

03/07/20 00:45:00 CEST

Vremenska statistika za 06-2016

Vremenska postaja:LaCrosse WS-2355
Programska oprema:weewx v4.0.0
WeeWX aktiven:17 days, 5 hours, 56 minutes
Strežnik aktiven:17 days, 14 hours, 33 minutes
                   MONTHLY CLIMATOLOGICAL SUMMARY for Jun 2016


NAME: Zgornja Velka, Šentilj                  
ELEV: 326 meters    LAT: 46-41.47 N    LONG: 015-46.07 E


                   TEMPERATURE (°C), RAIN (mm), WIND SPEED (km/h)

                                         HEAT   COOL         AVG
      MEAN                               DEG    DEG          WIND                   DOM
DAY   TEMP   HIGH   TIME    LOW   TIME   DAYS   DAYS   RAIN  SPEED   HIGH   TIME    DIR
---------------------------------------------------------------------------------------
 01   16.1   22.7  14:00   11.4  03:20    2.3    0.0    0.0    0.6    7.9  15:50     72
 02   17.4   22.9  15:10   12.8  00:05    0.9    0.0    0.0    3.9   92.2  23:10     50
 03   17.2   23.4  14:30   12.1  01:55    1.2    0.0    0.0    0.3    7.9  11:55     17
 04   17.5   25.9  15:35   12.4  05:10    0.8    0.0    0.5    0.9   23.4  16:05    278
 05   16.7   25.5  12:35   11.6  04:35    1.6    0.0    1.6    1.3   16.6  14:00    286
 06   21.1   26.6  15:50   14.2  02:30    0.0    2.8    0.0    1.3   10.8  16:40    294
 07   18.5   24.3  16:50   13.2  00:00    0.0    0.1    0.0    0.9   14.0  15:30     58
 08   18.5   25.3  15:30   11.1  03:50    0.0    0.2    0.0    0.8    9.4  12:05    359
 09   16.6   19.3  15:45   14.9  05:05    1.7    0.0    2.1    0.2    5.8  16:20    272
 10   17.0   22.9  17:10   13.6  00:00    1.3    0.0   11.4    0.4    9.7  16:00     15
 11   17.5   25.0  13:50   12.2  06:10    0.8    0.0    4.2    0.4   11.2  17:10     19
 12   16.6   21.0  17:25   13.9  23:00    1.7    0.0    5.2    0.4    7.6  01:20    337
 13   18.0   24.6  17:35   12.9  02:35    0.3    0.0   10.9    0.8   10.1  15:25    279
 14   17.6   23.9  13:55   12.2  05:50    0.7    0.0    1.0    0.4    7.6  11:20    293
 15   17.3   22.8  18:15   14.2  02:55    1.0    0.0    5.7    0.3    9.4  17:00    266
 16   20.5   27.5  16:05   14.1  01:35    0.0    2.2    0.0    0.9   15.8  11:45     80
 17   22.1   26.8  14:50   16.0  23:00    0.0    3.8    0.0    1.6   19.8  08:45    168
 18   18.2   25.9  16:20   11.0  05:35    0.1    0.0    0.0    1.7   12.6  20:05    324
 19   14.4   17.4  10:20   11.6  04:45    4.0    0.0   11.4    1.5   11.2  07:25    289
 20   16.1   22.4  16:00   13.0  00:00    2.2    0.0   21.2    0.9   15.8  06:20    286
 21   18.7   27.6  16:05   11.3  04:40    0.0    0.4    0.0    0.5   10.4  14:05    333
 22   21.2   28.6  15:25   14.8  04:50    0.0    2.9    0.0    0.7    9.4  16:20    299
 23   23.2   29.9  16:15   16.3  04:20    0.0    4.9    0.0    0.8    6.8  12:30    325
 24   25.4   31.6  16:00   18.9  05:30    0.0    7.1    0.5    0.6    8.6  16:50     12
 25   23.1   31.2  15:00   17.8  21:05    0.0    4.7    2.6    0.8   12.6  13:45     55
 26   20.0   25.8  12:40   16.7  05:35    0.0    1.7   16.6    0.9   11.9  17:50    326
 27   17.8   22.1  17:20   13.6  23:45    0.5    0.0    2.1    0.9   10.4  10:05    274
 28   19.0   26.5  17:15   11.0  05:30    0.0    0.7    0.0    0.7   11.2  13:20    286
 29   21.3   29.2  16:30   12.9  05:20    0.0    3.0    0.0    0.7    8.6  15:05      5
 30   22.6   29.2  16:35   15.3  06:05    0.0    4.3    0.0    1.2   19.8  22:50     59
---------------------------------------------------------------------------------------
      18.9   31.6     24   11.0     18   21.2   38.6   96.9    0.9   92.2     02    340
    
Tropske noči (Tmin >= 20): 0
Vroči dnevi (Tmax >= 30): 2
Topli dnevi (Tmax >= 25): 16
Hladni dnevi (Tmin < 0): 0
Ledeni dnevi (Tmax < 0): 0