Vremenska postaja Sladki Vrh

46.691233 N| 15.767722 E| 326 meters | Prikaži na zemljevidu

Vreme na kratko
18.5°C 83% 1008.0 mbar 0 km/h 0 km/h 0.0 mm
-0.4°C/h 1%/h 0.1 mbar/h N/A ( N/A) N/A ( N/A) 0.0 mm/h

03/07/20 00:05:00 CEST

Vremenska statistika za 07-2016

Vremenska postaja:LaCrosse WS-2355
Programska oprema:weewx v4.0.0
WeeWX aktiven:17 days, 5 hours, 14 minutes
Strežnik aktiven:17 days, 13 hours, 52 minutes
                   MONTHLY CLIMATOLOGICAL SUMMARY for Jul 2016


NAME: Zgornja Velka, Šentilj                  
ELEV: 326 meters    LAT: 46-41.47 N    LONG: 015-46.07 E


                   TEMPERATURE (°C), RAIN (mm), WIND SPEED (km/h)

                                         HEAT   COOL         AVG
      MEAN                               DEG    DEG          WIND                   DOM
DAY   TEMP   HIGH   TIME    LOW   TIME   DAYS   DAYS   RAIN  SPEED   HIGH   TIME    DIR
---------------------------------------------------------------------------------------
 01   21.8   28.3  14:30   16.8  02:35    0.0    3.5    0.0    0.7    7.9  13:10    291
 02   23.9   30.4  16:00   17.2  05:05    0.0    5.6    0.0    1.1   14.0  11:35    308
 03   17.4   20.1  00:05   12.4  00:00    0.9    0.0    0.0    0.6   12.2  09:05    273
 04   18.8   25.8  17:30   11.4  05:40    0.0    0.5    0.0    0.9   10.1  10:55     43
 05   20.5   27.3  16:30   12.5  05:40    0.0    2.2    0.0    0.8   17.3  13:40     77
 06   21.2   27.4  16:55   16.2  00:00    0.0    2.9    0.0    0.7   14.8  17:10     31
 07   19.3   25.4  16:40   12.9  06:10    0.0    1.0    0.0    0.9   12.6  15:10     74
 08   20.9   27.8  16:50   12.6  05:35    0.0    2.5    1.6    1.0   16.9  14:05     52
 09   21.1   27.9  17:00   16.1  05:35    0.0    2.7    0.0    0.3    7.2  11:45     74
 10   23.6   30.3  16:15   16.5  06:00    0.0    5.3    0.0    0.9   14.8  14:00     50
 11   24.7   31.9  15:15   16.8  05:30    0.0    6.4    0.0    0.8   12.6  15:25     63
 12   24.8   31.3  17:30   18.0  05:50    0.0    6.4    0.0    1.4   10.4  10:30    319
 13   20.2   24.7  14:20   17.6  23:20    0.0    1.9   11.9    1.2   15.8  16:45    295
 14   17.6   22.0  14:45   12.5  06:15    0.8    0.0   20.7    2.8   16.6  13:10    277
 15   16.0   20.4  12:10   10.1  05:20    2.4    0.0    0.0    1.2   10.8  17:15    288
 16   14.5   15.6  01:55   12.6  23:30    3.9    0.0    1.0    2.4   14.8  03:55    257
 17   17.6   25.6  14:05   12.2  05:35    0.7    0.0    0.5    0.8   12.2  16:30    286
 18   21.0   27.9  16:45   14.9  02:30    0.0    2.6    0.0    0.4   10.8  19:30    273
 19   22.6   29.0  14:25   16.6  06:20    0.0    4.2    0.0    0.5    9.4  13:50     63
 20   22.6   29.3  17:05   16.1  05:55    0.0    4.3    0.0    1.1   11.2  10:40     64
 21   22.9   29.9  15:40   15.9  06:00    0.0    4.6    0.0    0.6    9.7  13:40     60
 22   23.0   28.8  16:05   17.6  06:00    0.0    4.7    4.7    1.2   10.8  00:30     23
 23   23.7   30.0  15:25   17.6  05:25    0.0    5.3    0.0    0.9    8.6  08:25    288
 24   22.0   28.4  12:40   19.0  05:55    0.0    3.7    0.0    0.8    8.6  11:55    305
 25
 26
 27
 28
 29
 30
 31
---------------------------------------------------------------------------------------
      20.9   31.9     11   10.1     15    8.7   70.3   40.4    1.0   17.3     05    299
    
Tropske noči (Tmin >= 20): 0
Vroči dnevi (Tmax >= 30): 5
Topli dnevi (Tmax >= 25): 19
Hladni dnevi (Tmin < 0): 0
Ledeni dnevi (Tmax < 0): 0