Vremenska postaja Sladki Vrh

46.691233 N| 15.767722 E| 326 meters | Prikaži na zemljevidu

Vreme na kratko
19.3°C 81% 1007.8 mbar 0 km/h 0 km/h 0.0 mm
0.9°C/h -2%/h -0.2 mbar/h N/A ( N/A) N/A ( N/A) 0.0 mm/h

03/07/20 01:00:00 CEST

Vremenska statistika za 08-2016

Vremenska postaja:LaCrosse WS-2355
Programska oprema:weewx v4.0.0
WeeWX aktiven:17 days, 6 hours, 13 minutes
Strežnik aktiven:17 days, 14 hours, 51 minutes
                   MONTHLY CLIMATOLOGICAL SUMMARY for Aug 2016


NAME: Zgornja Velka, Šentilj                  
ELEV: 326 meters    LAT: 46-41.47 N    LONG: 015-46.07 E


                   TEMPERATURE (°C), RAIN (mm), WIND SPEED (km/h)

                                         HEAT   COOL         AVG
      MEAN                               DEG    DEG          WIND                   DOM
DAY   TEMP   HIGH   TIME    LOW   TIME   DAYS   DAYS   RAIN  SPEED   HIGH   TIME    DIR
---------------------------------------------------------------------------------------
 01   18.2   21.1  17:15   16.4  23:20    0.1    0.0    0.0    0.1    7.9  17:15    324
 02   19.8   27.0  16:45   13.9  05:35    0.0    1.5    0.0    1.0   10.1  09:40    303
 03   21.2   28.1  15:45   14.9  00:50    0.0    2.9    0.0    1.0   10.1  11:40     72
 04   22.5   29.7  16:35   15.3  05:45    0.0    4.2    0.0    0.9   15.5  16:40     60
 05   21.5   29.8  14:05   15.6  00:00    0.0    3.2    3.6    1.7   16.6  20:00    302
 06   19.1   26.2  16:55   14.1  06:25    0.0    0.8    0.0    1.5   15.1  16:30    284
 07   16.8   24.5  12:10   12.7  06:10    1.5    0.0    0.0    1.0    9.7  11:20    299
 08   22.3   27.8  17:15   14.6  00:00    0.0    4.0    0.0    1.2   12.2  12:35    289
 09   15.2   23.2  10:00   12.9  05:55    3.1    0.0    0.0    0.2    4.7  07:15    294
 10   13.3   15.4  09:05   11.3  23:45    5.0    0.0    7.3    1.6   14.0  11:55    272
 11   13.1   18.5  16:45    9.8  23:55    5.3    0.0    0.0    0.4    9.4  15:25     37
 12   14.7   22.9  15:05    7.2  06:20    3.7    0.0    0.0    0.7    9.7  14:15    299
 13   18.5   25.9  16:20   13.5  05:00    0.0    0.1    0.0    0.8   10.4  12:50     72
 14   20.3   27.9  16:40   13.2  04:00    0.0    1.9    0.0    0.9   11.9  12:10     60
 15   19.6   27.7  14:05   15.2  23:55    0.0    1.3    4.7    1.3   14.4  16:05    337
 16   19.6   25.9  16:00   14.1  02:15    0.0    1.3    0.0    1.1   11.2  23:25    301
 17   18.2   22.7  14:00   14.5  04:15    0.1    0.0    0.0    1.0   13.7  13:40     73
 18   17.9   23.8  14:00   13.0  04:30    0.4    0.0    0.0    0.5   10.8  14:00     46
 19   17.9   25.4  17:15   14.6  05:30    0.4    0.0    0.0    0.5    7.9  17:50     67
 20   20.5   28.1  16:00   14.4  01:35    0.0    2.1    0.0    0.7   14.4  13:40     29
 21   18.7   22.8  14:40   13.8  23:30    0.0    0.4    7.3    1.1   11.5  22:15    298
 22   17.4   23.5  14:15   12.9  03:55    0.9    0.0    1.0    3.1   22.0  11:35    271
 23   18.3   26.6  15:40   10.6  06:20    0.0    0.0    0.0    1.4   11.9  11:00    296
 24   19.5   27.2  15:35   13.5  05:50    0.0    1.2    0.0    1.3    8.3  16:40    266
 25   16.1   22.1  10:25   14.1  06:40    2.2    0.0    0.0    0.5    4.7  05:40    289
 26   19.2   26.8  16:00   13.3  05:45    0.0    0.9    0.0    0.7   11.2  13:10     67
 27   19.8   28.3  15:50   12.9  06:15    0.0    1.5    0.0    1.0   11.2  14:55     15
 28   20.2   28.6  16:25   13.6  05:15    0.0    1.8    0.0    0.8   13.0  13:15     65
 29   20.3   29.9  13:55   15.5  02:05    0.0    2.0    5.2    1.2   12.2  14:50    336
 30   19.7   26.9  14:30   15.4  03:45    0.0    1.4    0.0    0.9   11.5  12:35    269
 31   18.8   25.3  15:55   13.3  07:00    0.0    0.5    0.0    0.6    9.7  12:00     55
---------------------------------------------------------------------------------------
      18.8   29.9     29    7.2     12   22.9   32.9   29.0    1.0   22.0     22    307
    
Tropske noči (Tmin >= 20): 0
Vroči dnevi (Tmax >= 30): 0
Topli dnevi (Tmax >= 25): 20
Hladni dnevi (Tmin < 0): 0
Ledeni dnevi (Tmax < 0): 0