Vremenska postaja Sladki Vrh

46.691233 N| 15.767722 E| 326 meters | Prikaži na zemljevidu

Vreme na kratko
18.8°C 84% 1008.0 mbar 0 km/h 0 km/h 0.0 mm
-0.0°C/h 2%/h 0.1 mbar/h N/A ( N/A) N/A ( N/A) 0.0 mm/h

03/07/20 00:15:00 CEST

Vremenska statistika za 09-2016

Vremenska postaja:LaCrosse WS-2355
Programska oprema:weewx v4.0.0
WeeWX aktiven:17 days, 5 hours, 28 minutes
Strežnik aktiven:17 days, 14 hours, 5 minutes
                   MONTHLY CLIMATOLOGICAL SUMMARY for Sep 2016


NAME: Zgornja Velka, Šentilj                  
ELEV: 326 meters    LAT: 46-41.47 N    LONG: 015-46.07 E


                   TEMPERATURE (°C), RAIN (mm), WIND SPEED (km/h)

                                         HEAT   COOL         AVG
      MEAN                               DEG    DEG          WIND                   DOM
DAY   TEMP   HIGH   TIME    LOW   TIME   DAYS   DAYS   RAIN  SPEED   HIGH   TIME    DIR
---------------------------------------------------------------------------------------
 01   19.0   27.5  15:00   12.4  06:00    0.0    0.7    0.0    0.8    8.3  12:35    323
 02   20.2   28.6  15:40   15.3  06:05    0.0    1.8    0.0    0.7    8.3  16:35    301
 03   20.0   28.6  16:35   14.3  06:10    0.0    1.7    0.0    0.7    6.8  09:45    285
 04   20.1   29.2  15:35   15.2  01:20    0.0    1.8   13.0    1.0   10.8  22:00     66
 05   17.0   21.6  13:15   13.9  23:55    1.3    0.0    0.0    0.6   11.9  16:10    246
 06   13.8   14.4  01:40   12.9  05:20    4.5    0.0    4.1    0.9    9.0  11:45    274
 07   17.6   24.9  16:05   12.9  02:15    0.7    0.0    0.0    1.2   10.1  11:20    284
 08   19.5   26.7  14:55   15.4  06:35    0.0    1.2    0.0    1.1   10.4  14:25    284
 09   20.2   28.8  15:30   14.9  06:50    0.0    1.9    0.0    1.2   11.9  10:45    283
 10   20.4   27.6  14:20   15.1  07:00    0.0    2.1    0.0    1.0    7.2  07:30    280
 11   20.4   27.6  15:55   15.8  05:20    0.0    2.1    0.0    0.6    7.9  11:35    278
 12   20.9   28.9  15:35   15.5  06:55    0.0    2.6    0.0    0.8   11.5  09:20    289
 13   20.7   28.4  16:10   15.3  06:55    0.0    2.4    0.0    0.6    7.6  13:00    303
 14   19.6   26.9  15:45   15.4  07:10    0.0    1.3    0.0    0.7    6.5  14:05     34
 15   19.9   26.6  13:55   14.4  06:50    0.0    1.5    0.0    0.8   10.1  15:05     84
 16   20.0   27.4  13:35   15.6  02:45    0.0    1.7    0.0    0.9    9.0  14:15    100
 17   17.6   23.8  13:10   13.6  23:55    0.7    0.0    6.2    0.8    9.7  10:30     18
 18   15.4   19.9  16:20   12.5  02:35    2.9    0.0    6.2    0.4    6.5  13:20      1
 19   16.8   22.4  13:35   12.8  23:55    1.5    0.0   30.1    1.5   11.2  11:20    275
 20   14.7   20.1  16:20   11.4  05:25    3.7    0.0    0.0    0.8    9.7  11:35     93
 21   11.4   17.4  14:30    6.4  05:50    7.0    0.0    0.0    0.8    9.0  11:50    294
 22   11.7   19.3  14:50    6.9  00:00    6.6    0.0    0.0    0.8    7.9  08:50    335
 23   12.1   20.6  15:50    6.4  02:40    6.3    0.0    0.0    0.7    7.9  11:20    287
 24   13.7   22.0  14:25    8.5  06:45    4.6    0.0    0.0    0.6    6.5  14:25    292
 25   13.6   21.3  14:05    8.3  06:55    4.7    0.0    0.0    0.6    8.6  13:00    306
 26   13.8   20.3  14:20    9.3  06:35    4.6    0.0    0.0    0.6    6.8  10:50    287
 27   13.8   20.4  14:40    9.3  23:50    4.5    0.0    0.0    0.5    6.5  12:40    354
 28   13.7   21.2  13:55    8.3  07:05    4.6    0.0    0.0    0.7    6.5  09:45     16
 29   15.1   23.1  14:20    9.6  02:20    3.2    0.0    0.0    0.8   10.1  15:20     60
 30   15.1   23.8  14:30    9.6  05:50    3.2    0.0    0.0    0.4    8.6  13:55    295
---------------------------------------------------------------------------------------
      16.9   29.2     04    6.4     21   64.8   22.6   59.6    0.8   11.9     05    292
    
Tropske noči (Tmin >= 20): 0
Vroči dnevi (Tmax >= 30): 0
Topli dnevi (Tmax >= 25): 13
Hladni dnevi (Tmin < 0): 0
Ledeni dnevi (Tmax < 0): 0