Vremenska postaja Sladki Vrh

46.691233 N| 15.767722 E| 326 meters | Prikaži na zemljevidu

Vreme na kratko
18.9°C 83% 1008.0 mbar 0 km/h 0 km/h 0.0 mm
0.3°C/h 0%/h -0.0 mbar/h N/A ( N/A) N/A ( N/A) 0.0 mm/h

03/07/20 00:30:00 CEST

Vremenska statistika za 10-2016

Vremenska postaja:LaCrosse WS-2355
Programska oprema:weewx v4.0.0
WeeWX aktiven:17 days, 5 hours, 41 minutes
Strežnik aktiven:17 days, 14 hours, 18 minutes
                   MONTHLY CLIMATOLOGICAL SUMMARY for Oct 2016


NAME: Zgornja Velka, Šentilj                  
ELEV: 326 meters    LAT: 46-41.47 N    LONG: 015-46.07 E


                   TEMPERATURE (°C), RAIN (mm), WIND SPEED (km/h)

                                         HEAT   COOL         AVG
      MEAN                               DEG    DEG          WIND                   DOM
DAY   TEMP   HIGH   TIME    LOW   TIME   DAYS   DAYS   RAIN  SPEED   HIGH   TIME    DIR
---------------------------------------------------------------------------------------
 01   15.5   24.5  14:10    9.0  07:40    2.8    0.0    0.0    0.4    7.9  23:10     73
 02   12.8   15.2  17:40    9.4  04:50    5.5    0.0    0.5    0.4    8.6  12:20    284
 03   11.8   16.4  14:25    7.2  23:15    6.6    0.0    4.7    0.7   10.4  02:35    299
 04    8.8   12.4  11:05    4.4  07:05    9.6    0.0    2.1    0.8   15.5  22:35    274
 05    7.9   12.8  12:35    2.3  23:25   10.5    0.0    0.0    3.2   30.2  16:25    273
 06    7.2   15.6  13:45    0.8  05:25   11.1    0.0    0.0    0.3    7.6  19:00     27
 07    7.5    9.6  14:25    4.9  23:10   10.8    0.0    0.0    0.2    5.0  16:05     57
 08    7.5   13.6  13:50    2.7  03:30   10.8    0.0    0.0    0.6    5.8  22:40    299
 09    8.1   13.3  12:55    3.7  23:30   10.2    0.0    0.0    0.4    9.4  13:25     43
 10    6.0   10.1  14:20    3.0  04:45   12.4    0.0   14.0    0.6    6.5  12:35    288
 11    5.7    8.2  15:30    2.2  00:00   12.7    0.0    4.2    1.2    7.9  09:50    273
 12    5.9   13.0  13:50    1.3  01:20   12.4    0.0    0.0    1.1   10.8  13:10    276
 13    5.8   11.9  13:15    0.6  07:00   12.6    0.0    0.0    0.7    9.4  14:15     40
 14    9.9   14.3  13:55    6.4  07:40    8.4    0.0    0.0    0.7    7.6  12:10    125
 15   10.3   13.1  11:30    7.9  07:15    8.0    0.0    2.1    0.7    8.3  11:45     27
 16   11.3   17.8  13:45    7.1  07:30    7.1    0.0    0.0    0.6    8.3  12:20      6
 17   12.1   16.3  15:45    9.7  01:00    6.2    0.0    0.0    0.8    9.4  23:20    298
 18    8.5   11.9  00:05    7.3  10:20    9.8    0.0    0.5    0.9    9.0  06:35     62
 19    8.9   10.4  14:15    7.8  01:35    9.4    0.0    6.7    0.4    5.0  20:45     54
 20    7.2    8.7  00:05    6.1  22:05   11.2    0.0   13.0    1.1    9.0  09:15    287
 21    6.5    8.9  16:10    3.8  20:55   11.9    0.0    6.2    0.7    8.3  12:55    281
 22    5.5   11.9  13:35    0.9  08:05   12.8    0.0    0.0    0.9   18.4  14:10    256
 23    7.2   13.3  15:20    3.0  00:45   11.1    0.0    0.0    1.1   12.2  14:40    105
 24   12.2   16.6  16:00    7.8  04:55    6.1    0.0    0.0    1.6    5.4  15:40     95
 25   16.5   22.6  13:35   13.6  05:30    1.8    0.0    8.8    1.3   11.5  16:35    101
 26   12.7   14.4  15:05    9.9  23:35    5.7    0.0    4.7    0.5    6.5  08:30     72
 27    9.2   11.8  13:30    5.8  00:00    9.2    0.0    0.0    0.3    7.2  12:35     67
 28    5.9   10.9  13:25    2.2  08:00   12.4    0.0    0.0    0.4    7.9  13:05     65
 29    8.5   15.9  13:45    3.8  00:50    9.8    0.0    0.0    0.4    4.7  13:45    290
 30    6.8   12.7  14:25    2.2  06:40   11.5    0.0    0.0    0.6    7.2  15:35    313
 31    4.4   10.5  13:00    0.8  06:50   13.9    0.0    0.0    0.5    9.4  12:40    295
---------------------------------------------------------------------------------------
       8.8   24.5     01    0.6     13  294.2    0.0   67.3    0.8   30.2     05    304
    
Tropske noči (Tmin >= 20): 0
Vroči dnevi (Tmax >= 30): 0
Topli dnevi (Tmax >= 25): 0
Hladni dnevi (Tmin < 0): 0
Ledeni dnevi (Tmax < 0): 0