Vremenska postaja Sladki Vrh

46.691233 N| 15.767722 E| 326 meters | Prikaži na zemljevidu

Vreme na kratko
18.4°C 83% 1008.0 mbar 0 km/h 0 km/h 0.5 mm
-0.7°C/h 2%/h 0.2 mbar/h N/A ( N/A) N/A ( N/A) 0.0 mm/h

02/07/20 23:45:00 CEST

Vremenska statistika za 11-2016

Vremenska postaja:LaCrosse WS-2355
Programska oprema:weewx v4.0.0
WeeWX aktiven:17 days, 4 hours, 56 minutes
Strežnik aktiven:17 days, 13 hours, 33 minutes
                   MONTHLY CLIMATOLOGICAL SUMMARY for Nov 2016


NAME: Zgornja Velka, Šentilj                  
ELEV: 326 meters    LAT: 46-41.47 N    LONG: 015-46.07 E


                   TEMPERATURE (°C), RAIN (mm), WIND SPEED (km/h)

                                         HEAT   COOL         AVG
      MEAN                               DEG    DEG          WIND                   DOM
DAY   TEMP   HIGH   TIME    LOW   TIME   DAYS   DAYS   RAIN  SPEED   HIGH   TIME    DIR
---------------------------------------------------------------------------------------
 01    6.1   12.7  12:45    1.3  07:35   12.3    0.0    0.0    0.4    9.7  14:25    302
 02    8.4   16.7  12:50    2.7  04:45    9.9    0.0    1.0    0.5   10.8  12:15     65
 03    6.4   10.9  12:30    1.8  23:50   11.9    0.0    1.0    1.3   12.2  11:05     88
 04    2.6    9.0  12:40   -0.6  06:35   15.7    0.0    0.0    0.7   19.1  12:20    106
 05    4.5   12.2  23:15   -1.5  07:00   13.8    0.0    0.0    0.9   11.9  15:20    197
 06   10.0   15.4  12:50    3.9  00:00    8.4    0.0   22.3    2.1   21.2  18:45    252
 07    4.6    6.3  13:20    2.8  03:35   13.7    0.0    1.6    0.8   11.2  00:30    133
 08    1.9    4.4  00:10    0.5  14:05   16.4    0.0    2.1    0.9    6.5  14:10    282
 09    1.5    5.4  12:50   -0.1  06:35   16.9    0.0    0.0    1.4   10.8  06:15    291
 10    2.9    8.3  14:40    0.4  00:05   15.4    0.0    0.0    0.4   11.2  12:15     72
 11    2.5    4.9  19:15   -0.4  07:20   15.8    0.0   10.4    0.7   11.2  22:40    295
 12    2.4    5.0  16:05   -1.5  23:50   15.9    0.0   10.4    2.8   14.4  03:20    274
 13   -0.2    4.5  12:40   -3.7  06:10   18.5    0.0    0.0    0.6    8.3  13:35     33
 14   -0.9    3.6  12:45   -4.3  06:15   19.2    0.0    0.0    0.5    7.9  16:50      7
 15   -1.1    3.6  13:30   -5.4  07:25   19.5    0.0    0.0    1.3   12.6  12:35    121
 16    2.2    4.9  15:00   -0.2  00:05   16.2    0.0    0.0    0.3    4.7  12:45     61
 17    4.0    7.7  14:30    2.1  03:20   14.3    0.0    0.0    0.6    6.8  12:10    296
 18    9.6   14.3  10:30    0.5  04:05    8.7    0.0    0.0    4.1   10.8  12:10    140
 19   11.7   15.3  12:40    8.4  23:55    6.7    0.0    3.1    2.5   11.2  15:10    133
 20    8.1   10.7  23:30    6.1  21:50   10.2    0.0    0.0    1.2   10.4  20:10    284
 21   11.1   15.2  13:55    4.9  05:25    7.2    0.0    0.0    3.3   12.6  12:55    141
 22   12.4   16.9  12:55    8.6  01:55    6.0    0.0    0.0    4.1   13.7  13:45    132
 23    7.7    9.6  00:05    5.3  07:10   10.7    0.0    0.0    1.9    7.6  11:55    260
 24    7.3    8.7  14:55    5.1  07:45   11.0    0.0    0.0    1.1    7.6  12:15    284
 25    7.1    8.0  00:05    6.8  21:15   11.2    0.0    0.0    0.2    3.6  07:45     64
 26    7.2    7.9  14:35    6.6  08:10   11.2    0.0    0.0    0.2    4.7  12:55    337
 27    6.7    8.1  13:25    4.7  00:00   11.7    0.0    0.0    0.8    7.6  10:05     98
 28    1.7    4.6  00:05   -2.7  20:15   16.6    0.0    0.0    1.4   12.6  10:55    343
 29   -2.6    1.9  12:55   -5.7  23:20   20.9    0.0    0.0    0.7   10.8  13:15    281
 30   -2.8    2.5  14:00   -6.5  03:20   21.1    0.0    0.0    0.4    5.0  11:05    285
---------------------------------------------------------------------------------------
       4.8   16.9     22   -6.5     30  406.9    0.0   51.8    1.3   21.2     06    149
    
Tropske noči (Tmin >= 20): 0
Vroči dnevi (Tmax >= 30): 0
Topli dnevi (Tmax >= 25): 0
Hladni dnevi (Tmin < 0): 0
Ledeni dnevi (Tmax < 0): 12