Vremenska postaja Sladki Vrh

46.691233 N| 15.767722 E| 326 meters | Prikaži na zemljevidu

Vreme na kratko
19.1°C 83% 1007.8 mbar 0 km/h 0 km/h 0.0 mm
0.7°C/h 0%/h -0.2 mbar/h N/A ( N/A) N/A ( N/A) 0.0 mm/h

03/07/20 00:45:00 CEST

Vremenska statistika za 12-2016

Vremenska postaja:LaCrosse WS-2355
Programska oprema:weewx v4.0.0
WeeWX aktiven:17 days, 5 hours, 56 minutes
Strežnik aktiven:17 days, 14 hours, 33 minutes
                   MONTHLY CLIMATOLOGICAL SUMMARY for Dec 2016


NAME: Zgornja Velka, Šentilj                  
ELEV: 326 meters    LAT: 46-41.47 N    LONG: 015-46.07 E


                   TEMPERATURE (°C), RAIN (mm), WIND SPEED (km/h)

                                         HEAT   COOL         AVG
      MEAN                               DEG    DEG          WIND                   DOM
DAY   TEMP   HIGH   TIME    LOW   TIME   DAYS   DAYS   RAIN  SPEED   HIGH   TIME    DIR
---------------------------------------------------------------------------------------
 01   -1.4    4.1  14:00   -4.1  04:25   19.7    0.0    0.0    0.4    5.0  11:55    293
 02    1.3   10.2  13:40   -3.4  05:15   17.0    0.0    0.0    1.3   18.7  13:30    342
 03    0.3    3.9  14:00   -3.3  07:40   18.1    0.0    0.0    0.8    9.4  13:55     91
 04   -2.1    1.9  14:00   -5.1  07:00   20.4    0.0    0.0    0.3    5.4  12:55    299
 05   -1.4    2.2  13:55   -4.1  00:00   19.7    0.0    0.0    0.2    4.7  10:40     37
 06   -2.5    1.9  14:15   -5.5  06:00   20.9    0.0    0.0    0.8    8.3  15:30     85
 07   -2.1   -0.6  12:35   -3.1  00:30   20.4    0.0    0.0    0.5    7.9  01:10    289
 08   -2.5   -1.1  14:10   -3.6  08:20   20.8    0.0    0.0    0.1    3.2  00:30     57
 09   -1.4    2.7  15:00   -4.5  08:30   19.7    0.0    0.0    0.2    5.0  04:30    274
 10    0.6    6.8  12:50   -2.8  06:20   17.7    0.0    0.0    0.4    4.0  12:50    306
 11    1.6    8.6  14:10   -2.1  07:15   16.8    0.0    0.0    0.8    6.8  10:40    329
 12    4.1   10.5  14:00   -0.2  00:05   14.2    0.0    0.0    1.7   24.1  16:15    293
 13   -0.0    2.9  00:15   -3.1  18:45   18.4    0.0    0.0    1.3   10.4  02:50     88
 14   -0.0    3.8  14:05   -3.8  03:15   18.4    0.0    0.0    0.4    5.8  05:35    323
 15   -0.4    1.2  00:10   -1.9  03:55   18.8    0.0    0.0    0.3    5.0  00:25     72
 16   -2.4    0.2  18:05   -3.9  23:20   20.8    0.0    0.0    0.8    5.0  22:45     88
 17   -3.1    1.2  14:15   -6.4  07:35   21.4    0.0    0.0    0.4    7.6  12:45    283
 18   -2.5    1.5  14:15   -5.5  08:35   20.9    0.0    0.0    0.7    6.1  16:05     54
 19   -1.7   -0.7  14:25   -2.6  00:25   20.1    0.0    0.0    0.5    5.8  03:50     54
 20   -2.5   -1.7  00:05   -3.6  22:00   20.8    0.0    0.0    1.3    7.2  17:40     54
 21   -3.7   -3.3  00:35   -4.1  05:50   22.1    0.0    0.0    1.0    5.4  14:00     54
 22   -3.8   -3.1  14:25   -4.4  05:45   22.1    0.0    0.0    0.5    6.1  02:05     54
 23   -3.2   -2.1  13:40   -3.9  02:00   21.5    0.0    0.0    0.3    4.7  14:25     54
 24   -2.7   -2.1  12:45   -3.6  07:05   21.0    0.0    0.0    0.5    5.8  18:45     54
 25   -1.2    0.5  14:00   -2.7  00:40   19.5    0.0    0.0    0.5    6.5  23:25     67
 26    0.3    3.9  14:10   -2.2  04:00   18.1    0.0    0.0    0.3    6.1  23:50    350
 27    2.9    8.6  13:00   -1.1  07:30   15.4    0.0    0.0    2.9   28.8  12:50    285
 28    2.1    3.9  12:30   -0.1  08:10   16.2    0.0    0.0    2.2   19.4  22:40     41
 29   -2.3    1.4  13:10   -4.6  21:15   20.6    0.0    0.0    0.9    8.6  00:15    281
 30   -4.7   -4.4  00:05   -5.1  01:25   23.1    0.0    0.0    0.0    1.4  00:40    288
 31   -3.4    1.1  14:45   -7.5  07:35   21.7    0.0    0.0    0.7    5.8  11:30    284
---------------------------------------------------------------------------------------
      -1.1   10.5     12   -7.5     31  606.2    0.0    0.0    0.8   28.8     27      6
    
Tropske noči (Tmin >= 20): 0
Vroči dnevi (Tmax >= 30): 0
Topli dnevi (Tmax >= 25): 0
Hladni dnevi (Tmin < 0): 9
Ledeni dnevi (Tmax < 0): 31